{"id":89081,"date":"2026-04-28T01:59:26","date_gmt":"2026-04-28T07:59:26","guid":{"rendered":"https:\/\/www.veneciacr.com\/index.php\/producto\/masking-tape-1-1-2-x-30-50246-tolsen\/"},"modified":"2026-04-28T01:59:26","modified_gmt":"2026-04-28T07:59:26","slug":"masking-tape-1-1-2-x-30m-50246-tolsen","status":"publish","type":"product","link":"https:\/\/www.veneciacr.com\/index.php\/producto\/masking-tape-1-1-2-x-30m-50246-tolsen\/","title":{"rendered":"MASKING TAPE 1 1\/2&#8243; X 30M 50246 TOLSEN"},"content":{"rendered":"<p><span dir=\"auto\">\u2022 Con excelente resistencia al calor, pegado r\u00e1pido, f\u00e1cil de despegar y retirar, ideal para escribir c\u00f3modamente, suave y delicado.<\/span><br \/>\n<span dir=\"auto\">\u2022 No deja residuos al retirarlo.<\/span><br \/>\n<span dir=\"auto\">\u2022 Ideal para protecci\u00f3n de superficies, pulverizaci\u00f3n de polvo, acabado horneado y aplicaci\u00f3n de enmascaramiento de pintura.<\/span><br \/>\n<span dir=\"auto\">\u2022 Empaque: retractilado con papel de color.<\/span><\/p>\n","protected":false},"excerpt":{"rendered":"<p>\u2022 Con excelente resistencia al calor, pegado r\u00e1pido, f\u00e1cil de despegar y retirar, ideal para escribir c\u00f3modamente, suave y delicado.<\/p>\n","protected":false},"featured_media":89082,"comment_status":"closed","ping_status":"open","template":"","meta":[],"product_brand":[],"product_cat":[15],"product_tag":[],"class_list":{"0":"post-89081","1":"product","2":"type-product","3":"status-publish","4":"has-post-thumbnail","6":"product_cat-uncategorized","8":"first","9":"instock","10":"purchasable","11":"product-type-simple"},"jetpack_sharing_enabled":true,"_links":{"self":[{"href":"https:\/\/www.veneciacr.com\/index.php\/wp-json\/wp\/v2\/product\/89081","targetHints":{"allow":["GET"]}}],"collection":[{"href":"https:\/\/www.veneciacr.com\/index.php\/wp-json\/wp\/v2\/product"}],"about":[{"href":"https:\/\/www.veneciacr.com\/index.php\/wp-json\/wp\/v2\/types\/product"}],"replies":[{"embeddable":true,"href":"https:\/\/www.veneciacr.com\/index.php\/wp-json\/wp\/v2\/comments?post=89081"}],"wp:featuredmedia":[{"embeddable":true,"href":"https:\/\/www.veneciacr.com\/index.php\/wp-json\/wp\/v2\/media\/89082"}],"wp:attachment":[{"href":"https:\/\/www.veneciacr.com\/index.php\/wp-json\/wp\/v2\/media?parent=89081"}],"wp:term":[{"taxonomy":"product_brand","embeddable":true,"href":"https:\/\/www.veneciacr.com\/index.php\/wp-json\/wp\/v2\/product_brand?post=89081"},{"taxonomy":"product_cat","embeddable":true,"href":"https:\/\/www.veneciacr.com\/index.php\/wp-json\/wp\/v2\/product_cat?post=89081"},{"taxonomy":"product_tag","embeddable":true,"href":"https:\/\/www.veneciacr.com\/index.php\/wp-json\/wp\/v2\/product_tag?post=89081"}],"curies":[{"name":"wp","href":"https:\/\/api.w.org\/{rel}","templated":true}]}}