{"id":88962,"date":"2026-05-10T02:11:26","date_gmt":"2026-05-10T08:11:26","guid":{"rendered":"https:\/\/www.veneciacr.com\/index.php\/producto\/silicon-trans-rtv-71g-34204-66br-70ml-loctite\/"},"modified":"2026-05-10T02:11:27","modified_gmt":"2026-05-10T08:11:27","slug":"silicon-trans-rtv-70ml-285952-loctite","status":"publish","type":"product","link":"https:\/\/www.veneciacr.com\/index.php\/producto\/silicon-trans-rtv-70ml-285952-loctite\/","title":{"rendered":"SILICON TRANS RTV 70ML 285952 LOCTITE"},"content":{"rendered":"<article>Silic\u00f3n dise\u00f1ado para aportar propiedades de uni\u00f3n y sellado \u00f3ptimas, en la mayor\u00eda de los sustratos (no es recomendable para hormig\u00f3n). Este producto resiste el envejecimiento, la intemperie y los ciclos t\u00e9rmicos, sin endurecer, contraerse o agrietarse. Ha sido formulado para soportar ciclos de temperaturas extremas, luz UV y ozono. La naturaleza tixotr\u00f3pica del reduce la migraci\u00f3n del producto l\u00edquido tras su aplicaci\u00f3n sobre el sustrato.<br \/>\n\u25baExcelente resistencia medio ambiental<br \/>\n\u25baViscosidad media<br \/>\n\u25baRellena, recubre y sella<\/article>\n","protected":false},"excerpt":{"rendered":"<p>Silic\u00f3n dise\u00f1ado para aportar propiedades de uni\u00f3n y sellado \u00f3ptimas, en la mayor\u00eda de los sustratos (no es recomendable para<\/p>\n","protected":false},"featured_media":88963,"comment_status":"closed","ping_status":"open","template":"","meta":[],"product_brand":[],"product_cat":[15],"product_tag":[],"class_list":{"0":"post-88962","1":"product","2":"type-product","3":"status-publish","4":"has-post-thumbnail","6":"product_cat-uncategorized","8":"first","9":"instock","10":"purchasable","11":"product-type-simple"},"jetpack_sharing_enabled":true,"_links":{"self":[{"href":"https:\/\/www.veneciacr.com\/index.php\/wp-json\/wp\/v2\/product\/88962","targetHints":{"allow":["GET"]}}],"collection":[{"href":"https:\/\/www.veneciacr.com\/index.php\/wp-json\/wp\/v2\/product"}],"about":[{"href":"https:\/\/www.veneciacr.com\/index.php\/wp-json\/wp\/v2\/types\/product"}],"replies":[{"embeddable":true,"href":"https:\/\/www.veneciacr.com\/index.php\/wp-json\/wp\/v2\/comments?post=88962"}],"wp:featuredmedia":[{"embeddable":true,"href":"https:\/\/www.veneciacr.com\/index.php\/wp-json\/wp\/v2\/media\/88963"}],"wp:attachment":[{"href":"https:\/\/www.veneciacr.com\/index.php\/wp-json\/wp\/v2\/media?parent=88962"}],"wp:term":[{"taxonomy":"product_brand","embeddable":true,"href":"https:\/\/www.veneciacr.com\/index.php\/wp-json\/wp\/v2\/product_brand?post=88962"},{"taxonomy":"product_cat","embeddable":true,"href":"https:\/\/www.veneciacr.com\/index.php\/wp-json\/wp\/v2\/product_cat?post=88962"},{"taxonomy":"product_tag","embeddable":true,"href":"https:\/\/www.veneciacr.com\/index.php\/wp-json\/wp\/v2\/product_tag?post=88962"}],"curies":[{"name":"wp","href":"https:\/\/api.w.org\/{rel}","templated":true}]}}