{"id":88954,"date":"2026-04-21T06:07:56","date_gmt":"2026-04-21T12:07:56","guid":{"rendered":"https:\/\/www.veneciacr.com\/index.php\/producto\/fijador-roscas-rojo-50ml-271-loctite\/"},"modified":"2026-04-21T06:07:57","modified_gmt":"2026-04-21T12:07:57","slug":"fijador-roscas-rojo-50ml-271-loctite","status":"publish","type":"product","link":"https:\/\/www.veneciacr.com\/index.php\/producto\/fijador-roscas-rojo-50ml-271-loctite\/","title":{"rendered":"FIJADOR ROSCAS ROJO 50ML 271 LOCTITE"},"content":{"rendered":"<div class=\"product__features\">Fijador de roscas en base metacrilato, de color rojo, de alta resistencia media y baja viscosidad. Fluorescencia: positivo bajo luz UV.<\/div>\n<div class=\"product__descriptionText\" data-original-html=\"LOCTITE\u00ae 271 es un fijador de roscas rojo, de alta resistencia y baja viscosidad, en base metacrilato. Con un tiempo de fijaci\u00f3n de 10 minutos en acero, 5 minutos en lat\u00f3n y 15 minutos en acero inoxidable, es ideal para aplicaciones donde hay que evitar la migraci\u00f3n de adhesivo. Puede tolerar ligeras contaminaciones de aceites industriales. Adecuado para todo tipo de conexiones roscadas de metal. Par de rotura en torniller\u00eda de M10: 26 Nm Fluorescencia: positivo bajo luz UV.\">LOCTITE\u00ae 271 es un fijador de roscas rojo, de alta resistencia y baja viscosidad, en base metacrilato. Con un tiempo de fijaci\u00f3n de 10 minutos en acero, 5 minutos en lat\u00f3n y 15 minutos en acero inoxidable, es ideal para aplicaciones donde hay que evitar la migraci\u00f3n de adhesivo. Puede tolerar ligeras contaminaciones de aceites industriales. Adecuado para todo tipo de conexiones roscadas de metal. Par de rotura en torniller\u00eda de M10: 26 Nm Fluorescencia: positivo bajo luz UV.<\/div>\n<div class=\"product__benefitsList\">\n<ul>\n<li>Evita movimientos indeseados, el aflojamiento, las fugas y la corrosi\u00f3n<\/li>\n<li>Baja viscosidad<\/li>\n<li>Fluorescencia: positivo bajo luz UV<\/li>\n<li>Alta resistencia<\/li>\n<li>Sella roscas, permite realizar agujeros pasantes<\/li>\n<li>Resiste las vibraciones<\/li>\n<\/ul>\n<\/div>\n","protected":false},"excerpt":{"rendered":"<p>Fijador de roscas en base metacrilato, de color rojo, de alta resistencia media y baja viscosidad. Fluorescencia: positivo bajo luz<\/p>\n","protected":false},"featured_media":88955,"comment_status":"closed","ping_status":"open","template":"","meta":[],"product_brand":[],"product_cat":[15],"product_tag":[],"class_list":{"0":"post-88954","1":"product","2":"type-product","3":"status-publish","4":"has-post-thumbnail","6":"product_cat-uncategorized","8":"first","9":"instock","10":"purchasable","11":"product-type-simple"},"jetpack_sharing_enabled":true,"_links":{"self":[{"href":"https:\/\/www.veneciacr.com\/index.php\/wp-json\/wp\/v2\/product\/88954","targetHints":{"allow":["GET"]}}],"collection":[{"href":"https:\/\/www.veneciacr.com\/index.php\/wp-json\/wp\/v2\/product"}],"about":[{"href":"https:\/\/www.veneciacr.com\/index.php\/wp-json\/wp\/v2\/types\/product"}],"replies":[{"embeddable":true,"href":"https:\/\/www.veneciacr.com\/index.php\/wp-json\/wp\/v2\/comments?post=88954"}],"wp:featuredmedia":[{"embeddable":true,"href":"https:\/\/www.veneciacr.com\/index.php\/wp-json\/wp\/v2\/media\/88955"}],"wp:attachment":[{"href":"https:\/\/www.veneciacr.com\/index.php\/wp-json\/wp\/v2\/media?parent=88954"}],"wp:term":[{"taxonomy":"product_brand","embeddable":true,"href":"https:\/\/www.veneciacr.com\/index.php\/wp-json\/wp\/v2\/product_brand?post=88954"},{"taxonomy":"product_cat","embeddable":true,"href":"https:\/\/www.veneciacr.com\/index.php\/wp-json\/wp\/v2\/product_cat?post=88954"},{"taxonomy":"product_tag","embeddable":true,"href":"https:\/\/www.veneciacr.com\/index.php\/wp-json\/wp\/v2\/product_tag?post=88954"}],"curies":[{"name":"wp","href":"https:\/\/api.w.org\/{rel}","templated":true}]}}