{"id":8884,"date":"2026-04-21T04:19:06","date_gmt":"2026-04-21T10:19:06","guid":{"rendered":"https:\/\/www.veneciacr.com\/index.php\/product\/butaco-pequeno-beige-4806-rimax\/"},"modified":"2026-04-21T04:19:08","modified_gmt":"2026-04-21T10:19:08","slug":"butaco-pequeno-beige-4806-rimax","status":"publish","type":"product","link":"https:\/\/www.veneciacr.com\/index.php\/producto\/butaco-pequeno-beige-4806-rimax\/","title":{"rendered":"BUTACO PEQUENO BEIGE 4806 RIMAX"},"content":{"rendered":"<p>El Butaco Peque\u00f1o Rimax es un taburete compacto de alta durabilidad, ideal para su uso en el hogar y en espacios reducidos. Su dise\u00f1o ergon\u00f3mico y resistente est\u00e1 fabricado con materiales de primera calidad que garantizan una larga vida \u00fatil. Este pr\u00e1ctico butaco es perfecto para alcanzar objetos en estantes altos, realizar trabajos de mantenimiento o simplemente para utilizarlo como asiento adicional en cualquier momento. Disponible en varios colores modernos, se integra f\u00e1cilmente en cualquier decoraci\u00f3n y es muy f\u00e1cil de limpiar.<\/p>\n<p>Beneficios<\/p>\n<p>Durabilidad<br \/>\nVersatilidad<br \/>\nErgonom\u00eda<br \/>\nLigereza<br \/>\nEstabilidad<\/p>\n<div class=\"item\">\n<div class=\"icon\"><img data-recalc-dims=\"1\" decoding=\"async\" src=\"https:\/\/i0.wp.com\/rimax.vtexassets.com\/assets\/vtex.file-manager-graphql\/images\/20a8ef09-4628-4f33-b089-c729712ac9d8___39f2ce4cc1b8a1a426714546da17640a.png?ssl=1\" \/><\/div>\n<div class=\"label\">Profundidad:<\/div>\n<div class=\"value\">33.7 cm<\/div>\n<\/div>\n<div class=\"item\">\n<div class=\"icon\"><img data-recalc-dims=\"1\" decoding=\"async\" src=\"https:\/\/i0.wp.com\/rimax.vtexassets.com\/assets\/vtex.file-manager-graphql\/images\/89140313-ba0e-4899-b87f-10c61acbb93b___a4ada81defda5ae003a1735777f25827.png?ssl=1\" \/><\/div>\n<div class=\"label\">Ancho:<\/div>\n<div class=\"value\">52.5 cm<\/div>\n<\/div>\n<div class=\"item\">\n<div class=\"icon\"><img data-recalc-dims=\"1\" decoding=\"async\" src=\"https:\/\/i0.wp.com\/rimax.vtexassets.com\/assets\/vtex.file-manager-graphql\/images\/95e69b5c-83a9-41cc-881b-57aab4313841___93373653fbc377fc8d2bec409e472a8e.png?ssl=1\" \/><\/div>\n<div class=\"label\">Altura:<\/div>\n<div class=\"value\">19.8 cm<\/div>\n<\/div>\n","protected":false},"excerpt":{"rendered":"<p>El Butaco Peque\u00f1o Rimax es un taburete compacto de alta durabilidad, ideal para su uso en el hogar y en<\/p>\n","protected":false},"featured_media":76848,"comment_status":"closed","ping_status":"open","template":"","meta":[],"product_brand":[],"product_cat":[131],"product_tag":[],"class_list":{"0":"post-8884","1":"product","2":"type-product","3":"status-publish","4":"has-post-thumbnail","6":"product_cat-hogar","8":"first","9":"instock","10":"purchasable","11":"product-type-simple"},"jetpack_sharing_enabled":true,"_links":{"self":[{"href":"https:\/\/www.veneciacr.com\/index.php\/wp-json\/wp\/v2\/product\/8884","targetHints":{"allow":["GET"]}}],"collection":[{"href":"https:\/\/www.veneciacr.com\/index.php\/wp-json\/wp\/v2\/product"}],"about":[{"href":"https:\/\/www.veneciacr.com\/index.php\/wp-json\/wp\/v2\/types\/product"}],"replies":[{"embeddable":true,"href":"https:\/\/www.veneciacr.com\/index.php\/wp-json\/wp\/v2\/comments?post=8884"}],"wp:featuredmedia":[{"embeddable":true,"href":"https:\/\/www.veneciacr.com\/index.php\/wp-json\/wp\/v2\/media\/76848"}],"wp:attachment":[{"href":"https:\/\/www.veneciacr.com\/index.php\/wp-json\/wp\/v2\/media?parent=8884"}],"wp:term":[{"taxonomy":"product_brand","embeddable":true,"href":"https:\/\/www.veneciacr.com\/index.php\/wp-json\/wp\/v2\/product_brand?post=8884"},{"taxonomy":"product_cat","embeddable":true,"href":"https:\/\/www.veneciacr.com\/index.php\/wp-json\/wp\/v2\/product_cat?post=8884"},{"taxonomy":"product_tag","embeddable":true,"href":"https:\/\/www.veneciacr.com\/index.php\/wp-json\/wp\/v2\/product_tag?post=8884"}],"curies":[{"name":"wp","href":"https:\/\/api.w.org\/{rel}","templated":true}]}}