{"id":88472,"date":"2026-04-21T02:54:36","date_gmt":"2026-04-21T08:54:36","guid":{"rendered":"https:\/\/www.veneciacr.com\/index.php\/producto\/set-reparacion-electronica-77pzs-jgo-tel-77-truper\/"},"modified":"2026-04-21T02:54:38","modified_gmt":"2026-04-21T08:54:38","slug":"set-reparacion-electronica-77pzs-jgo-tel-77-truper","status":"publish","type":"product","link":"https:\/\/www.veneciacr.com\/index.php\/producto\/set-reparacion-electronica-77pzs-jgo-tel-77-truper\/","title":{"rendered":"SET REPARACION ELECTRONICA 77PZS JGO-TEL-77 TRUPER"},"content":{"rendered":"<p>Juego de 77 piezas para reparaci\u00f3n de electr\u00f3nica, Truper<br \/>\nPuntas de acero al cromo vanadio 2X m\u00e1s resistente al desgaste que el acero al carbono<br \/>\nCabeza giratoria<br \/>\nMango Comfort Grip<br \/>\nCon estuche para proteger y guardar las herramientas<br \/>\nPara dispositivos inteligentes y de electr\u00f3nica<\/p>\n<p>Especificaciones<br \/>\nContenido 77 piezas<br \/>\nEmpaque individual Bl\u00edster<\/p>\n","protected":false},"excerpt":{"rendered":"<p>Juego de 77 piezas para reparaci\u00f3n de electr\u00f3nica, Truper Puntas de acero al cromo vanadio 2X m\u00e1s resistente al desgaste<\/p>\n","protected":false},"featured_media":88772,"comment_status":"closed","ping_status":"open","template":"","meta":[],"product_brand":[],"product_cat":[15],"product_tag":[],"class_list":{"0":"post-88472","1":"product","2":"type-product","3":"status-publish","4":"has-post-thumbnail","6":"product_cat-uncategorized","8":"first","9":"instock","10":"purchasable","11":"product-type-simple"},"jetpack_sharing_enabled":true,"_links":{"self":[{"href":"https:\/\/www.veneciacr.com\/index.php\/wp-json\/wp\/v2\/product\/88472","targetHints":{"allow":["GET"]}}],"collection":[{"href":"https:\/\/www.veneciacr.com\/index.php\/wp-json\/wp\/v2\/product"}],"about":[{"href":"https:\/\/www.veneciacr.com\/index.php\/wp-json\/wp\/v2\/types\/product"}],"replies":[{"embeddable":true,"href":"https:\/\/www.veneciacr.com\/index.php\/wp-json\/wp\/v2\/comments?post=88472"}],"wp:featuredmedia":[{"embeddable":true,"href":"https:\/\/www.veneciacr.com\/index.php\/wp-json\/wp\/v2\/media\/88772"}],"wp:attachment":[{"href":"https:\/\/www.veneciacr.com\/index.php\/wp-json\/wp\/v2\/media?parent=88472"}],"wp:term":[{"taxonomy":"product_brand","embeddable":true,"href":"https:\/\/www.veneciacr.com\/index.php\/wp-json\/wp\/v2\/product_brand?post=88472"},{"taxonomy":"product_cat","embeddable":true,"href":"https:\/\/www.veneciacr.com\/index.php\/wp-json\/wp\/v2\/product_cat?post=88472"},{"taxonomy":"product_tag","embeddable":true,"href":"https:\/\/www.veneciacr.com\/index.php\/wp-json\/wp\/v2\/product_tag?post=88472"}],"curies":[{"name":"wp","href":"https:\/\/api.w.org\/{rel}","templated":true}]}}