{"id":88402,"date":"2026-04-21T02:54:48","date_gmt":"2026-04-21T08:54:48","guid":{"rendered":"https:\/\/www.veneciacr.com\/index.php\/producto\/cordon-p-lente-seguridad-cor-ls-truper\/"},"modified":"2026-04-21T02:54:49","modified_gmt":"2026-04-21T08:54:49","slug":"cordon-para-lente-seguridad-cor-ls-truper","status":"publish","type":"product","link":"https:\/\/www.veneciacr.com\/index.php\/producto\/cordon-para-lente-seguridad-cor-ls-truper\/","title":{"rendered":"CORDON PARA LENTE SEGURIDAD COR-LS TRUPER"},"content":{"rendered":"<p>Cord\u00f3n fabricado de nylon y elastano con refuerzo central de polietileno<br \/>\nSujetador de lentes en los extremos<br \/>\nC\u00f3modo<br \/>\nLavable<br \/>\nSe ajusta a la mayor\u00eda de los armazones de tama\u00f1o est\u00e1ndar<\/p>\n<p>ESPECIFICACIONES<br \/>\nLargo del cord\u00f3n: 55 cm<br \/>\nEmpaque individual: Bolsa<\/p>\n","protected":false},"excerpt":{"rendered":"<p>Cord\u00f3n fabricado de nylon y elastano con refuerzo central de polietileno Sujetador de lentes en los extremos C\u00f3modo Lavable Se<\/p>\n","protected":false},"featured_media":88403,"comment_status":"closed","ping_status":"open","template":"","meta":[],"product_brand":[],"product_cat":[23,88],"product_tag":[],"class_list":{"0":"post-88402","1":"product","2":"type-product","3":"status-publish","4":"has-post-thumbnail","6":"product_cat-herramientas","7":"product_cat-proteccion-y-seguridad","9":"first","10":"instock","11":"purchasable","12":"product-type-simple"},"jetpack_sharing_enabled":true,"_links":{"self":[{"href":"https:\/\/www.veneciacr.com\/index.php\/wp-json\/wp\/v2\/product\/88402","targetHints":{"allow":["GET"]}}],"collection":[{"href":"https:\/\/www.veneciacr.com\/index.php\/wp-json\/wp\/v2\/product"}],"about":[{"href":"https:\/\/www.veneciacr.com\/index.php\/wp-json\/wp\/v2\/types\/product"}],"replies":[{"embeddable":true,"href":"https:\/\/www.veneciacr.com\/index.php\/wp-json\/wp\/v2\/comments?post=88402"}],"wp:featuredmedia":[{"embeddable":true,"href":"https:\/\/www.veneciacr.com\/index.php\/wp-json\/wp\/v2\/media\/88403"}],"wp:attachment":[{"href":"https:\/\/www.veneciacr.com\/index.php\/wp-json\/wp\/v2\/media?parent=88402"}],"wp:term":[{"taxonomy":"product_brand","embeddable":true,"href":"https:\/\/www.veneciacr.com\/index.php\/wp-json\/wp\/v2\/product_brand?post=88402"},{"taxonomy":"product_cat","embeddable":true,"href":"https:\/\/www.veneciacr.com\/index.php\/wp-json\/wp\/v2\/product_cat?post=88402"},{"taxonomy":"product_tag","embeddable":true,"href":"https:\/\/www.veneciacr.com\/index.php\/wp-json\/wp\/v2\/product_tag?post=88402"}],"curies":[{"name":"wp","href":"https:\/\/api.w.org\/{rel}","templated":true}]}}