{"id":87942,"date":"2026-04-21T03:10:05","date_gmt":"2026-04-21T09:10:05","guid":{"rendered":"https:\/\/www.veneciacr.com\/index.php\/producto\/cortadora-pelo-9314-1708-wahl\/"},"modified":"2026-04-21T03:10:06","modified_gmt":"2026-04-21T09:10:06","slug":"cortadora-pelo-9314-1708-wahl","status":"publish","type":"product","link":"https:\/\/www.veneciacr.com\/index.php\/producto\/cortadora-pelo-9314-1708-wahl\/","title":{"rendered":"CORTADORA PELO 9314-1708 WAHL"},"content":{"rendered":"<p>Cortadora de cabello Color Code Combo 20 Piezas, con todos los accesorios para que cada detalle se haga visible<br \/>\nCuenta con peines gu\u00edas de color que facilitar\u00e1n su uso a la hora de elegir, de forma pr\u00e1ctica, el largo favorito cada vez que cortas el cabello<\/p>\n<p>Adem\u00e1s, sus cuchillas de acero al carbono autoafilantes garantizar\u00e1n un corte preciso. \u00a1Ll\u00e9valo contigo y descubre una nueva imagen!<\/p>\n<p>En la Caja<br \/>\n1x Cortadora de Cabello<br \/>\n1x Recortadora<br \/>\n10x Peines guias<br \/>\n2x Protector de cuchilla<br \/>\n2x Peines de peluquero<br \/>\n1x Tijeras<br \/>\n1x Aceite lubricante<br \/>\n1x Cepillo de limpieza<br \/>\n1x Estuche<\/p>\n","protected":false},"excerpt":{"rendered":"<p>Cortadora de cabello Color Code Combo 20 Piezas, con todos los accesorios para que cada detalle se haga visible Cuenta<\/p>\n","protected":false},"featured_media":87943,"comment_status":"closed","ping_status":"open","template":"","meta":[],"product_brand":[],"product_cat":[152,23],"product_tag":[],"class_list":{"0":"post-87942","1":"product","2":"type-product","3":"status-publish","4":"has-post-thumbnail","6":"product_cat-herramienta-manuales","7":"product_cat-herramientas","9":"first","10":"instock","11":"purchasable","12":"product-type-simple"},"jetpack_sharing_enabled":true,"_links":{"self":[{"href":"https:\/\/www.veneciacr.com\/index.php\/wp-json\/wp\/v2\/product\/87942","targetHints":{"allow":["GET"]}}],"collection":[{"href":"https:\/\/www.veneciacr.com\/index.php\/wp-json\/wp\/v2\/product"}],"about":[{"href":"https:\/\/www.veneciacr.com\/index.php\/wp-json\/wp\/v2\/types\/product"}],"replies":[{"embeddable":true,"href":"https:\/\/www.veneciacr.com\/index.php\/wp-json\/wp\/v2\/comments?post=87942"}],"wp:featuredmedia":[{"embeddable":true,"href":"https:\/\/www.veneciacr.com\/index.php\/wp-json\/wp\/v2\/media\/87943"}],"wp:attachment":[{"href":"https:\/\/www.veneciacr.com\/index.php\/wp-json\/wp\/v2\/media?parent=87942"}],"wp:term":[{"taxonomy":"product_brand","embeddable":true,"href":"https:\/\/www.veneciacr.com\/index.php\/wp-json\/wp\/v2\/product_brand?post=87942"},{"taxonomy":"product_cat","embeddable":true,"href":"https:\/\/www.veneciacr.com\/index.php\/wp-json\/wp\/v2\/product_cat?post=87942"},{"taxonomy":"product_tag","embeddable":true,"href":"https:\/\/www.veneciacr.com\/index.php\/wp-json\/wp\/v2\/product_tag?post=87942"}],"curies":[{"name":"wp","href":"https:\/\/api.w.org\/{rel}","templated":true}]}}