{"id":87842,"date":"2026-04-21T02:55:28","date_gmt":"2026-04-21T08:55:28","guid":{"rendered":"https:\/\/www.veneciacr.com\/index.php\/producto\/teflon-1-x-13m-ctf-1-truper\/"},"modified":"2026-04-21T02:55:29","modified_gmt":"2026-04-21T08:55:29","slug":"teflon-1-x-13m-ctf-1-truper","status":"publish","type":"product","link":"https:\/\/www.veneciacr.com\/index.php\/producto\/teflon-1-x-13m-ctf-1-truper\/","title":{"rendered":"TEFLON 1&#8243; X 13M CTF-1 TRUPER"},"content":{"rendered":"<p>De tefl\u00f3n<br \/>\nNo permite la generaci\u00f3n de hongos y bacterias<br \/>\nGran elasticidad<br \/>\nDe f\u00e1cil colocaci\u00f3n<br \/>\nIdeal para sellar roscas de cobre, lat\u00f3n, acero galvanizado, acero inoxidable, aluminio, PPR, CPVC, PVC, ABS y pl\u00e1sticos en general<\/p>\n<p>ESPECIFICACIONES<br \/>\nColor: Blanco<br \/>\nLargo x Ancho: 7 m x 1&#8243;<br \/>\nEspesor: 0.075 mm<br \/>\nElongaci\u00f3n: 12 %<br \/>\nDensidad: 0.30 g\/cm\u00b3<br \/>\nResistencia a la tensi\u00f3n: 0.90 kg\/mm\u00b2<br \/>\nEmpaque individual: Caja con 10 piezas<\/p>\n","protected":false},"excerpt":{"rendered":"<p>De tefl\u00f3n No permite la generaci\u00f3n de hongos y bacterias Gran elasticidad De f\u00e1cil colocaci\u00f3n Ideal para sellar roscas de<\/p>\n","protected":false},"featured_media":87843,"comment_status":"closed","ping_status":"open","template":"","meta":[],"product_brand":[],"product_cat":[15],"product_tag":[],"class_list":{"0":"post-87842","1":"product","2":"type-product","3":"status-publish","4":"has-post-thumbnail","6":"product_cat-uncategorized","8":"first","9":"instock","10":"purchasable","11":"product-type-simple"},"jetpack_sharing_enabled":true,"_links":{"self":[{"href":"https:\/\/www.veneciacr.com\/index.php\/wp-json\/wp\/v2\/product\/87842","targetHints":{"allow":["GET"]}}],"collection":[{"href":"https:\/\/www.veneciacr.com\/index.php\/wp-json\/wp\/v2\/product"}],"about":[{"href":"https:\/\/www.veneciacr.com\/index.php\/wp-json\/wp\/v2\/types\/product"}],"replies":[{"embeddable":true,"href":"https:\/\/www.veneciacr.com\/index.php\/wp-json\/wp\/v2\/comments?post=87842"}],"wp:featuredmedia":[{"embeddable":true,"href":"https:\/\/www.veneciacr.com\/index.php\/wp-json\/wp\/v2\/media\/87843"}],"wp:attachment":[{"href":"https:\/\/www.veneciacr.com\/index.php\/wp-json\/wp\/v2\/media?parent=87842"}],"wp:term":[{"taxonomy":"product_brand","embeddable":true,"href":"https:\/\/www.veneciacr.com\/index.php\/wp-json\/wp\/v2\/product_brand?post=87842"},{"taxonomy":"product_cat","embeddable":true,"href":"https:\/\/www.veneciacr.com\/index.php\/wp-json\/wp\/v2\/product_cat?post=87842"},{"taxonomy":"product_tag","embeddable":true,"href":"https:\/\/www.veneciacr.com\/index.php\/wp-json\/wp\/v2\/product_tag?post=87842"}],"curies":[{"name":"wp","href":"https:\/\/api.w.org\/{rel}","templated":true}]}}