{"id":87705,"date":"2026-05-06T01:11:03","date_gmt":"2026-05-06T07:11:03","guid":{"rendered":"https:\/\/www.veneciacr.com\/index.php\/producto\/cincha-anillar-pistones-5-co-an-pi-truper\/"},"modified":"2026-05-06T01:11:04","modified_gmt":"2026-05-06T07:11:04","slug":"cincha-anillar-pistones-5-co-an-pi-truper","status":"publish","type":"product","link":"https:\/\/www.veneciacr.com\/index.php\/producto\/cincha-anillar-pistones-5-co-an-pi-truper\/","title":{"rendered":"CINCHA ANILLAR PISTONES 5&#8243; CO-AN-PI TRUPER"},"content":{"rendered":"<p>Ajuste con llave<br \/>\nApertura m\u00e1xima y m\u00ednima<\/p>\n<p>ESPECIFICACIONES<br \/>\nApertura m\u00ednima: 56 mm<br \/>\nApertura m\u00e1xima: 130 mm<br \/>\nAltura del compresor: 76 mm<br \/>\nEmpaque individual: Caja<\/p>\n","protected":false},"excerpt":{"rendered":"<p>Ajuste con llave Apertura m\u00e1xima y m\u00ednima ESPECIFICACIONES Apertura m\u00ednima: 56 mm Apertura m\u00e1xima: 130 mm Altura del compresor: 76<\/p>\n","protected":false},"featured_media":87706,"comment_status":"closed","ping_status":"open","template":"","meta":[],"product_brand":[],"product_cat":[15],"product_tag":[],"class_list":{"0":"post-87705","1":"product","2":"type-product","3":"status-publish","4":"has-post-thumbnail","6":"product_cat-uncategorized","8":"first","9":"instock","10":"purchasable","11":"product-type-simple"},"jetpack_sharing_enabled":true,"_links":{"self":[{"href":"https:\/\/www.veneciacr.com\/index.php\/wp-json\/wp\/v2\/product\/87705","targetHints":{"allow":["GET"]}}],"collection":[{"href":"https:\/\/www.veneciacr.com\/index.php\/wp-json\/wp\/v2\/product"}],"about":[{"href":"https:\/\/www.veneciacr.com\/index.php\/wp-json\/wp\/v2\/types\/product"}],"replies":[{"embeddable":true,"href":"https:\/\/www.veneciacr.com\/index.php\/wp-json\/wp\/v2\/comments?post=87705"}],"wp:featuredmedia":[{"embeddable":true,"href":"https:\/\/www.veneciacr.com\/index.php\/wp-json\/wp\/v2\/media\/87706"}],"wp:attachment":[{"href":"https:\/\/www.veneciacr.com\/index.php\/wp-json\/wp\/v2\/media?parent=87705"}],"wp:term":[{"taxonomy":"product_brand","embeddable":true,"href":"https:\/\/www.veneciacr.com\/index.php\/wp-json\/wp\/v2\/product_brand?post=87705"},{"taxonomy":"product_cat","embeddable":true,"href":"https:\/\/www.veneciacr.com\/index.php\/wp-json\/wp\/v2\/product_cat?post=87705"},{"taxonomy":"product_tag","embeddable":true,"href":"https:\/\/www.veneciacr.com\/index.php\/wp-json\/wp\/v2\/product_tag?post=87705"}],"curies":[{"name":"wp","href":"https:\/\/api.w.org\/{rel}","templated":true}]}}