{"id":86696,"date":"2026-04-21T02:58:42","date_gmt":"2026-04-21T08:58:42","guid":{"rendered":"https:\/\/www.veneciacr.com\/index.php\/producto\/alicate-electricista-9-5-10305-tolsen\/"},"modified":"2026-04-21T02:58:45","modified_gmt":"2026-04-21T08:58:45","slug":"alicate-electricista-9-5-10305-tolsen","status":"publish","type":"product","link":"https:\/\/www.veneciacr.com\/index.php\/producto\/alicate-electricista-9-5-10305-tolsen\/","title":{"rendered":"ALICATE ELECTRICISTA 9.5&#8243; 10305 TOLSEN"},"content":{"rendered":"<p>\u2022Fabricado en acero al cromo vanadio.<br \/>\n\u2022 Agarre acolchado, asas c\u00f3modas.<br \/>\n\u2022Dise\u00f1o de alto apalancamiento para un 47% m\u00e1s de potencia de corte y agarre.<br \/>\n\u2022Cuchillas de corte endurecidas por inducci\u00f3n para una larga vida \u00fatil. \u00daselo para cortar pernos, clavos y muchos calibres de alambre, incluido el alambre de alta resistencia.<br \/>\n\u2022Tir\u00f3n de cinta de pescado.tira de la cinta de pescado de acero plana sin da\u00f1ar la cinta.<br \/>\n\u2022Engarzado de conectores, uso para la mayor\u00eda de los conectores, terminales y terminales de engarzado de cables endurecidos.<br \/>\n\u2022Longitud del cortador: 3\/4\u2033 (19,05 mm)<br \/>\n\u2022Longitud total: 9-1\/2\u2033 (240 mm)<\/p>\n","protected":false},"excerpt":{"rendered":"<p>\u2022Fabricado en acero al cromo vanadio. \u2022 Agarre acolchado, asas c\u00f3modas. \u2022Dise\u00f1o de alto apalancamiento para un 47% m\u00e1s de<\/p>\n","protected":false},"featured_media":97553,"comment_status":"closed","ping_status":"open","template":"","meta":[],"product_brand":[],"product_cat":[152,23],"product_tag":[],"class_list":{"0":"post-86696","1":"product","2":"type-product","3":"status-publish","4":"has-post-thumbnail","6":"product_cat-herramienta-manuales","7":"product_cat-herramientas","9":"first","10":"instock","11":"purchasable","12":"product-type-simple"},"jetpack_sharing_enabled":true,"_links":{"self":[{"href":"https:\/\/www.veneciacr.com\/index.php\/wp-json\/wp\/v2\/product\/86696","targetHints":{"allow":["GET"]}}],"collection":[{"href":"https:\/\/www.veneciacr.com\/index.php\/wp-json\/wp\/v2\/product"}],"about":[{"href":"https:\/\/www.veneciacr.com\/index.php\/wp-json\/wp\/v2\/types\/product"}],"replies":[{"embeddable":true,"href":"https:\/\/www.veneciacr.com\/index.php\/wp-json\/wp\/v2\/comments?post=86696"}],"wp:featuredmedia":[{"embeddable":true,"href":"https:\/\/www.veneciacr.com\/index.php\/wp-json\/wp\/v2\/media\/97553"}],"wp:attachment":[{"href":"https:\/\/www.veneciacr.com\/index.php\/wp-json\/wp\/v2\/media?parent=86696"}],"wp:term":[{"taxonomy":"product_brand","embeddable":true,"href":"https:\/\/www.veneciacr.com\/index.php\/wp-json\/wp\/v2\/product_brand?post=86696"},{"taxonomy":"product_cat","embeddable":true,"href":"https:\/\/www.veneciacr.com\/index.php\/wp-json\/wp\/v2\/product_cat?post=86696"},{"taxonomy":"product_tag","embeddable":true,"href":"https:\/\/www.veneciacr.com\/index.php\/wp-json\/wp\/v2\/product_tag?post=86696"}],"curies":[{"name":"wp","href":"https:\/\/api.w.org\/{rel}","templated":true}]}}