{"id":86386,"date":"2026-04-21T02:59:04","date_gmt":"2026-04-21T08:59:04","guid":{"rendered":"https:\/\/www.veneciacr.com\/index.php\/producto\/compresor-13-galon-2-5hp-comp-50lt-truper\/"},"modified":"2026-04-21T02:59:05","modified_gmt":"2026-04-21T08:59:05","slug":"compresor-aire-13-galon-2-5hp-comp-50lt-truper","status":"publish","type":"product","link":"https:\/\/www.veneciacr.com\/index.php\/producto\/compresor-aire-13-galon-2-5hp-comp-50lt-truper\/","title":{"rendered":"COMPRESOR AIRE 13 GALON 2.5HP COMP-50LT TRUPER"},"content":{"rendered":"<p>Motor monof\u00e1sico de 3 1\/2 HP con bobinas de cobre, 2X mayor durabilidad que las de aluminio<\/p>\n<p>Protector t\u00e9rmico contra sobrecalentamiento de motor y carter de aluminio para mayor disipaci\u00f3n de calor<\/p>\n<p>Presostato con 2 man\u00f3metros (presi\u00f3n m\u00e1xima del tanque y presi\u00f3n de salida regulable)<\/p>\n<p>Encendido manual y funcionamiento autom\u00e1tico para que el compresor siempre mantenga aire y presi\u00f3n<\/p>\n<p>2 conexiones r\u00e1pidas de autobloqueo de lat\u00f3n, salida 1\/4&#8243;<\/p>\n<div class=\"col-6\">\n<div class=\"table-responsive tabla_border\">\n<table class=\"table table-bordered table_info_prod align-middle m-0\">\n<tbody>\n<tr id=\"tabla_especs\">\n<th class=\"tamanio_th_especs\" scope=\"row\">\n<p class=\"margen_tabla_especs\">Capacidad del tanque<\/p>\n<\/th>\n<td>\n<p class=\"margen_tabla_especs\">50 L<\/p>\n<\/td>\n<\/tr>\n<tr id=\"tabla_especs\">\n<th class=\"tamanio_th_especs\" scope=\"row\">\n<p class=\"margen_tabla_especs\">Potencia nominal<\/p>\n<\/th>\n<td>\n<p class=\"margen_tabla_especs\">2 1\/2 HP<\/p>\n<\/td>\n<\/tr>\n<tr id=\"tabla_especs\">\n<th class=\"tamanio_th_especs\" scope=\"row\">\n<p class=\"margen_tabla_especs\">Flujo de aire<\/p>\n<\/th>\n<td>\n<p class=\"margen_tabla_especs\">4.4 CFM @ 40 psi \/ 3.4 CFM @ 90 psi<\/p>\n<\/td>\n<\/tr>\n<tr id=\"tabla_especs\">\n<th class=\"tamanio_th_especs\" scope=\"row\">\n<p class=\"margen_tabla_especs\">Velocidad<\/p>\n<\/th>\n<td>\n<p class=\"margen_tabla_especs\">3,450 rpm<\/p>\n<\/td>\n<\/tr>\n<tr id=\"tabla_especs\">\n<th class=\"tamanio_th_especs\" scope=\"row\">\n<p class=\"margen_tabla_especs\">Consumo<\/p>\n<\/th>\n<td>\n<p class=\"margen_tabla_especs\">12.5 A<\/p>\n<\/td>\n<\/tr>\n<tr id=\"tabla_especs\">\n<th class=\"tamanio_th_especs\" scope=\"row\">\n<p class=\"margen_tabla_especs\">Dimensiones (Base x Alto x Fondo) Incluye manubrio<\/p>\n<\/th>\n<td>\n<p class=\"margen_tabla_especs\">37 cm x 70 cm x 66 cm<\/p>\n<\/td>\n<\/tr>\n<tr id=\"tabla_especs\">\n<th class=\"tamanio_th_especs\" scope=\"row\">\n<p class=\"margen_tabla_especs\">Empaque individual<\/p>\n<\/th>\n<td>\n<p class=\"margen_tabla_especs\">Caja<\/p>\n<\/td>\n<\/tr>\n<tr id=\"tabla_especs\">\n<th class=\"tamanio_th_especs\" scope=\"row\"><\/th>\n<td><\/td>\n<\/tr>\n<\/tbody>\n<\/table>\n<\/div>\n<\/div>\n<div class=\"col-6\">\n<div class=\"table-responsive tabla_border\">\n<table class=\"table table-bordered table_info_prod align-middle m-0\">\n<tbody>\n<tr id=\"tabla_especs\">\n<th class=\"tamanio_th_especs\" scope=\"row\">\n<p class=\"margen_tabla_especs\">Potencia m\u00e1xima<\/p>\n<\/th>\n<td>\n<p class=\"margen_tabla_especs\">3 1\/2 HP<\/p>\n<\/td>\n<\/tr>\n<tr id=\"tabla_especs\">\n<th class=\"tamanio_th_especs\" scope=\"row\">\n<p class=\"margen_tabla_especs\">Presi\u00f3n m\u00e1xima de operaci\u00f3n<\/p>\n<\/th>\n<td>\n<p class=\"margen_tabla_especs\">116 psi<\/p>\n<\/td>\n<\/tr>\n<tr id=\"tabla_especs\">\n<th class=\"tamanio_th_especs\" scope=\"row\">\n<p class=\"margen_tabla_especs\">Nivel de ruido<\/p>\n<\/th>\n<td>\n<p class=\"margen_tabla_especs\">90 dBA m\u00e1ximo<\/p>\n<\/td>\n<\/tr>\n<tr id=\"tabla_especs\">\n<th class=\"tamanio_th_especs\" scope=\"row\">\n<p class=\"margen_tabla_especs\">Tipo<\/p>\n<\/th>\n<td>\n<p class=\"margen_tabla_especs\">Monof\u00e1sico<\/p>\n<\/td>\n<\/tr>\n<tr id=\"tabla_especs\">\n<th class=\"tamanio_th_especs\" scope=\"row\">\n<p class=\"margen_tabla_especs\">Tensi\u00f3n \/ Frecuencia<\/p>\n<\/th>\n<td>\n<p class=\"margen_tabla_especs\">127 V \/ 60 Hz<\/p>\n<\/td>\n<\/tr>\n<tr id=\"tabla_especs\">\n<th class=\"tamanio_th_especs\" scope=\"row\">\n<p class=\"margen_tabla_especs\">Peso<\/p>\n<\/th>\n<td>\n<p class=\"margen_tabla_especs\">31 kg<\/p>\n<\/td>\n<\/tr>\n<\/tbody>\n<\/table>\n<\/div>\n<\/div>\n","protected":false},"excerpt":{"rendered":"<p>Motor monof\u00e1sico de 3 1\/2 HP con bobinas de cobre, 2X mayor durabilidad que las de aluminio Protector t\u00e9rmico contra<\/p>\n","protected":false},"featured_media":87974,"comment_status":"closed","ping_status":"open","template":"","meta":[],"product_brand":[],"product_cat":[23,87],"product_tag":[],"class_list":{"0":"post-86386","1":"product","2":"type-product","3":"status-publish","4":"has-post-thumbnail","6":"product_cat-herramientas","7":"product_cat-herramientas-electricas","9":"first","10":"instock","11":"purchasable","12":"product-type-simple"},"jetpack_sharing_enabled":true,"_links":{"self":[{"href":"https:\/\/www.veneciacr.com\/index.php\/wp-json\/wp\/v2\/product\/86386","targetHints":{"allow":["GET"]}}],"collection":[{"href":"https:\/\/www.veneciacr.com\/index.php\/wp-json\/wp\/v2\/product"}],"about":[{"href":"https:\/\/www.veneciacr.com\/index.php\/wp-json\/wp\/v2\/types\/product"}],"replies":[{"embeddable":true,"href":"https:\/\/www.veneciacr.com\/index.php\/wp-json\/wp\/v2\/comments?post=86386"}],"wp:featuredmedia":[{"embeddable":true,"href":"https:\/\/www.veneciacr.com\/index.php\/wp-json\/wp\/v2\/media\/87974"}],"wp:attachment":[{"href":"https:\/\/www.veneciacr.com\/index.php\/wp-json\/wp\/v2\/media?parent=86386"}],"wp:term":[{"taxonomy":"product_brand","embeddable":true,"href":"https:\/\/www.veneciacr.com\/index.php\/wp-json\/wp\/v2\/product_brand?post=86386"},{"taxonomy":"product_cat","embeddable":true,"href":"https:\/\/www.veneciacr.com\/index.php\/wp-json\/wp\/v2\/product_cat?post=86386"},{"taxonomy":"product_tag","embeddable":true,"href":"https:\/\/www.veneciacr.com\/index.php\/wp-json\/wp\/v2\/product_tag?post=86386"}],"curies":[{"name":"wp","href":"https:\/\/api.w.org\/{rel}","templated":true}]}}