{"id":86337,"date":"2026-04-28T01:59:07","date_gmt":"2026-04-28T07:59:07","guid":{"rendered":"https:\/\/www.veneciacr.com\/index.php\/producto\/pistola-gravedad-v-plast-50psi-1-7mm-pipi-441-truper\/"},"modified":"2026-04-28T01:59:08","modified_gmt":"2026-04-28T07:59:08","slug":"pistola-pintar-gravedad-1-7mm-v-plast-50psi-pipi-441-truper","status":"publish","type":"product","link":"https:\/\/www.veneciacr.com\/index.php\/producto\/pistola-pintar-gravedad-1-7mm-v-plast-50psi-pipi-441-truper\/","title":{"rendered":"PISTOLA PINTAR GRAVEDAD 1.7MM V.PLAST 50PSI PIPI-441 TRUPER"},"content":{"rendered":"<p>Pistola p\/pintar gravedad HVLP vaso pl\u00e1stico, 1.7 mm, Truper<br \/>\nSerie 400 tecnolog\u00eda HVLP (Alto volumen \/ Baja presi\u00f3n) ideal para acabados finos, con m\u00e1ximo rendimiento de pintura y mayor control de aplicaci\u00f3n<br \/>\nCuerpo de aluminio y vaso pl\u00e1stico<br \/>\nTobera y aguja de acero inoxidable<br \/>\nBoquilla de lat\u00f3n galvanizado con pulverizado fino<br \/>\n3 perillas de control: flujo de aire, flujo de material y tama\u00f1o de abanico<\/p>\n<p>Especificaciones<br \/>\nPresi\u00f3n \u00f3ptima de trabajo 30 &#8211; 50 psi<br \/>\nCapacidad del vaso 500 ml<br \/>\nDi\u00e1metro de tobera 1.7 mm<br \/>\nViscosidad Media<br \/>\nTama\u00f1o de abanico 20 &#8211; 24 cm<br \/>\nEntrada de aire Inferior<br \/>\nTipo de conexi\u00f3n 1\/4&#8243; NPT<br \/>\nConsumo de aire 8 CFM (227 L\/min)<br \/>\nEmpaque individual Caja<\/p>\n","protected":false},"excerpt":{"rendered":"<p>Pistola p\/pintar gravedad HVLP vaso pl\u00e1stico, 1.7 mm, Truper Serie 400 tecnolog\u00eda HVLP (Alto volumen \/ Baja presi\u00f3n) ideal para<\/p>\n","protected":false},"featured_media":86338,"comment_status":"closed","ping_status":"open","template":"","meta":[],"product_brand":[],"product_cat":[15],"product_tag":[],"class_list":{"0":"post-86337","1":"product","2":"type-product","3":"status-publish","4":"has-post-thumbnail","6":"product_cat-uncategorized","8":"first","9":"outofstock","10":"purchasable","11":"product-type-simple"},"jetpack_sharing_enabled":true,"_links":{"self":[{"href":"https:\/\/www.veneciacr.com\/index.php\/wp-json\/wp\/v2\/product\/86337","targetHints":{"allow":["GET"]}}],"collection":[{"href":"https:\/\/www.veneciacr.com\/index.php\/wp-json\/wp\/v2\/product"}],"about":[{"href":"https:\/\/www.veneciacr.com\/index.php\/wp-json\/wp\/v2\/types\/product"}],"replies":[{"embeddable":true,"href":"https:\/\/www.veneciacr.com\/index.php\/wp-json\/wp\/v2\/comments?post=86337"}],"wp:featuredmedia":[{"embeddable":true,"href":"https:\/\/www.veneciacr.com\/index.php\/wp-json\/wp\/v2\/media\/86338"}],"wp:attachment":[{"href":"https:\/\/www.veneciacr.com\/index.php\/wp-json\/wp\/v2\/media?parent=86337"}],"wp:term":[{"taxonomy":"product_brand","embeddable":true,"href":"https:\/\/www.veneciacr.com\/index.php\/wp-json\/wp\/v2\/product_brand?post=86337"},{"taxonomy":"product_cat","embeddable":true,"href":"https:\/\/www.veneciacr.com\/index.php\/wp-json\/wp\/v2\/product_cat?post=86337"},{"taxonomy":"product_tag","embeddable":true,"href":"https:\/\/www.veneciacr.com\/index.php\/wp-json\/wp\/v2\/product_tag?post=86337"}],"curies":[{"name":"wp","href":"https:\/\/api.w.org\/{rel}","templated":true}]}}