{"id":86021,"date":"2026-04-21T02:59:38","date_gmt":"2026-04-21T08:59:38","guid":{"rendered":"https:\/\/www.veneciacr.com\/index.php\/producto\/lampara-emergencia-500lm-lae-100-volteck\/"},"modified":"2026-04-21T02:59:39","modified_gmt":"2026-04-21T08:59:39","slug":"lampara-emergencia-500lm-lae-100-volteck","status":"publish","type":"product","link":"https:\/\/www.veneciacr.com\/index.php\/producto\/lampara-emergencia-500lm-lae-100-volteck\/","title":{"rendered":"LAMPARA EMERGENCIA 500LM LAE-100 VOLTECK"},"content":{"rendered":"<p>L\u00e1mpara de emergencia de 500 lm recargable, Volteck<br \/>\nCuerpo de ABS y pantalla de poliestireno<br \/>\n2 Intensidades de luz: alta y baja<br \/>\nEnciende autom\u00e1ticamente al fallar la energ\u00eda el\u00e9ctrica<br \/>\nProtecci\u00f3n de sobre carga y descarga que alarga la vida \u00fatil de la bater\u00eda<br \/>\nEspacio para ocultar el cable de alimentaci\u00f3n<\/p>\n<p>Especificaciones<br \/>\nPotencia 3.5 W<br \/>\nFlujo luminoso 500 lm (alto), 250 lm (bajo)<br \/>\nTensi\u00f3n \/ Frecuencia 120 &#8211; 240 V \/ 60 Hz<br \/>\nCorriente 32 mA &#8211; 16 mA<br \/>\nTiempo de carga 8 horas<br \/>\nDuraci\u00f3n de carga 4 horas (modo alto) 6 horas (modo bajo)<br \/>\nFuente de luz LED x 100<br \/>\nTemperatura de color 6,500 K \/Luz de d\u00eda<br \/>\nMedidas (largo x alto x fondo) 40 cm x 7 cm x 4 cm<br \/>\nLargo del cable 60 cm<br \/>\nEmpaque individual Caja<\/p>\n","protected":false},"excerpt":{"rendered":"<p>L\u00e1mpara de emergencia de 500 lm recargable, Volteck Cuerpo de ABS y pantalla de poliestireno 2 Intensidades de luz: alta<\/p>\n","protected":false},"featured_media":86022,"comment_status":"closed","ping_status":"open","template":"","meta":[],"product_brand":[],"product_cat":[15],"product_tag":[],"class_list":{"0":"post-86021","1":"product","2":"type-product","3":"status-publish","4":"has-post-thumbnail","6":"product_cat-uncategorized","8":"first","9":"instock","10":"purchasable","11":"product-type-simple"},"jetpack_sharing_enabled":true,"_links":{"self":[{"href":"https:\/\/www.veneciacr.com\/index.php\/wp-json\/wp\/v2\/product\/86021","targetHints":{"allow":["GET"]}}],"collection":[{"href":"https:\/\/www.veneciacr.com\/index.php\/wp-json\/wp\/v2\/product"}],"about":[{"href":"https:\/\/www.veneciacr.com\/index.php\/wp-json\/wp\/v2\/types\/product"}],"replies":[{"embeddable":true,"href":"https:\/\/www.veneciacr.com\/index.php\/wp-json\/wp\/v2\/comments?post=86021"}],"wp:featuredmedia":[{"embeddable":true,"href":"https:\/\/www.veneciacr.com\/index.php\/wp-json\/wp\/v2\/media\/86022"}],"wp:attachment":[{"href":"https:\/\/www.veneciacr.com\/index.php\/wp-json\/wp\/v2\/media?parent=86021"}],"wp:term":[{"taxonomy":"product_brand","embeddable":true,"href":"https:\/\/www.veneciacr.com\/index.php\/wp-json\/wp\/v2\/product_brand?post=86021"},{"taxonomy":"product_cat","embeddable":true,"href":"https:\/\/www.veneciacr.com\/index.php\/wp-json\/wp\/v2\/product_cat?post=86021"},{"taxonomy":"product_tag","embeddable":true,"href":"https:\/\/www.veneciacr.com\/index.php\/wp-json\/wp\/v2\/product_tag?post=86021"}],"curies":[{"name":"wp","href":"https:\/\/api.w.org\/{rel}","templated":true}]}}