{"id":859,"date":"2026-04-21T06:19:23","date_gmt":"2026-04-21T12:19:23","guid":{"rendered":"http:\/\/34.83.78.142\/index.php\/product\/regadera-plast-c-estaca-asp-p11x-aspp11x-truper\/"},"modified":"2026-04-21T06:19:24","modified_gmt":"2026-04-21T12:19:24","slug":"regadera-plast-con-estaca-asp-p11x-truper","status":"publish","type":"product","link":"https:\/\/www.veneciacr.com\/index.php\/producto\/regadera-plast-con-estaca-asp-p11x-truper\/","title":{"rendered":"REGADERA PLAST CON ESTACA ASP-P11X TRUPER"},"content":{"rendered":"<p>Medida de estaca 210 mm<br \/>\nN\u00famero de v\u00edas 2<br \/>\nConexi\u00f3n 3\/4 &#8211; 11.5 NH<br \/>\n\u00c1rea de riego 360\u00b0<br \/>\nAlcance a presi\u00f3n m\u00e1x. 8.5 m<br \/>\nFlujo 14.5 L\/min<br \/>\nPeso 168 g<br \/>\nEmpaque Tarjeta pl\u00e1stica<\/p>\n<p>CARACTER\u00cdSTICAS<br \/>\nCabeza y conexiones fabricadas en ABS<br \/>\nEstaca fabricada en zamac<br \/>\nAdaptador para conectarse en serie y clip de l\u00edmite de riego<br \/>\nFuncionamiento \u00f3ptimo con presi\u00f3n de 40 a 50 PSI<\/p>\n<p>USOS<br \/>\nJardiner\u00eda<\/p>\n","protected":false},"excerpt":{"rendered":"<p>Medida de estaca 210 mm N\u00famero de v\u00edas 2 Conexi\u00f3n 3\/4 &#8211; 11.5 NH \u00c1rea de riego 360\u00b0 Alcance a<\/p>\n","protected":false},"featured_media":74389,"comment_status":"closed","ping_status":"open","template":"","meta":[],"product_brand":[],"product_cat":[15],"product_tag":[],"class_list":{"0":"post-859","1":"product","2":"type-product","3":"status-publish","4":"has-post-thumbnail","6":"product_cat-uncategorized","8":"first","9":"instock","10":"purchasable","11":"product-type-simple"},"jetpack_sharing_enabled":true,"_links":{"self":[{"href":"https:\/\/www.veneciacr.com\/index.php\/wp-json\/wp\/v2\/product\/859","targetHints":{"allow":["GET"]}}],"collection":[{"href":"https:\/\/www.veneciacr.com\/index.php\/wp-json\/wp\/v2\/product"}],"about":[{"href":"https:\/\/www.veneciacr.com\/index.php\/wp-json\/wp\/v2\/types\/product"}],"replies":[{"embeddable":true,"href":"https:\/\/www.veneciacr.com\/index.php\/wp-json\/wp\/v2\/comments?post=859"}],"wp:featuredmedia":[{"embeddable":true,"href":"https:\/\/www.veneciacr.com\/index.php\/wp-json\/wp\/v2\/media\/74389"}],"wp:attachment":[{"href":"https:\/\/www.veneciacr.com\/index.php\/wp-json\/wp\/v2\/media?parent=859"}],"wp:term":[{"taxonomy":"product_brand","embeddable":true,"href":"https:\/\/www.veneciacr.com\/index.php\/wp-json\/wp\/v2\/product_brand?post=859"},{"taxonomy":"product_cat","embeddable":true,"href":"https:\/\/www.veneciacr.com\/index.php\/wp-json\/wp\/v2\/product_cat?post=859"},{"taxonomy":"product_tag","embeddable":true,"href":"https:\/\/www.veneciacr.com\/index.php\/wp-json\/wp\/v2\/product_tag?post=859"}],"curies":[{"name":"wp","href":"https:\/\/api.w.org\/{rel}","templated":true}]}}