{"id":84930,"date":"2026-04-21T06:35:00","date_gmt":"2026-04-21T12:35:00","guid":{"rendered":"https:\/\/www.veneciacr.com\/index.php\/producto\/campana-4-timc-4-voltech\/"},"modified":"2026-04-21T06:35:02","modified_gmt":"2026-04-21T12:35:02","slug":"campana-4-timc-4-volteck","status":"publish","type":"product","link":"https:\/\/www.veneciacr.com\/index.php\/producto\/campana-4-timc-4-volteck\/","title":{"rendered":"CAMPANA 4&#8243; TIMC-4 VOLTECK"},"content":{"rendered":"<p>Di\u00e1metro 4&#8243; (100mm)<br \/>\nTensi\u00f3n 110 V<br \/>\nFrecuencia 60 Hz<br \/>\nCorriente 0.17 A<br \/>\nDecibeles 90 dB<br \/>\nEmpaque Caja<\/p>\n<p>CARACTER\u00cdSTICAS<br \/>\nFabricado en ABS y acero<br \/>\nAcabado cromado<\/p>\n<p>USOS<br \/>\nIndustrial y comercial<\/p>\n","protected":false},"excerpt":{"rendered":"<p>Di\u00e1metro 4&#8243; (100mm) Tensi\u00f3n 110 V Frecuencia 60 Hz Corriente 0.17 A Decibeles 90 dB Empaque Caja CARACTER\u00cdSTICAS Fabricado en<\/p>\n","protected":false},"featured_media":98259,"comment_status":"closed","ping_status":"open","template":"","meta":[],"product_brand":[],"product_cat":[15],"product_tag":[],"class_list":{"0":"post-84930","1":"product","2":"type-product","3":"status-publish","4":"has-post-thumbnail","6":"product_cat-uncategorized","8":"first","9":"instock","10":"purchasable","11":"product-type-simple"},"jetpack_sharing_enabled":true,"_links":{"self":[{"href":"https:\/\/www.veneciacr.com\/index.php\/wp-json\/wp\/v2\/product\/84930","targetHints":{"allow":["GET"]}}],"collection":[{"href":"https:\/\/www.veneciacr.com\/index.php\/wp-json\/wp\/v2\/product"}],"about":[{"href":"https:\/\/www.veneciacr.com\/index.php\/wp-json\/wp\/v2\/types\/product"}],"replies":[{"embeddable":true,"href":"https:\/\/www.veneciacr.com\/index.php\/wp-json\/wp\/v2\/comments?post=84930"}],"wp:featuredmedia":[{"embeddable":true,"href":"https:\/\/www.veneciacr.com\/index.php\/wp-json\/wp\/v2\/media\/98259"}],"wp:attachment":[{"href":"https:\/\/www.veneciacr.com\/index.php\/wp-json\/wp\/v2\/media?parent=84930"}],"wp:term":[{"taxonomy":"product_brand","embeddable":true,"href":"https:\/\/www.veneciacr.com\/index.php\/wp-json\/wp\/v2\/product_brand?post=84930"},{"taxonomy":"product_cat","embeddable":true,"href":"https:\/\/www.veneciacr.com\/index.php\/wp-json\/wp\/v2\/product_cat?post=84930"},{"taxonomy":"product_tag","embeddable":true,"href":"https:\/\/www.veneciacr.com\/index.php\/wp-json\/wp\/v2\/product_tag?post=84930"}],"curies":[{"name":"wp","href":"https:\/\/api.w.org\/{rel}","templated":true}]}}