{"id":8203,"date":"2026-04-21T04:23:03","date_gmt":"2026-04-21T10:23:03","guid":{"rendered":"https:\/\/www.veneciacr.com\/index.php\/product\/toma-polarizado-metal-3p-2887-aguila\/"},"modified":"2026-04-21T04:23:04","modified_gmt":"2026-04-21T10:23:04","slug":"toma-polarizado-metal-3p-2887-eagle","status":"publish","type":"product","link":"https:\/\/www.veneciacr.com\/index.php\/producto\/toma-polarizado-metal-3p-2887-eagle\/","title":{"rendered":"TOMA POLARIZADO METAL 3P 2887 EAGLE"},"content":{"rendered":"<table>\n<tbody>\n<tr>\n<td>Gasa Met\u00e1lica:<\/td>\n<td align=\"left\">S\u00ed<\/td>\n<td><\/td>\n<td>Contactos S\u00f3lidos:<\/td>\n<td align=\"left\">S\u00ed<\/td>\n<\/tr>\n<tr>\n<td>Terminales Aislados:<\/td>\n<td align=\"left\">S\u00ed<\/td>\n<td><\/td>\n<td><\/td>\n<td align=\"left\"><\/td>\n<\/tr>\n<tr>\n<td>Capacidad:<\/td>\n<td align=\"left\">15A 125V~<\/td>\n<td><\/td>\n<td>Conexi\u00f3n:<\/td>\n<td align=\"left\">2 polos, 3 hilos<\/td>\n<\/tr>\n<tr>\n<td>Material del Cuerpo:<\/td>\n<td align=\"left\">PVC<\/td>\n<td><\/td>\n<td>Cuerpo Resistente:<\/td>\n<td align=\"left\">al Impacto<\/td>\n<\/tr>\n<tr>\n<td>Cuerpo Met\u00e1lico:<\/td>\n<td align=\"left\">Aterrizado<\/td>\n<td><\/td>\n<td>Material de los:<\/td>\n<td align=\"left\">Contactos Bronce<\/td>\n<\/tr>\n<tr>\n<td>Color de Alta:<\/td>\n<td align=\"left\">Visibilidad Amarillo<\/td>\n<td><\/td>\n<\/tr>\n<\/tbody>\n<\/table>\n","protected":false},"excerpt":{"rendered":"<p>Gasa Met\u00e1lica: S\u00ed Contactos S\u00f3lidos: S\u00ed Terminales Aislados: S\u00ed Capacidad: 15A 125V~ Conexi\u00f3n: 2 polos, 3 hilos Material del Cuerpo:<\/p>\n","protected":false},"featured_media":76743,"comment_status":"closed","ping_status":"open","template":"","meta":[],"product_brand":[],"product_cat":[80],"product_tag":[],"class_list":{"0":"post-8203","1":"product","2":"type-product","3":"status-publish","4":"has-post-thumbnail","6":"product_cat-electrico","8":"first","9":"instock","10":"purchasable","11":"product-type-simple"},"jetpack_sharing_enabled":true,"_links":{"self":[{"href":"https:\/\/www.veneciacr.com\/index.php\/wp-json\/wp\/v2\/product\/8203","targetHints":{"allow":["GET"]}}],"collection":[{"href":"https:\/\/www.veneciacr.com\/index.php\/wp-json\/wp\/v2\/product"}],"about":[{"href":"https:\/\/www.veneciacr.com\/index.php\/wp-json\/wp\/v2\/types\/product"}],"replies":[{"embeddable":true,"href":"https:\/\/www.veneciacr.com\/index.php\/wp-json\/wp\/v2\/comments?post=8203"}],"wp:featuredmedia":[{"embeddable":true,"href":"https:\/\/www.veneciacr.com\/index.php\/wp-json\/wp\/v2\/media\/76743"}],"wp:attachment":[{"href":"https:\/\/www.veneciacr.com\/index.php\/wp-json\/wp\/v2\/media?parent=8203"}],"wp:term":[{"taxonomy":"product_brand","embeddable":true,"href":"https:\/\/www.veneciacr.com\/index.php\/wp-json\/wp\/v2\/product_brand?post=8203"},{"taxonomy":"product_cat","embeddable":true,"href":"https:\/\/www.veneciacr.com\/index.php\/wp-json\/wp\/v2\/product_cat?post=8203"},{"taxonomy":"product_tag","embeddable":true,"href":"https:\/\/www.veneciacr.com\/index.php\/wp-json\/wp\/v2\/product_tag?post=8203"}],"curies":[{"name":"wp","href":"https:\/\/api.w.org\/{rel}","templated":true}]}}