{"id":8145,"date":"2026-05-01T02:07:05","date_gmt":"2026-05-01T08:07:05","guid":{"rendered":"https:\/\/www.veneciacr.com\/index.php\/product\/placa-toma-doble-inox-97101-aguila\/"},"modified":"2026-05-01T02:07:05","modified_gmt":"2026-05-01T08:07:05","slug":"placa-toma-doble-inox-97101-eagle","status":"publish","type":"product","link":"https:\/\/www.veneciacr.com\/index.php\/producto\/placa-toma-doble-inox-97101-eagle\/","title":{"rendered":"PLACA TOMA DOBLE INOX #97101 EAGLE"},"content":{"rendered":"<table>\n<tbody>\n<tr>\n<td>F\u00e1cil de Limpiar:<\/td>\n<td align=\"left\">S\u00ed<\/td>\n<td><\/td>\n<td>Tornillos Incluidos:<\/td>\n<td align=\"left\">S\u00ed<\/td>\n<\/tr>\n<tr>\n<td>Cumple con NEMA WD-6:<\/td>\n<td align=\"left\">S\u00ed<\/td>\n<td><\/td>\n<td><\/td>\n<td align=\"left\"><\/td>\n<\/tr>\n<tr>\n<td>Material:<\/td>\n<td align=\"left\">Acero Inoxidable<\/td>\n<td><\/td>\n<td>Modelo:<\/td>\n<td align=\"left\">97101<\/td>\n<\/tr>\n<tr>\n<td>Registro UL:<\/td>\n<td align=\"left\">E327854<\/td>\n<td><\/td>\n<td>Resistencia:<\/td>\n<td align=\"left\">A Manchas y Huellas de Dedos<\/td>\n<\/tr>\n<tr>\n<td>Montaje:<\/td>\n<td align=\"left\">Al Ras<\/td>\n<td><\/td>\n<td>Acabado Superficial:<\/td>\n<td align=\"left\">Rectificado<\/td>\n<\/tr>\n<\/tbody>\n<\/table>\n","protected":false},"excerpt":{"rendered":"<p>F\u00e1cil de Limpiar: S\u00ed Tornillos Incluidos: S\u00ed Cumple con NEMA WD-6: S\u00ed Material: Acero Inoxidable Modelo: 97101 Registro UL: E327854<\/p>\n","protected":false},"featured_media":75959,"comment_status":"closed","ping_status":"open","template":"","meta":[],"product_brand":[],"product_cat":[80,157],"product_tag":[],"class_list":{"0":"post-8145","1":"product","2":"type-product","3":"status-publish","4":"has-post-thumbnail","6":"product_cat-electrico","7":"product_cat-plaqueria","9":"first","10":"instock","11":"purchasable","12":"product-type-simple"},"jetpack_sharing_enabled":true,"_links":{"self":[{"href":"https:\/\/www.veneciacr.com\/index.php\/wp-json\/wp\/v2\/product\/8145","targetHints":{"allow":["GET"]}}],"collection":[{"href":"https:\/\/www.veneciacr.com\/index.php\/wp-json\/wp\/v2\/product"}],"about":[{"href":"https:\/\/www.veneciacr.com\/index.php\/wp-json\/wp\/v2\/types\/product"}],"replies":[{"embeddable":true,"href":"https:\/\/www.veneciacr.com\/index.php\/wp-json\/wp\/v2\/comments?post=8145"}],"wp:featuredmedia":[{"embeddable":true,"href":"https:\/\/www.veneciacr.com\/index.php\/wp-json\/wp\/v2\/media\/75959"}],"wp:attachment":[{"href":"https:\/\/www.veneciacr.com\/index.php\/wp-json\/wp\/v2\/media?parent=8145"}],"wp:term":[{"taxonomy":"product_brand","embeddable":true,"href":"https:\/\/www.veneciacr.com\/index.php\/wp-json\/wp\/v2\/product_brand?post=8145"},{"taxonomy":"product_cat","embeddable":true,"href":"https:\/\/www.veneciacr.com\/index.php\/wp-json\/wp\/v2\/product_cat?post=8145"},{"taxonomy":"product_tag","embeddable":true,"href":"https:\/\/www.veneciacr.com\/index.php\/wp-json\/wp\/v2\/product_tag?post=8145"}],"curies":[{"name":"wp","href":"https:\/\/api.w.org\/{rel}","templated":true}]}}