{"id":8038,"date":"2026-04-22T02:19:04","date_gmt":"2026-04-22T08:19:04","guid":{"rendered":"https:\/\/www.veneciacr.com\/index.php\/product\/canasta-p-mecanico-plastica-1467-aguila\/"},"modified":"2026-04-22T02:19:04","modified_gmt":"2026-04-22T08:19:04","slug":"canasta-mecanico-plastica-1467-eagle","status":"publish","type":"product","link":"https:\/\/www.veneciacr.com\/index.php\/producto\/canasta-mecanico-plastica-1467-eagle\/","title":{"rendered":"CANASTA MECANICO PLASTICA 1467 EAGLE"},"content":{"rendered":"<p><strong>Descripci\u00f3n:<\/strong>\u00a0Canasta Pl\u00e1stica<br \/>\n<strong>Caracter\u00edsticas:<\/strong>\u00a0Extensi\u00f3n Mec\u00e1nico<br \/>\n<strong>Informaci\u00f3n T\u00e9cnica:<\/strong>\u00a075W<\/p>\n","protected":false},"excerpt":{"rendered":"<p>Descripci\u00f3n:\u00a0Canasta Pl\u00e1stica Caracter\u00edsticas:\u00a0Extensi\u00f3n Mec\u00e1nico Informaci\u00f3n T\u00e9cnica:\u00a075W<\/p>\n","protected":false},"featured_media":74954,"comment_status":"closed","ping_status":"open","template":"","meta":[],"product_brand":[],"product_cat":[80],"product_tag":[],"class_list":{"0":"post-8038","1":"product","2":"type-product","3":"status-publish","4":"has-post-thumbnail","6":"product_cat-electrico","8":"first","9":"instock","10":"purchasable","11":"product-type-simple"},"jetpack_sharing_enabled":true,"_links":{"self":[{"href":"https:\/\/www.veneciacr.com\/index.php\/wp-json\/wp\/v2\/product\/8038","targetHints":{"allow":["GET"]}}],"collection":[{"href":"https:\/\/www.veneciacr.com\/index.php\/wp-json\/wp\/v2\/product"}],"about":[{"href":"https:\/\/www.veneciacr.com\/index.php\/wp-json\/wp\/v2\/types\/product"}],"replies":[{"embeddable":true,"href":"https:\/\/www.veneciacr.com\/index.php\/wp-json\/wp\/v2\/comments?post=8038"}],"wp:featuredmedia":[{"embeddable":true,"href":"https:\/\/www.veneciacr.com\/index.php\/wp-json\/wp\/v2\/media\/74954"}],"wp:attachment":[{"href":"https:\/\/www.veneciacr.com\/index.php\/wp-json\/wp\/v2\/media?parent=8038"}],"wp:term":[{"taxonomy":"product_brand","embeddable":true,"href":"https:\/\/www.veneciacr.com\/index.php\/wp-json\/wp\/v2\/product_brand?post=8038"},{"taxonomy":"product_cat","embeddable":true,"href":"https:\/\/www.veneciacr.com\/index.php\/wp-json\/wp\/v2\/product_cat?post=8038"},{"taxonomy":"product_tag","embeddable":true,"href":"https:\/\/www.veneciacr.com\/index.php\/wp-json\/wp\/v2\/product_tag?post=8038"}],"curies":[{"name":"wp","href":"https:\/\/api.w.org\/{rel}","templated":true}]}}