{"id":67235,"date":"2026-04-24T02:06:15","date_gmt":"2026-04-24T08:06:15","guid":{"rendered":"https:\/\/www.veneciacr.com\/index.php\/producto\/flanger-flexible-corto-4-pb-205-plomer\/"},"modified":"2026-04-24T02:06:16","modified_gmt":"2026-04-24T08:06:16","slug":"flanger-flexible-corto-4-pb-205-coflex","status":"publish","type":"product","link":"https:\/\/www.veneciacr.com\/index.php\/producto\/flanger-flexible-corto-4-pb-205-coflex\/","title":{"rendered":"FLANGER FLEXIBLE CORTO 4&#8243; PB-205 COFLEX"},"content":{"rendered":"<p>Di\u00e1metro Interior 115 mm<br \/>\nPara tuber\u00eda de PVC, se adapta a tuber\u00edas ovaladas<br \/>\nSello herm\u00e9tico que evita filtraciones y el retorno de malos olores<br \/>\nCorrige desfasamientos de hasta 2.5 cm<\/p>\n<h2 class=\"subtitle-product my-3\">Caracter\u00edsticas Especiales:<\/h2>\n<p>Patentes: 286,520 \/ 7,814,580 \/ 1754 \/ 3119 \/ 49750 \/ Otras patentes en tr\u00e1mite<\/p>\n","protected":false},"excerpt":{"rendered":"<p>Di\u00e1metro Interior 115 mm Para tuber\u00eda de PVC, se adapta a tuber\u00edas ovaladas Sello herm\u00e9tico que evita filtraciones y el<\/p>\n","protected":false},"featured_media":76439,"comment_status":"closed","ping_status":"open","template":"","meta":[],"product_brand":[],"product_cat":[29],"product_tag":[],"class_list":{"0":"post-67235","1":"product","2":"type-product","3":"status-publish","4":"has-post-thumbnail","6":"product_cat-plomeria","8":"first","9":"instock","10":"purchasable","11":"product-type-simple"},"jetpack_sharing_enabled":true,"_links":{"self":[{"href":"https:\/\/www.veneciacr.com\/index.php\/wp-json\/wp\/v2\/product\/67235","targetHints":{"allow":["GET"]}}],"collection":[{"href":"https:\/\/www.veneciacr.com\/index.php\/wp-json\/wp\/v2\/product"}],"about":[{"href":"https:\/\/www.veneciacr.com\/index.php\/wp-json\/wp\/v2\/types\/product"}],"replies":[{"embeddable":true,"href":"https:\/\/www.veneciacr.com\/index.php\/wp-json\/wp\/v2\/comments?post=67235"}],"wp:featuredmedia":[{"embeddable":true,"href":"https:\/\/www.veneciacr.com\/index.php\/wp-json\/wp\/v2\/media\/76439"}],"wp:attachment":[{"href":"https:\/\/www.veneciacr.com\/index.php\/wp-json\/wp\/v2\/media?parent=67235"}],"wp:term":[{"taxonomy":"product_brand","embeddable":true,"href":"https:\/\/www.veneciacr.com\/index.php\/wp-json\/wp\/v2\/product_brand?post=67235"},{"taxonomy":"product_cat","embeddable":true,"href":"https:\/\/www.veneciacr.com\/index.php\/wp-json\/wp\/v2\/product_cat?post=67235"},{"taxonomy":"product_tag","embeddable":true,"href":"https:\/\/www.veneciacr.com\/index.php\/wp-json\/wp\/v2\/product_tag?post=67235"}],"curies":[{"name":"wp","href":"https:\/\/api.w.org\/{rel}","templated":true}]}}