{"id":6700,"date":"2026-04-21T03:14:24","date_gmt":"2026-04-21T09:14:24","guid":{"rendered":"http:\/\/34.83.78.142\/index.php\/product\/candado-50mm-recub-pvc-cmr-50-hermex\/"},"modified":"2026-04-21T03:14:26","modified_gmt":"2026-04-21T09:14:26","slug":"candado-50mm-recub-pvc-cmr-50-hermex","status":"publish","type":"product","link":"https:\/\/www.veneciacr.com\/index.php\/producto\/candado-50mm-recub-pvc-cmr-50-hermex\/","title":{"rendered":"CANDADO 50MM RECUB PVC CMR-50 HERMEX"},"content":{"rendered":"<p>Cuerpo de acero laminado con cubierta de PVC<\/p>\n<p>Seguro de doble bal\u00edn que proporciona mayor seguridad<\/p>\n<p>Cilindro de lat\u00f3n s\u00f3lido con 5 pines que brinda resistencia a robos<\/p>\n<p>Cubierta inferior para proteger de suciedad y residuos<\/p>\n<p>Mecanismo interno de alta resistencia a la corrosi\u00f3n<\/p>\n","protected":false},"excerpt":{"rendered":"<p>Cuerpo de acero laminado con cubierta de PVC Seguro de doble bal\u00edn que proporciona mayor seguridad Cilindro de lat\u00f3n s\u00f3lido<\/p>\n","protected":false},"featured_media":94770,"comment_status":"closed","ping_status":"open","template":"","meta":[],"product_brand":[],"product_cat":[170,19],"product_tag":[],"class_list":{"0":"post-6700","1":"product","2":"type-product","3":"status-publish","4":"has-post-thumbnail","6":"product_cat-candados","7":"product_cat-ferreteria","9":"first","10":"instock","11":"purchasable","12":"product-type-simple"},"jetpack_sharing_enabled":true,"_links":{"self":[{"href":"https:\/\/www.veneciacr.com\/index.php\/wp-json\/wp\/v2\/product\/6700","targetHints":{"allow":["GET"]}}],"collection":[{"href":"https:\/\/www.veneciacr.com\/index.php\/wp-json\/wp\/v2\/product"}],"about":[{"href":"https:\/\/www.veneciacr.com\/index.php\/wp-json\/wp\/v2\/types\/product"}],"replies":[{"embeddable":true,"href":"https:\/\/www.veneciacr.com\/index.php\/wp-json\/wp\/v2\/comments?post=6700"}],"wp:featuredmedia":[{"embeddable":true,"href":"https:\/\/www.veneciacr.com\/index.php\/wp-json\/wp\/v2\/media\/94770"}],"wp:attachment":[{"href":"https:\/\/www.veneciacr.com\/index.php\/wp-json\/wp\/v2\/media?parent=6700"}],"wp:term":[{"taxonomy":"product_brand","embeddable":true,"href":"https:\/\/www.veneciacr.com\/index.php\/wp-json\/wp\/v2\/product_brand?post=6700"},{"taxonomy":"product_cat","embeddable":true,"href":"https:\/\/www.veneciacr.com\/index.php\/wp-json\/wp\/v2\/product_cat?post=6700"},{"taxonomy":"product_tag","embeddable":true,"href":"https:\/\/www.veneciacr.com\/index.php\/wp-json\/wp\/v2\/product_tag?post=6700"}],"curies":[{"name":"wp","href":"https:\/\/api.w.org\/{rel}","templated":true}]}}