{"id":6646,"date":"2026-04-21T03:15:31","date_gmt":"2026-04-21T09:15:31","guid":{"rendered":"http:\/\/34.83.78.142\/index.php\/product\/rejilla-de-ventilacion-p-ducto-drv-p4-miber\/"},"modified":"2026-04-21T03:15:33","modified_gmt":"2026-04-21T09:15:33","slug":"rejilla-ventilacion-ducto-4-drv-p4-comate","status":"publish","type":"product","link":"https:\/\/www.veneciacr.com\/index.php\/producto\/rejilla-ventilacion-ducto-4-drv-p4-comate\/","title":{"rendered":"REJILLA VENTILACION DUCTO 4&#8243; DRV-P4 COMATE"},"content":{"rendered":"<div class=\"StyleWrapper_wrapper \">\n<div class=\"Details_description\">\n<div id=\"description_i8g8c3zru\" class=\"fr-view\">\n<div>La Rejilla de Ventilaci\u00f3n Miber Pl\u00e1stica 4&#8243; con Gu\u00eda Met\u00e1lica DRV-PT4 es la soluci\u00f3n perfecta para la extracci\u00f3n de vapor, humo y gases ligeros. Con un dise\u00f1o duradero y funcional, esta rejilla cuenta con aletas pl\u00e1sticas de curvas\/abatibles y una compuerta que se abre por cambio de presi\u00f3n y se cierra por gravedad. Su terminal horizontal y cuadrado facilita la instalaci\u00f3n en diferentes configuraciones. Con un amplio rango de temperatura de uso, desde -50 \u00b0C a 70 \u00b0C, es ideal para diversas aplicaciones.<\/div>\n<\/div>\n<\/div>\n<\/div>\n<div class=\"StyleWrapper_wrapper \">\n<h2>Especificaciones<\/h2>\n<div id=\"ML_mainId\">\n<table>\n<tbody>\n<tr>\n<td>Material:<\/td>\n<td align=\"left\">Aluminio<\/td>\n<td><\/td>\n<td>Largo:<\/td>\n<td align=\"left\">29 cm<\/td>\n<\/tr>\n<\/tbody>\n<\/table>\n<\/div>\n<\/div>\n","protected":false},"excerpt":{"rendered":"<p>La Rejilla de Ventilaci\u00f3n Miber Pl\u00e1stica 4&#8243; con Gu\u00eda Met\u00e1lica DRV-PT4 es la soluci\u00f3n perfecta para la extracci\u00f3n de vapor,<\/p>\n","protected":false},"featured_media":98507,"comment_status":"closed","ping_status":"open","template":"","meta":[],"product_brand":[],"product_cat":[15],"product_tag":[],"class_list":{"0":"post-6646","1":"product","2":"type-product","3":"status-publish","4":"has-post-thumbnail","6":"product_cat-uncategorized","8":"first","9":"instock","10":"purchasable","11":"product-type-simple"},"jetpack_sharing_enabled":true,"_links":{"self":[{"href":"https:\/\/www.veneciacr.com\/index.php\/wp-json\/wp\/v2\/product\/6646","targetHints":{"allow":["GET"]}}],"collection":[{"href":"https:\/\/www.veneciacr.com\/index.php\/wp-json\/wp\/v2\/product"}],"about":[{"href":"https:\/\/www.veneciacr.com\/index.php\/wp-json\/wp\/v2\/types\/product"}],"replies":[{"embeddable":true,"href":"https:\/\/www.veneciacr.com\/index.php\/wp-json\/wp\/v2\/comments?post=6646"}],"wp:featuredmedia":[{"embeddable":true,"href":"https:\/\/www.veneciacr.com\/index.php\/wp-json\/wp\/v2\/media\/98507"}],"wp:attachment":[{"href":"https:\/\/www.veneciacr.com\/index.php\/wp-json\/wp\/v2\/media?parent=6646"}],"wp:term":[{"taxonomy":"product_brand","embeddable":true,"href":"https:\/\/www.veneciacr.com\/index.php\/wp-json\/wp\/v2\/product_brand?post=6646"},{"taxonomy":"product_cat","embeddable":true,"href":"https:\/\/www.veneciacr.com\/index.php\/wp-json\/wp\/v2\/product_cat?post=6646"},{"taxonomy":"product_tag","embeddable":true,"href":"https:\/\/www.veneciacr.com\/index.php\/wp-json\/wp\/v2\/product_tag?post=6646"}],"curies":[{"name":"wp","href":"https:\/\/api.w.org\/{rel}","templated":true}]}}