{"id":6580,"date":"2026-04-23T02:02:30","date_gmt":"2026-04-23T08:02:30","guid":{"rendered":"http:\/\/34.83.78.142\/index.php\/product\/rueda-flap-3-g120-rufla-3120-truper\/"},"modified":"2026-04-23T02:02:30","modified_gmt":"2026-04-23T08:02:30","slug":"rueda-flap-3-g120-rufla-3120-truper","status":"publish","type":"product","link":"https:\/\/www.veneciacr.com\/index.php\/producto\/rueda-flap-3-g120-rufla-3120-truper\/","title":{"rendered":"RUEDA FLAP 3&#8243; G120 RUFLA-3120 TRUPER"},"content":{"rendered":"<p>Di\u00e1metro 3&#8243; (76 mm)<br \/>\nGrano 120<br \/>\nZanco 1\/4&#8243;<br \/>\nGrosor y V\u00e1stago 1&#8243; (25.4 mm) x 1\/4&#8243; (6.3 mm)<br \/>\nRevoluciones m\u00e1ximas por minuto 20,000 rpm<br \/>\nPeso 90 g<br \/>\nEmpaque Blister<\/p>\n<p>CARACTER\u00cdSTICAS<br \/>\nFabricado en \u00f3xido de aluminio<br \/>\nGran flexibilidad<\/p>\n<p>USOS<br \/>\nAplicaci\u00f3n: pl\u00e1stico, madera, fundici\u00f3n, lacas, pintura, metal ferroso y no ferroso.<br \/>\nPara esmeril recto.<br \/>\nIdeales para lugares de dif\u00edcil acceso.<\/p>\n","protected":false},"excerpt":{"rendered":"<p>Di\u00e1metro 3&#8243; (76 mm) Grano 120 Zanco 1\/4&#8243; Grosor y V\u00e1stago 1&#8243; (25.4 mm) x 1\/4&#8243; (6.3 mm) Revoluciones m\u00e1ximas<\/p>\n","protected":false},"featured_media":96792,"comment_status":"closed","ping_status":"open","template":"","meta":[],"product_brand":[],"product_cat":[19,92],"product_tag":[],"class_list":{"0":"post-6580","1":"product","2":"type-product","3":"status-publish","4":"has-post-thumbnail","6":"product_cat-ferreteria","7":"product_cat-ruedas","9":"first","10":"instock","11":"purchasable","12":"product-type-simple"},"jetpack_sharing_enabled":true,"_links":{"self":[{"href":"https:\/\/www.veneciacr.com\/index.php\/wp-json\/wp\/v2\/product\/6580","targetHints":{"allow":["GET"]}}],"collection":[{"href":"https:\/\/www.veneciacr.com\/index.php\/wp-json\/wp\/v2\/product"}],"about":[{"href":"https:\/\/www.veneciacr.com\/index.php\/wp-json\/wp\/v2\/types\/product"}],"replies":[{"embeddable":true,"href":"https:\/\/www.veneciacr.com\/index.php\/wp-json\/wp\/v2\/comments?post=6580"}],"wp:featuredmedia":[{"embeddable":true,"href":"https:\/\/www.veneciacr.com\/index.php\/wp-json\/wp\/v2\/media\/96792"}],"wp:attachment":[{"href":"https:\/\/www.veneciacr.com\/index.php\/wp-json\/wp\/v2\/media?parent=6580"}],"wp:term":[{"taxonomy":"product_brand","embeddable":true,"href":"https:\/\/www.veneciacr.com\/index.php\/wp-json\/wp\/v2\/product_brand?post=6580"},{"taxonomy":"product_cat","embeddable":true,"href":"https:\/\/www.veneciacr.com\/index.php\/wp-json\/wp\/v2\/product_cat?post=6580"},{"taxonomy":"product_tag","embeddable":true,"href":"https:\/\/www.veneciacr.com\/index.php\/wp-json\/wp\/v2\/product_tag?post=6580"}],"curies":[{"name":"wp","href":"https:\/\/api.w.org\/{rel}","templated":true}]}}