{"id":6538,"date":"2026-05-01T01:59:15","date_gmt":"2026-05-01T07:59:15","guid":{"rendered":"http:\/\/34.83.78.142\/index.php\/product\/espatula-inox-3-et-3fx-truper\/"},"modified":"2026-05-01T01:59:16","modified_gmt":"2026-05-01T07:59:16","slug":"espatula-inox-3-et-3fx-truper","status":"publish","type":"product","link":"https:\/\/www.veneciacr.com\/index.php\/producto\/espatula-inox-3-et-3fx-truper\/","title":{"rendered":"ESPATULA INOX 3&#8243; ET-3FX TRUPER"},"content":{"rendered":"<p>Ancho 3&#8243; (76mm)<br \/>\nLongitud 220 mm<br \/>\nPeso 90 g<br \/>\nEmpaque Granel<\/p>\n<p>CARACTER\u00cdSTICAS<br \/>\nHoja fabricada en acero inoxidable para m\u00e1xima resistencia a la corrosi\u00f3n<br \/>\nMango ergon\u00f3mico de doble inyecci\u00f3n fabricado en polipropileno y TPR<br \/>\nCasquillo met\u00e1lico para golpear clavos<\/p>\n<p>USOS<br \/>\nAlba\u00f1iler\u00eda, pintura, resanes, etc\u00e9tera<br \/>\nEn la plancha para voltear alimentos y raspar la superficie<\/p>\n","protected":false},"excerpt":{"rendered":"<p>Ancho 3&#8243; (76mm) Longitud 220 mm Peso 90 g Empaque Granel CARACTER\u00cdSTICAS Hoja fabricada en acero inoxidable para m\u00e1xima resistencia<\/p>\n","protected":false},"featured_media":78281,"comment_status":"closed","ping_status":"open","template":"","meta":[],"product_brand":[],"product_cat":[152,23],"product_tag":[],"class_list":{"0":"post-6538","1":"product","2":"type-product","3":"status-publish","4":"has-post-thumbnail","6":"product_cat-herramienta-manuales","7":"product_cat-herramientas","9":"first","10":"instock","11":"purchasable","12":"product-type-simple"},"jetpack_sharing_enabled":true,"_links":{"self":[{"href":"https:\/\/www.veneciacr.com\/index.php\/wp-json\/wp\/v2\/product\/6538","targetHints":{"allow":["GET"]}}],"collection":[{"href":"https:\/\/www.veneciacr.com\/index.php\/wp-json\/wp\/v2\/product"}],"about":[{"href":"https:\/\/www.veneciacr.com\/index.php\/wp-json\/wp\/v2\/types\/product"}],"replies":[{"embeddable":true,"href":"https:\/\/www.veneciacr.com\/index.php\/wp-json\/wp\/v2\/comments?post=6538"}],"wp:featuredmedia":[{"embeddable":true,"href":"https:\/\/www.veneciacr.com\/index.php\/wp-json\/wp\/v2\/media\/78281"}],"wp:attachment":[{"href":"https:\/\/www.veneciacr.com\/index.php\/wp-json\/wp\/v2\/media?parent=6538"}],"wp:term":[{"taxonomy":"product_brand","embeddable":true,"href":"https:\/\/www.veneciacr.com\/index.php\/wp-json\/wp\/v2\/product_brand?post=6538"},{"taxonomy":"product_cat","embeddable":true,"href":"https:\/\/www.veneciacr.com\/index.php\/wp-json\/wp\/v2\/product_cat?post=6538"},{"taxonomy":"product_tag","embeddable":true,"href":"https:\/\/www.veneciacr.com\/index.php\/wp-json\/wp\/v2\/product_tag?post=6538"}],"curies":[{"name":"wp","href":"https:\/\/api.w.org\/{rel}","templated":true}]}}