{"id":6262,"date":"2026-04-29T02:03:33","date_gmt":"2026-04-29T08:03:33","guid":{"rendered":"http:\/\/34.83.78.142\/index.php\/product\/mascarilla-sencilla-con-filtro-gm305\/"},"modified":"2026-04-29T02:03:33","modified_gmt":"2026-04-29T08:03:33","slug":"mascarilla-sencilla-con-filtro-wrj1501-wadfow","status":"publish","type":"product","link":"https:\/\/www.veneciacr.com\/index.php\/producto\/mascarilla-sencilla-con-filtro-wrj1501-wadfow\/","title":{"rendered":"MASCARILLA SENCILLA CON FILTRO WRJ1501 WADFOW"},"content":{"rendered":"<p>Construido con materiales de alta calidad y una atenci\u00f3n al detalle excepcional, para garantizar que tengas las herramientas adecuadas para el trabajo en todo momento. Todos tus proyectos ser\u00e1n un \u00e9xito<br \/>\nIncluye un cartucho<br \/>\nDoble cartucho para un mejor efecto de filtrado y reducci\u00f3n de la resistencia del cartucho para una vida \u00fatil m\u00e1s larga<br \/>\nUtilizado en industrias qu\u00edmicas, agr\u00edcolas, mineras, forestales y otras industrias<\/p>\n","protected":false},"excerpt":{"rendered":"<p>Construido con materiales de alta calidad y una atenci\u00f3n al detalle excepcional, para garantizar que tengas las herramientas adecuadas para<\/p>\n","protected":false},"featured_media":97024,"comment_status":"closed","ping_status":"open","template":"","meta":[],"product_brand":[],"product_cat":[15],"product_tag":[],"class_list":{"0":"post-6262","1":"product","2":"type-product","3":"status-publish","4":"has-post-thumbnail","6":"product_cat-uncategorized","8":"first","9":"instock","10":"purchasable","11":"product-type-simple"},"jetpack_sharing_enabled":true,"_links":{"self":[{"href":"https:\/\/www.veneciacr.com\/index.php\/wp-json\/wp\/v2\/product\/6262","targetHints":{"allow":["GET"]}}],"collection":[{"href":"https:\/\/www.veneciacr.com\/index.php\/wp-json\/wp\/v2\/product"}],"about":[{"href":"https:\/\/www.veneciacr.com\/index.php\/wp-json\/wp\/v2\/types\/product"}],"replies":[{"embeddable":true,"href":"https:\/\/www.veneciacr.com\/index.php\/wp-json\/wp\/v2\/comments?post=6262"}],"wp:featuredmedia":[{"embeddable":true,"href":"https:\/\/www.veneciacr.com\/index.php\/wp-json\/wp\/v2\/media\/97024"}],"wp:attachment":[{"href":"https:\/\/www.veneciacr.com\/index.php\/wp-json\/wp\/v2\/media?parent=6262"}],"wp:term":[{"taxonomy":"product_brand","embeddable":true,"href":"https:\/\/www.veneciacr.com\/index.php\/wp-json\/wp\/v2\/product_brand?post=6262"},{"taxonomy":"product_cat","embeddable":true,"href":"https:\/\/www.veneciacr.com\/index.php\/wp-json\/wp\/v2\/product_cat?post=6262"},{"taxonomy":"product_tag","embeddable":true,"href":"https:\/\/www.veneciacr.com\/index.php\/wp-json\/wp\/v2\/product_tag?post=6262"}],"curies":[{"name":"wp","href":"https:\/\/api.w.org\/{rel}","templated":true}]}}