{"id":6223,"date":"2026-04-21T03:38:34","date_gmt":"2026-04-21T09:38:34","guid":{"rendered":"http:\/\/34.83.78.142\/index.php\/product\/paq-amarra-plastica-4-100-unds-cin-1810-voltech-7012694\/"},"modified":"2026-04-21T03:38:36","modified_gmt":"2026-04-21T09:38:36","slug":"paq-amarra-plastica-4-100-unds-cin-1810-volteck","status":"publish","type":"product","link":"https:\/\/www.veneciacr.com\/index.php\/producto\/paq-amarra-plastica-4-100-unds-cin-1810-volteck\/","title":{"rendered":"PAQ AMARRA PLASTICA 4&#8243; 100 UNDS CIN-1810 VOLTECK"},"content":{"rendered":"<p>Fabricados en nylon<br \/>\nSeguro autom\u00e1tico<br \/>\nColor natural<\/p>\n<p>ESPECIFICACIONES<br \/>\nTensi\u00f3n: 18 lb<br \/>\nResistencia a la tensi\u00f3n: 8.2 Kg<br \/>\nLongitud: 10 cm<br \/>\nAncho: 2.5 mm<br \/>\nN\u00famero de piezas: 100<br \/>\nEmpaque individual: Bolsa con etiqueta<\/p>\n<p>Aplicaciones<br \/>\n\u00datiles para bolsas de basura, equipaje, almac\u00e9n, herramientas, artesan\u00edas, campamento, jard\u00edn, mec\u00e1nica, el\u00e9ctricos y m\u00e1s<\/p>\n","protected":false},"excerpt":{"rendered":"<p>Fabricados en nylon Seguro autom\u00e1tico Color natural ESPECIFICACIONES Tensi\u00f3n: 18 lb Resistencia a la tensi\u00f3n: 8.2 Kg Longitud: 10 cm<\/p>\n","protected":false},"featured_media":78021,"comment_status":"closed","ping_status":"open","template":"","meta":[],"product_brand":[],"product_cat":[15],"product_tag":[],"class_list":{"0":"post-6223","1":"product","2":"type-product","3":"status-publish","4":"has-post-thumbnail","6":"product_cat-uncategorized","8":"first","9":"outofstock","10":"purchasable","11":"product-type-simple"},"jetpack_sharing_enabled":true,"_links":{"self":[{"href":"https:\/\/www.veneciacr.com\/index.php\/wp-json\/wp\/v2\/product\/6223","targetHints":{"allow":["GET"]}}],"collection":[{"href":"https:\/\/www.veneciacr.com\/index.php\/wp-json\/wp\/v2\/product"}],"about":[{"href":"https:\/\/www.veneciacr.com\/index.php\/wp-json\/wp\/v2\/types\/product"}],"replies":[{"embeddable":true,"href":"https:\/\/www.veneciacr.com\/index.php\/wp-json\/wp\/v2\/comments?post=6223"}],"wp:featuredmedia":[{"embeddable":true,"href":"https:\/\/www.veneciacr.com\/index.php\/wp-json\/wp\/v2\/media\/78021"}],"wp:attachment":[{"href":"https:\/\/www.veneciacr.com\/index.php\/wp-json\/wp\/v2\/media?parent=6223"}],"wp:term":[{"taxonomy":"product_brand","embeddable":true,"href":"https:\/\/www.veneciacr.com\/index.php\/wp-json\/wp\/v2\/product_brand?post=6223"},{"taxonomy":"product_cat","embeddable":true,"href":"https:\/\/www.veneciacr.com\/index.php\/wp-json\/wp\/v2\/product_cat?post=6223"},{"taxonomy":"product_tag","embeddable":true,"href":"https:\/\/www.veneciacr.com\/index.php\/wp-json\/wp\/v2\/product_tag?post=6223"}],"curies":[{"name":"wp","href":"https:\/\/api.w.org\/{rel}","templated":true}]}}