{"id":6166,"date":"2026-04-23T02:03:24","date_gmt":"2026-04-23T08:03:24","guid":{"rendered":"http:\/\/34.83.78.142\/index.php\/product\/multimetro-digital-c-luz-mut-33-truper\/"},"modified":"2026-04-23T02:03:24","modified_gmt":"2026-04-23T08:03:24","slug":"multimetro-digital-con-luz-mut-33-truper","status":"publish","type":"product","link":"https:\/\/www.veneciacr.com\/index.php\/producto\/multimetro-digital-con-luz-mut-33-truper\/","title":{"rendered":"MULTIMETRO DIGITAL CON LUZ MUT-33 TRUPER"},"content":{"rendered":"<p>Hold funci\u00f3n de retenci\u00f3n de datos<br \/>\nPrueba de diodo y continuidad<br \/>\nPantalla retroiluminada de f\u00e1cil lectura<\/p>\n<p>ESPECIFICACIONES<br \/>\nTensi\u00f3n CC: 200 mV &#8211; 1,000 V<br \/>\nTensi\u00f3n CA: 200 V &#8211; 750 V<br \/>\nCorriente CC: 200 mA -10 A<br \/>\nResistencia: 200 O &#8211; 2 MO<br \/>\nTemperatura (\u00b0C): -40\u00b0 C a 1,370\u00b0 C<br \/>\nDimensiones: 132 x 76 mm<br \/>\nPeso: 250 g<br \/>\nEmpaque individual: Caja<br \/>\n1 Bater\u00eda de 9V<br \/>\n2 Puntas probadoras<br \/>\n1 Sonda termopar<\/p>\n","protected":false},"excerpt":{"rendered":"<p>Hold funci\u00f3n de retenci\u00f3n de datos Prueba de diodo y continuidad Pantalla retroiluminada de f\u00e1cil lectura ESPECIFICACIONES Tensi\u00f3n CC: 200<\/p>\n","protected":false},"featured_media":96596,"comment_status":"closed","ping_status":"open","template":"","meta":[],"product_brand":[],"product_cat":[15],"product_tag":[],"class_list":{"0":"post-6166","1":"product","2":"type-product","3":"status-publish","4":"has-post-thumbnail","6":"product_cat-uncategorized","8":"first","9":"instock","10":"purchasable","11":"product-type-simple"},"jetpack_sharing_enabled":true,"_links":{"self":[{"href":"https:\/\/www.veneciacr.com\/index.php\/wp-json\/wp\/v2\/product\/6166","targetHints":{"allow":["GET"]}}],"collection":[{"href":"https:\/\/www.veneciacr.com\/index.php\/wp-json\/wp\/v2\/product"}],"about":[{"href":"https:\/\/www.veneciacr.com\/index.php\/wp-json\/wp\/v2\/types\/product"}],"replies":[{"embeddable":true,"href":"https:\/\/www.veneciacr.com\/index.php\/wp-json\/wp\/v2\/comments?post=6166"}],"wp:featuredmedia":[{"embeddable":true,"href":"https:\/\/www.veneciacr.com\/index.php\/wp-json\/wp\/v2\/media\/96596"}],"wp:attachment":[{"href":"https:\/\/www.veneciacr.com\/index.php\/wp-json\/wp\/v2\/media?parent=6166"}],"wp:term":[{"taxonomy":"product_brand","embeddable":true,"href":"https:\/\/www.veneciacr.com\/index.php\/wp-json\/wp\/v2\/product_brand?post=6166"},{"taxonomy":"product_cat","embeddable":true,"href":"https:\/\/www.veneciacr.com\/index.php\/wp-json\/wp\/v2\/product_cat?post=6166"},{"taxonomy":"product_tag","embeddable":true,"href":"https:\/\/www.veneciacr.com\/index.php\/wp-json\/wp\/v2\/product_tag?post=6166"}],"curies":[{"name":"wp","href":"https:\/\/api.w.org\/{rel}","templated":true}]}}