{"id":6150,"date":"2026-04-22T01:59:49","date_gmt":"2026-04-22T07:59:49","guid":{"rendered":"http:\/\/34.83.78.142\/index.php\/product\/atomizador-plastico-1lt-ato-100-klintek-truper\/"},"modified":"2026-04-22T01:59:49","modified_gmt":"2026-04-22T07:59:49","slug":"atomizador-plastico-1l-ato-100-at250-klintek-truper","status":"publish","type":"product","link":"https:\/\/www.veneciacr.com\/index.php\/producto\/atomizador-plastico-1l-ato-100-at250-klintek-truper\/","title":{"rendered":"ATOMIZADOR PLASTICO 1L ATO-100 AT250 KLINTEK TRUPER"},"content":{"rendered":"<p>Dise\u00f1o ergon\u00f3mico para un mejor agarre<\/p>\n<p>Sello antifugas, impide que se derrame el l\u00edquido del atomizador<\/p>\n<p>Gatillo suave que reduce la fatiga<\/p>\n<p>Boquilla regulable tipo &#8220;cono&#8221; y &#8220;jet&#8221;<\/p>\n<p>Para evitar da\u00f1o, enjuague y active con agua despu\u00e9s de cada uso<\/p>\n","protected":false},"excerpt":{"rendered":"<p>Dise\u00f1o ergon\u00f3mico para un mejor agarre Sello antifugas, impide que se derrame el l\u00edquido del atomizador Gatillo suave que reduce<\/p>\n","protected":false},"featured_media":77973,"comment_status":"closed","ping_status":"open","template":"","meta":[],"product_brand":[],"product_cat":[15],"product_tag":[],"class_list":{"0":"post-6150","1":"product","2":"type-product","3":"status-publish","4":"has-post-thumbnail","6":"product_cat-uncategorized","8":"first","9":"instock","10":"purchasable","11":"product-type-simple"},"jetpack_sharing_enabled":true,"_links":{"self":[{"href":"https:\/\/www.veneciacr.com\/index.php\/wp-json\/wp\/v2\/product\/6150","targetHints":{"allow":["GET"]}}],"collection":[{"href":"https:\/\/www.veneciacr.com\/index.php\/wp-json\/wp\/v2\/product"}],"about":[{"href":"https:\/\/www.veneciacr.com\/index.php\/wp-json\/wp\/v2\/types\/product"}],"replies":[{"embeddable":true,"href":"https:\/\/www.veneciacr.com\/index.php\/wp-json\/wp\/v2\/comments?post=6150"}],"wp:featuredmedia":[{"embeddable":true,"href":"https:\/\/www.veneciacr.com\/index.php\/wp-json\/wp\/v2\/media\/77973"}],"wp:attachment":[{"href":"https:\/\/www.veneciacr.com\/index.php\/wp-json\/wp\/v2\/media?parent=6150"}],"wp:term":[{"taxonomy":"product_brand","embeddable":true,"href":"https:\/\/www.veneciacr.com\/index.php\/wp-json\/wp\/v2\/product_brand?post=6150"},{"taxonomy":"product_cat","embeddable":true,"href":"https:\/\/www.veneciacr.com\/index.php\/wp-json\/wp\/v2\/product_cat?post=6150"},{"taxonomy":"product_tag","embeddable":true,"href":"https:\/\/www.veneciacr.com\/index.php\/wp-json\/wp\/v2\/product_tag?post=6150"}],"curies":[{"name":"wp","href":"https:\/\/api.w.org\/{rel}","templated":true}]}}