{"id":6132,"date":"2026-04-21T03:39:43","date_gmt":"2026-04-21T09:39:43","guid":{"rendered":"http:\/\/34.83.78.142\/index.php\/product\/disco-de-sierra-7-1-4-24d-st-724-truper\/"},"modified":"2026-04-21T03:39:44","modified_gmt":"2026-04-21T09:39:44","slug":"disco-sierra-7-1-4-24d-st-724-truper","status":"publish","type":"product","link":"https:\/\/www.veneciacr.com\/index.php\/producto\/disco-sierra-7-1-4-24d-st-724-truper\/","title":{"rendered":"DISCO SIERRA 7 1\/4&#8243; 24D ST-724 TRUPER"},"content":{"rendered":"<p>Dientes de carburo de tungsteno con soldadura de alta frecuencia<br \/>\nRanuras de expansi\u00f3n que reducen la vibraci\u00f3n, el sonido y la generaci\u00f3n de calor<br \/>\nBiselado alterno: la sierra alterna un diente hacia la derecha y otro a la izquierda<br \/>\nSoldadura de alta frecuencia que brinda 50% m\u00e1s resistencia al desprendimiento<br \/>\nCortes transversales y longitudinales<br \/>\nPara sierra circular<br \/>\nMadera<\/p>\n<p>ESPECIFICACIONES<\/p>\n<p>Di\u00e1metro exterior : 7 1\/4&#8243; (184 mm)<br \/>\nCentro: 5\/8&#8243; (16 mm)<br \/>\nVelocidad m\u00e1xima: 8 000 rpm<br \/>\nDientes: 24<br \/>\nEmpaque individual: Bl\u00edster<\/p>\n","protected":false},"excerpt":{"rendered":"<p>Dientes de carburo de tungsteno con soldadura de alta frecuencia Ranuras de expansi\u00f3n que reducen la vibraci\u00f3n, el sonido y<\/p>\n","protected":false},"featured_media":96100,"comment_status":"closed","ping_status":"open","template":"","meta":[],"product_brand":[],"product_cat":[86,23],"product_tag":[],"class_list":{"0":"post-6132","1":"product","2":"type-product","3":"status-publish","4":"has-post-thumbnail","6":"product_cat-accesorios-para-herramientas-electricas","7":"product_cat-herramientas","9":"first","10":"outofstock","11":"purchasable","12":"product-type-simple"},"jetpack_sharing_enabled":true,"_links":{"self":[{"href":"https:\/\/www.veneciacr.com\/index.php\/wp-json\/wp\/v2\/product\/6132","targetHints":{"allow":["GET"]}}],"collection":[{"href":"https:\/\/www.veneciacr.com\/index.php\/wp-json\/wp\/v2\/product"}],"about":[{"href":"https:\/\/www.veneciacr.com\/index.php\/wp-json\/wp\/v2\/types\/product"}],"replies":[{"embeddable":true,"href":"https:\/\/www.veneciacr.com\/index.php\/wp-json\/wp\/v2\/comments?post=6132"}],"wp:featuredmedia":[{"embeddable":true,"href":"https:\/\/www.veneciacr.com\/index.php\/wp-json\/wp\/v2\/media\/96100"}],"wp:attachment":[{"href":"https:\/\/www.veneciacr.com\/index.php\/wp-json\/wp\/v2\/media?parent=6132"}],"wp:term":[{"taxonomy":"product_brand","embeddable":true,"href":"https:\/\/www.veneciacr.com\/index.php\/wp-json\/wp\/v2\/product_brand?post=6132"},{"taxonomy":"product_cat","embeddable":true,"href":"https:\/\/www.veneciacr.com\/index.php\/wp-json\/wp\/v2\/product_cat?post=6132"},{"taxonomy":"product_tag","embeddable":true,"href":"https:\/\/www.veneciacr.com\/index.php\/wp-json\/wp\/v2\/product_tag?post=6132"}],"curies":[{"name":"wp","href":"https:\/\/api.w.org\/{rel}","templated":true}]}}