{"id":6038,"date":"2026-04-21T03:42:34","date_gmt":"2026-04-21T09:42:34","guid":{"rendered":"http:\/\/34.83.78.142\/index.php\/product\/inversor-de-corriente-400w-inco-400-truper\/"},"modified":"2026-04-21T03:42:36","modified_gmt":"2026-04-21T09:42:36","slug":"inversor-corriente-400w-inco-400-truper","status":"publish","type":"product","link":"https:\/\/www.veneciacr.com\/index.php\/producto\/inversor-corriente-400w-inco-400-truper\/","title":{"rendered":"INVERSOR CORRIENTE 400W INCO-400 TRUPER"},"content":{"rendered":"<p>ESPECIFICACIONES<br \/>\nEntrada 12 V \/ 40 A<br \/>\nSalida 120 V<br \/>\nFrecuencia 60 Hz<br \/>\nPotencia 400 W<br \/>\nPuerto USB 5 V \/ 500 mA<br \/>\nFusible 25 A x 2<br \/>\nLongitud 17.5 cm<br \/>\nAncho 11 cm<br \/>\nLongitud de cable para encendedor 92 cm<br \/>\nLongitud de cable de la bater\u00eda 95 cm<br \/>\nPeso 530 g<br \/>\nEmpaque Caja<\/p>\n<p>Incluye:<br \/>\nCables con caimanes para conectar directamente a la bater\u00eda del auto<br \/>\nAdaptador para auto<\/p>\n<p>CARACTER\u00cdSTICAS<br \/>\nCuerpo fabricado en pl\u00e1stico ABS<br \/>\nConexi\u00f3n dual: 2 salidas para corriente alterna y puerto USB<br \/>\nDoble fusible externo para un intercambio r\u00e1pido<br \/>\nApagador autom\u00e1tico por bater\u00eda baja o picos de voltaje, corto circuito o falla el\u00e9ctrica<\/p>\n<p>USOS<br \/>\nConvierte la corriente del veh\u00edculo de 12 V en corriente dom\u00e9stica de 120 V<br \/>\nAlimenta y recarga celulares, videoc\u00e1maras, computadoras port\u00e1tiles, equipo electr\u00f3nico, etc\u00e9tera<\/p>\n","protected":false},"excerpt":{"rendered":"<p>ESPECIFICACIONES Entrada 12 V \/ 40 A Salida 120 V Frecuencia 60 Hz Potencia 400 W Puerto USB 5 V<\/p>\n","protected":false},"featured_media":77887,"comment_status":"closed","ping_status":"open","template":"","meta":[],"product_brand":[],"product_cat":[15],"product_tag":[],"class_list":{"0":"post-6038","1":"product","2":"type-product","3":"status-publish","4":"has-post-thumbnail","6":"product_cat-uncategorized","8":"first","9":"instock","10":"purchasable","11":"product-type-simple"},"jetpack_sharing_enabled":true,"_links":{"self":[{"href":"https:\/\/www.veneciacr.com\/index.php\/wp-json\/wp\/v2\/product\/6038","targetHints":{"allow":["GET"]}}],"collection":[{"href":"https:\/\/www.veneciacr.com\/index.php\/wp-json\/wp\/v2\/product"}],"about":[{"href":"https:\/\/www.veneciacr.com\/index.php\/wp-json\/wp\/v2\/types\/product"}],"replies":[{"embeddable":true,"href":"https:\/\/www.veneciacr.com\/index.php\/wp-json\/wp\/v2\/comments?post=6038"}],"wp:featuredmedia":[{"embeddable":true,"href":"https:\/\/www.veneciacr.com\/index.php\/wp-json\/wp\/v2\/media\/77887"}],"wp:attachment":[{"href":"https:\/\/www.veneciacr.com\/index.php\/wp-json\/wp\/v2\/media?parent=6038"}],"wp:term":[{"taxonomy":"product_brand","embeddable":true,"href":"https:\/\/www.veneciacr.com\/index.php\/wp-json\/wp\/v2\/product_brand?post=6038"},{"taxonomy":"product_cat","embeddable":true,"href":"https:\/\/www.veneciacr.com\/index.php\/wp-json\/wp\/v2\/product_cat?post=6038"},{"taxonomy":"product_tag","embeddable":true,"href":"https:\/\/www.veneciacr.com\/index.php\/wp-json\/wp\/v2\/product_tag?post=6038"}],"curies":[{"name":"wp","href":"https:\/\/api.w.org\/{rel}","templated":true}]}}