{"id":59712,"date":"2026-04-21T03:08:00","date_gmt":"2026-04-21T09:08:00","guid":{"rendered":"https:\/\/www.veneciacr.com\/index.php\/producto\/rep-filtro-agua-carfil-p1-truper\/"},"modified":"2026-04-21T03:08:01","modified_gmt":"2026-04-21T09:08:01","slug":"rep-filtro-agua-carfil-p1-foset","status":"publish","type":"product","link":"https:\/\/www.veneciacr.com\/index.php\/producto\/rep-filtro-agua-carfil-p1-foset\/","title":{"rendered":"REP FILTRO AGUA CARFIL-P1 FOSET"},"content":{"rendered":"<p>Cartucho de fibra de polipropileno<\/p>\n<p>Retiene los sedimentos de part\u00edculas s\u00f3lidas como tierra y arena, evitando que se obstruyan las tuber\u00edas, regaderas y llaves<\/p>\n<p>F\u00e1cil instalaci\u00f3n y mantenimiento<\/p>\n<p>Repuesto para filtro FILA-P1, marca Foset\u00ae<\/p>\n","protected":false},"excerpt":{"rendered":"<p>Cartucho de fibra de polipropileno Retiene los sedimentos de part\u00edculas s\u00f3lidas como tierra y arena, evitando que se obstruyan las<\/p>\n","protected":false},"featured_media":78625,"comment_status":"closed","ping_status":"open","template":"","meta":[],"product_brand":[],"product_cat":[15],"product_tag":[],"class_list":{"0":"post-59712","1":"product","2":"type-product","3":"status-publish","4":"has-post-thumbnail","6":"product_cat-uncategorized","8":"first","9":"instock","10":"purchasable","11":"product-type-simple"},"jetpack_sharing_enabled":true,"_links":{"self":[{"href":"https:\/\/www.veneciacr.com\/index.php\/wp-json\/wp\/v2\/product\/59712","targetHints":{"allow":["GET"]}}],"collection":[{"href":"https:\/\/www.veneciacr.com\/index.php\/wp-json\/wp\/v2\/product"}],"about":[{"href":"https:\/\/www.veneciacr.com\/index.php\/wp-json\/wp\/v2\/types\/product"}],"replies":[{"embeddable":true,"href":"https:\/\/www.veneciacr.com\/index.php\/wp-json\/wp\/v2\/comments?post=59712"}],"wp:featuredmedia":[{"embeddable":true,"href":"https:\/\/www.veneciacr.com\/index.php\/wp-json\/wp\/v2\/media\/78625"}],"wp:attachment":[{"href":"https:\/\/www.veneciacr.com\/index.php\/wp-json\/wp\/v2\/media?parent=59712"}],"wp:term":[{"taxonomy":"product_brand","embeddable":true,"href":"https:\/\/www.veneciacr.com\/index.php\/wp-json\/wp\/v2\/product_brand?post=59712"},{"taxonomy":"product_cat","embeddable":true,"href":"https:\/\/www.veneciacr.com\/index.php\/wp-json\/wp\/v2\/product_cat?post=59712"},{"taxonomy":"product_tag","embeddable":true,"href":"https:\/\/www.veneciacr.com\/index.php\/wp-json\/wp\/v2\/product_tag?post=59712"}],"curies":[{"name":"wp","href":"https:\/\/api.w.org\/{rel}","templated":true}]}}