{"id":5927,"date":"2026-04-23T02:03:44","date_gmt":"2026-04-23T08:03:44","guid":{"rendered":"http:\/\/34.83.78.142\/index.php\/product\/cepillo-copa-de-acero-3-x-5-8-co-508-truper\/"},"modified":"2026-04-23T02:03:44","modified_gmt":"2026-04-23T08:03:44","slug":"cepillo-copa-acero-3-x-5-8-co-508-truper","status":"publish","type":"product","link":"https:\/\/www.veneciacr.com\/index.php\/producto\/cepillo-copa-acero-3-x-5-8-co-508-truper\/","title":{"rendered":"CEPILLO COPA ACERO 3 X 5\/8&#8243; CO-508 TRUPER"},"content":{"rendered":"<p>Di\u00e1metro 3&#8243; (76.2mm)<br \/>\nEspesor 15\/32&#8243; (11.9mm)<br \/>\nCalibre 0.35 mm<br \/>\nEntrada 5\/8-11<br \/>\nLargo del alambre 23 mm<br \/>\nM\u00e1xima velocidad 12,500 rpm<br \/>\nEmpaque Blister<\/p>\n<p>CARACTER\u00cdSTICAS<br \/>\nAlambre de acero al alto carbono<br \/>\nCerdas medianas<br \/>\nPara usarse con esmeriladoras<\/p>\n<p>USOS<br \/>\nPara preparaci\u00f3n y limpieza de superficies met\u00e1licas, limpieza de soldaduras, remoci\u00f3n de sarro, oxido, corrosi\u00f3n, etc\u00e9tera<\/p>\n","protected":false},"excerpt":{"rendered":"<p>Di\u00e1metro 3&#8243; (76.2mm) Espesor 15\/32&#8243; (11.9mm) Calibre 0.35 mm Entrada 5\/8-11 Largo del alambre 23 mm M\u00e1xima velocidad 12,500 rpm<\/p>\n","protected":false},"featured_media":77791,"comment_status":"closed","ping_status":"open","template":"","meta":[],"product_brand":[],"product_cat":[86,23],"product_tag":[],"class_list":{"0":"post-5927","1":"product","2":"type-product","3":"status-publish","4":"has-post-thumbnail","6":"product_cat-accesorios-para-herramientas-electricas","7":"product_cat-herramientas","9":"first","10":"instock","11":"purchasable","12":"product-type-simple"},"jetpack_sharing_enabled":true,"_links":{"self":[{"href":"https:\/\/www.veneciacr.com\/index.php\/wp-json\/wp\/v2\/product\/5927","targetHints":{"allow":["GET"]}}],"collection":[{"href":"https:\/\/www.veneciacr.com\/index.php\/wp-json\/wp\/v2\/product"}],"about":[{"href":"https:\/\/www.veneciacr.com\/index.php\/wp-json\/wp\/v2\/types\/product"}],"replies":[{"embeddable":true,"href":"https:\/\/www.veneciacr.com\/index.php\/wp-json\/wp\/v2\/comments?post=5927"}],"wp:featuredmedia":[{"embeddable":true,"href":"https:\/\/www.veneciacr.com\/index.php\/wp-json\/wp\/v2\/media\/77791"}],"wp:attachment":[{"href":"https:\/\/www.veneciacr.com\/index.php\/wp-json\/wp\/v2\/media?parent=5927"}],"wp:term":[{"taxonomy":"product_brand","embeddable":true,"href":"https:\/\/www.veneciacr.com\/index.php\/wp-json\/wp\/v2\/product_brand?post=5927"},{"taxonomy":"product_cat","embeddable":true,"href":"https:\/\/www.veneciacr.com\/index.php\/wp-json\/wp\/v2\/product_cat?post=5927"},{"taxonomy":"product_tag","embeddable":true,"href":"https:\/\/www.veneciacr.com\/index.php\/wp-json\/wp\/v2\/product_tag?post=5927"}],"curies":[{"name":"wp","href":"https:\/\/api.w.org\/{rel}","templated":true}]}}