{"id":5475,"date":"2026-04-21T04:00:02","date_gmt":"2026-04-21T10:00:02","guid":{"rendered":"http:\/\/34.83.78.142\/index.php\/product\/motoguadana-52cc-16-cuchilla-des-52-truper-g12\/"},"modified":"2026-04-21T04:00:03","modified_gmt":"2026-04-21T10:00:03","slug":"motoguadana-52cc-16-cuchilla-des-520-truper","status":"publish","type":"product","link":"https:\/\/www.veneciacr.com\/index.php\/producto\/motoguadana-52cc-16-cuchilla-des-520-truper\/","title":{"rendered":"MOTOGUADANA 52CC 16&#8243; CUCHILLA DES-520 TRUPER"},"content":{"rendered":"<p>Motor de 2 HP a 2 tiempos (materiales internos en aluminio al alto silicio para mayor tiempo de vida \u00fatil)<\/p>\n<p>Sistema de arranque con embrague<\/p>\n<p>Eje recto de aluminio, permite cortar \u00e1reas m\u00e1s grandes en menor tiempo, ofrece mayor torque y menor vibraci\u00f3n<\/p>\n<p>Mango abatible que facilita su transporte y almacenamiento<\/p>\n<p>Arn\u00e9s completo que distribuye el peso sobre los hombros y la espalda, reduciendo la fatiga<\/p>\n<div class=\"col-6\">\n<div class=\"table-responsive tabla_border\">\n<table class=\"table table-bordered table_info_prod align-middle m-0\">\n<tbody>\n<tr id=\"tabla_especs\">\n<th class=\"tamanio_th_especs\" scope=\"row\">\n<p class=\"margen_tabla_especs\">Cilindrada<\/p>\n<\/th>\n<td>\n<p class=\"margen_tabla_especs\">52 cc<\/p>\n<\/td>\n<\/tr>\n<tr id=\"tabla_especs\">\n<th class=\"tamanio_th_especs\" scope=\"row\">\n<p class=\"margen_tabla_especs\">Di\u00e1metro de corte<\/p>\n<\/th>\n<td>\n<p class=\"margen_tabla_especs\">18&#8243; (45 cm)<\/p>\n<\/td>\n<\/tr>\n<tr id=\"tabla_especs\">\n<th class=\"tamanio_th_especs\" scope=\"row\">\n<p class=\"margen_tabla_especs\">Capacidad de tanque<\/p>\n<\/th>\n<td>\n<p class=\"margen_tabla_especs\">1.1 L<\/p>\n<\/td>\n<\/tr>\n<tr id=\"tabla_especs\">\n<th class=\"tamanio_th_especs\" scope=\"row\">\n<p class=\"margen_tabla_especs\">Mezcla de gasolina<\/p>\n<\/th>\n<td>\n<p class=\"margen_tabla_especs\">50:1<\/p>\n<\/td>\n<\/tr>\n<tr id=\"tabla_especs\">\n<th class=\"tamanio_th_especs\" scope=\"row\">\n<p class=\"margen_tabla_especs\">Ciclo de trabajo<\/p>\n<\/th>\n<td>\n<p class=\"margen_tabla_especs\">20 minutos de descanso por tanque consumido. M\u00e1ximo diario 6 horas<\/p>\n<\/td>\n<\/tr>\n<tr id=\"tabla_especs\">\n<th class=\"tamanio_th_especs\" scope=\"row\">\n<p class=\"margen_tabla_especs\">Empaque individual<\/p>\n<\/th>\n<td>\n<p class=\"margen_tabla_especs\">Caja<\/p>\n<\/td>\n<\/tr>\n<tr id=\"tabla_especs\">\n<th class=\"tamanio_th_especs\" scope=\"row\"><\/th>\n<td><\/td>\n<\/tr>\n<\/tbody>\n<\/table>\n<\/div>\n<\/div>\n<div class=\"col-6\">\n<div class=\"table-responsive tabla_border\">\n<table class=\"table table-bordered table_info_prod align-middle m-0\">\n<tbody>\n<tr id=\"tabla_especs\">\n<th class=\"tamanio_th_especs\" scope=\"row\">\n<p class=\"margen_tabla_especs\">Potencia<\/p>\n<\/th>\n<td>\n<p class=\"margen_tabla_especs\">2 HP<\/p>\n<\/td>\n<\/tr>\n<tr id=\"tabla_especs\">\n<th class=\"tamanio_th_especs\" scope=\"row\">\n<p class=\"margen_tabla_especs\">Velocidad<\/p>\n<\/th>\n<td>\n<p class=\"margen_tabla_especs\">9,000 rpm<\/p>\n<\/td>\n<\/tr>\n<tr id=\"tabla_especs\">\n<th class=\"tamanio_th_especs\" scope=\"row\">\n<p class=\"margen_tabla_especs\">M\u00e1ximo di\u00e1metro de hilo recomendado<\/p>\n<\/th>\n<td>\n<p class=\"margen_tabla_especs\">3.7 mm<\/p>\n<\/td>\n<\/tr>\n<tr id=\"tabla_especs\">\n<th class=\"tamanio_th_especs\" scope=\"row\">\n<p class=\"margen_tabla_especs\">Consumo de gasolina<\/p>\n<\/th>\n<td>\n<p class=\"margen_tabla_especs\">0.72 L\/h<\/p>\n<\/td>\n<\/tr>\n<tr id=\"tabla_especs\">\n<th class=\"tamanio_th_especs\" scope=\"row\">\n<p class=\"margen_tabla_especs\">Peso<\/p>\n<\/th>\n<td>\n<p class=\"margen_tabla_especs\">9.2 kg<\/p>\n<\/td>\n<\/tr>\n<\/tbody>\n<\/table>\n<\/div>\n<\/div>\n","protected":false},"excerpt":{"rendered":"<p>Motor de 2 HP a 2 tiempos (materiales internos en aluminio al alto silicio para mayor tiempo de vida \u00fatil)<\/p>\n","protected":false},"featured_media":77419,"comment_status":"closed","ping_status":"open","template":"","meta":[],"product_brand":[],"product_cat":[23,87],"product_tag":[],"class_list":{"0":"post-5475","1":"product","2":"type-product","3":"status-publish","4":"has-post-thumbnail","6":"product_cat-herramientas","7":"product_cat-herramientas-electricas","9":"first","10":"instock","11":"purchasable","12":"product-type-simple"},"jetpack_sharing_enabled":true,"_links":{"self":[{"href":"https:\/\/www.veneciacr.com\/index.php\/wp-json\/wp\/v2\/product\/5475","targetHints":{"allow":["GET"]}}],"collection":[{"href":"https:\/\/www.veneciacr.com\/index.php\/wp-json\/wp\/v2\/product"}],"about":[{"href":"https:\/\/www.veneciacr.com\/index.php\/wp-json\/wp\/v2\/types\/product"}],"replies":[{"embeddable":true,"href":"https:\/\/www.veneciacr.com\/index.php\/wp-json\/wp\/v2\/comments?post=5475"}],"wp:featuredmedia":[{"embeddable":true,"href":"https:\/\/www.veneciacr.com\/index.php\/wp-json\/wp\/v2\/media\/77419"}],"wp:attachment":[{"href":"https:\/\/www.veneciacr.com\/index.php\/wp-json\/wp\/v2\/media?parent=5475"}],"wp:term":[{"taxonomy":"product_brand","embeddable":true,"href":"https:\/\/www.veneciacr.com\/index.php\/wp-json\/wp\/v2\/product_brand?post=5475"},{"taxonomy":"product_cat","embeddable":true,"href":"https:\/\/www.veneciacr.com\/index.php\/wp-json\/wp\/v2\/product_cat?post=5475"},{"taxonomy":"product_tag","embeddable":true,"href":"https:\/\/www.veneciacr.com\/index.php\/wp-json\/wp\/v2\/product_tag?post=5475"}],"curies":[{"name":"wp","href":"https:\/\/api.w.org\/{rel}","templated":true}]}}