{"id":5414,"date":"2026-04-23T02:06:30","date_gmt":"2026-04-23T08:06:30","guid":{"rendered":"http:\/\/34.83.78.142\/index.php\/product\/linga-c-ratch-3m-1-675kg-su-675r-truper\/"},"modified":"2026-04-23T02:06:30","modified_gmt":"2026-04-23T08:06:30","slug":"linga-con-ratch-1-3m-2pzs-675kg-su-675r-truper","status":"publish","type":"product","link":"https:\/\/www.veneciacr.com\/index.php\/producto\/linga-con-ratch-1-3m-2pzs-675kg-su-675r-truper\/","title":{"rendered":"LINGA CON RATCH 1&#8243; 3M 2PZS 675KG SU-675R TRUPER"},"content":{"rendered":"<p>Cinta 100% poli\u00e9ster, no se deforma<br \/>\nGancho tipo S<br \/>\nSistema para aplicar m\u00e1xima tensi\u00f3n con m\u00ednimo esfuerzo<br \/>\nMecanismo de r\u00e1pida liberaci\u00f3n<br \/>\nResistentes al agua<br \/>\nAncho de cinta<\/p>\n<p>ESPECIFICACIONES<br \/>\nLongitud de cinta: 3 m<br \/>\nAncho de cinta: 1&#8243; (25 mm)<br \/>\nCarga de trabajo: 225 kg<br \/>\nCarga m\u00e1xima: 675 kg<br \/>\nEmpaque individual: Tarjeta<\/p>\n<p>Aplicaciones<br \/>\nIdeales para autos y motos<br \/>\nPara asegurar y evitar el movimiento de la carga<\/p>\n","protected":false},"excerpt":{"rendered":"<p>Cinta 100% poli\u00e9ster, no se deforma Gancho tipo S Sistema para aplicar m\u00e1xima tensi\u00f3n con m\u00ednimo esfuerzo Mecanismo de r\u00e1pida<\/p>\n","protected":false},"featured_media":77327,"comment_status":"closed","ping_status":"open","template":"","meta":[],"product_brand":[],"product_cat":[19,101],"product_tag":[],"class_list":{"0":"post-5414","1":"product","2":"type-product","3":"status-publish","4":"has-post-thumbnail","6":"product_cat-ferreteria","7":"product_cat-lingas","9":"first","10":"instock","11":"purchasable","12":"product-type-simple"},"jetpack_sharing_enabled":true,"_links":{"self":[{"href":"https:\/\/www.veneciacr.com\/index.php\/wp-json\/wp\/v2\/product\/5414","targetHints":{"allow":["GET"]}}],"collection":[{"href":"https:\/\/www.veneciacr.com\/index.php\/wp-json\/wp\/v2\/product"}],"about":[{"href":"https:\/\/www.veneciacr.com\/index.php\/wp-json\/wp\/v2\/types\/product"}],"replies":[{"embeddable":true,"href":"https:\/\/www.veneciacr.com\/index.php\/wp-json\/wp\/v2\/comments?post=5414"}],"wp:featuredmedia":[{"embeddable":true,"href":"https:\/\/www.veneciacr.com\/index.php\/wp-json\/wp\/v2\/media\/77327"}],"wp:attachment":[{"href":"https:\/\/www.veneciacr.com\/index.php\/wp-json\/wp\/v2\/media?parent=5414"}],"wp:term":[{"taxonomy":"product_brand","embeddable":true,"href":"https:\/\/www.veneciacr.com\/index.php\/wp-json\/wp\/v2\/product_brand?post=5414"},{"taxonomy":"product_cat","embeddable":true,"href":"https:\/\/www.veneciacr.com\/index.php\/wp-json\/wp\/v2\/product_cat?post=5414"},{"taxonomy":"product_tag","embeddable":true,"href":"https:\/\/www.veneciacr.com\/index.php\/wp-json\/wp\/v2\/product_tag?post=5414"}],"curies":[{"name":"wp","href":"https:\/\/api.w.org\/{rel}","templated":true}]}}