{"id":5250,"date":"2026-04-30T02:06:28","date_gmt":"2026-04-30T08:06:28","guid":{"rendered":"http:\/\/34.83.78.142\/index.php\/product\/delantal-de-nylon-13-div-pony-13-truper-15313\/"},"modified":"2026-04-30T02:06:29","modified_gmt":"2026-04-30T08:06:29","slug":"delantal-nylon-13-div-pohe-13n-truper","status":"publish","type":"product","link":"https:\/\/www.veneciacr.com\/index.php\/producto\/delantal-nylon-13-div-pohe-13n-truper\/","title":{"rendered":"DELANTAL NYLON 13 DIV POHE-13N TRUPER"},"content":{"rendered":"<p>Fabricado en poli\u00e9ster de 600 deniers de uso rudo con forro interno de PVC<br \/>\nCintur\u00f3n ajustable 100% de polipropileno con hebilla de liberaci\u00f3n r\u00e1pida<br \/>\nBolsas reforzadas, cosidas y remachadas para mayor resistencia y durabilidad<br \/>\nLavable<br \/>\n2 Porta martillos de acero resistentes a la corrosi\u00f3n<br \/>\nClip met\u00e1lico para flex\u00f3metro<\/p>\n<p>ESPECIFICACIONES<\/p>\n<p>N\u00famero de compartimentos: 13<br \/>\nMedida: 29 x 29 cm<br \/>\nCintur\u00f3n ajustable: 50 cm &#8211; 138 cm<br \/>\nPeso: 490 g<br \/>\nEmpaque individual: Bolsa<\/p>\n","protected":false},"excerpt":{"rendered":"<p>Fabricado en poli\u00e9ster de 600 deniers de uso rudo con forro interno de PVC Cintur\u00f3n ajustable 100% de polipropileno con<\/p>\n","protected":false},"featured_media":77185,"comment_status":"closed","ping_status":"open","template":"","meta":[],"product_brand":[],"product_cat":[23,88],"product_tag":[],"class_list":{"0":"post-5250","1":"product","2":"type-product","3":"status-publish","4":"has-post-thumbnail","6":"product_cat-herramientas","7":"product_cat-proteccion-y-seguridad","9":"first","10":"instock","11":"purchasable","12":"product-type-simple"},"jetpack_sharing_enabled":true,"_links":{"self":[{"href":"https:\/\/www.veneciacr.com\/index.php\/wp-json\/wp\/v2\/product\/5250","targetHints":{"allow":["GET"]}}],"collection":[{"href":"https:\/\/www.veneciacr.com\/index.php\/wp-json\/wp\/v2\/product"}],"about":[{"href":"https:\/\/www.veneciacr.com\/index.php\/wp-json\/wp\/v2\/types\/product"}],"replies":[{"embeddable":true,"href":"https:\/\/www.veneciacr.com\/index.php\/wp-json\/wp\/v2\/comments?post=5250"}],"wp:featuredmedia":[{"embeddable":true,"href":"https:\/\/www.veneciacr.com\/index.php\/wp-json\/wp\/v2\/media\/77185"}],"wp:attachment":[{"href":"https:\/\/www.veneciacr.com\/index.php\/wp-json\/wp\/v2\/media?parent=5250"}],"wp:term":[{"taxonomy":"product_brand","embeddable":true,"href":"https:\/\/www.veneciacr.com\/index.php\/wp-json\/wp\/v2\/product_brand?post=5250"},{"taxonomy":"product_cat","embeddable":true,"href":"https:\/\/www.veneciacr.com\/index.php\/wp-json\/wp\/v2\/product_cat?post=5250"},{"taxonomy":"product_tag","embeddable":true,"href":"https:\/\/www.veneciacr.com\/index.php\/wp-json\/wp\/v2\/product_tag?post=5250"}],"curies":[{"name":"wp","href":"https:\/\/api.w.org\/{rel}","templated":true}]}}