{"id":5227,"date":"2026-04-21T04:10:32","date_gmt":"2026-04-21T10:10:32","guid":{"rendered":"http:\/\/34.83.78.142\/index.php\/product\/sierra-ingleteadora-10-telesc-2-1-2hp-sinco-10x-truper-16094\/"},"modified":"2026-04-21T04:10:33","modified_gmt":"2026-04-21T10:10:33","slug":"sierra-ingleteadora-10-telescopica-2-1-2hp-sinco-10x2-truper","status":"publish","type":"product","link":"https:\/\/www.veneciacr.com\/index.php\/producto\/sierra-ingleteadora-10-telescopica-2-1-2hp-sinco-10x2-truper\/","title":{"rendered":"SIERRA INGLETEADORA 10&#8243; TELESCOPICA 2-1\/2HP SINCO-10X2 TRUPER"},"content":{"rendered":"<p>SIERRA INGLETEADORA 10&#8243; TELESC 2-1\/2HP SINCO-10X2 TRUPER<\/p>\n<p>CARACTER\u00cdSTICAS<br \/>\nMayor capacidad de corte 20% m\u00e1s ligera<br \/>\nGatillo m\u00e1s c\u00f3modo con seguro que evita arranques accidentales<br \/>\nGu\u00eda l\u00e1ser para mejorar la visibilidad de la l\u00ednea de corte<br \/>\nDisco con dientes alternos planos<br \/>\nBrazo telesc\u00f3pico para mayor capacidad de corte<br \/>\nSeguro del eje para un r\u00e1pido y f\u00e1cil cambio de disco y guarda protectora retr\u00e1ctil transparente<br \/>\nCortes en bisel izquierdo 45\u00b0<br \/>\nCortes en inglete &#8211; 45\u00b0<br \/>\nDientes alternos planos<br \/>\nGu\u00eda l\u00e1ser para un corte preciso<\/p>\n<p>NORMA<br \/>\nCumple la norma NOM-003-SCFI<\/p>\n<p>Aplicaciones<br \/>\nPara cortes rectos en bisel y de inglete en madera<\/p>\n","protected":false},"excerpt":{"rendered":"<p>SIERRA INGLETEADORA 10&#8243; TELESC 2-1\/2HP SINCO-10X2 TRUPER CARACTER\u00cdSTICAS Mayor capacidad de corte 20% m\u00e1s ligera Gatillo m\u00e1s c\u00f3modo con seguro<\/p>\n","protected":false},"featured_media":77174,"comment_status":"closed","ping_status":"open","template":"","meta":[],"product_brand":[],"product_cat":[23,87],"product_tag":[],"class_list":{"0":"post-5227","1":"product","2":"type-product","3":"status-publish","4":"has-post-thumbnail","6":"product_cat-herramientas","7":"product_cat-herramientas-electricas","9":"first","10":"instock","11":"purchasable","12":"product-type-simple"},"jetpack_sharing_enabled":true,"_links":{"self":[{"href":"https:\/\/www.veneciacr.com\/index.php\/wp-json\/wp\/v2\/product\/5227","targetHints":{"allow":["GET"]}}],"collection":[{"href":"https:\/\/www.veneciacr.com\/index.php\/wp-json\/wp\/v2\/product"}],"about":[{"href":"https:\/\/www.veneciacr.com\/index.php\/wp-json\/wp\/v2\/types\/product"}],"replies":[{"embeddable":true,"href":"https:\/\/www.veneciacr.com\/index.php\/wp-json\/wp\/v2\/comments?post=5227"}],"wp:featuredmedia":[{"embeddable":true,"href":"https:\/\/www.veneciacr.com\/index.php\/wp-json\/wp\/v2\/media\/77174"}],"wp:attachment":[{"href":"https:\/\/www.veneciacr.com\/index.php\/wp-json\/wp\/v2\/media?parent=5227"}],"wp:term":[{"taxonomy":"product_brand","embeddable":true,"href":"https:\/\/www.veneciacr.com\/index.php\/wp-json\/wp\/v2\/product_brand?post=5227"},{"taxonomy":"product_cat","embeddable":true,"href":"https:\/\/www.veneciacr.com\/index.php\/wp-json\/wp\/v2\/product_cat?post=5227"},{"taxonomy":"product_tag","embeddable":true,"href":"https:\/\/www.veneciacr.com\/index.php\/wp-json\/wp\/v2\/product_tag?post=5227"}],"curies":[{"name":"wp","href":"https:\/\/api.w.org\/{rel}","templated":true}]}}