{"id":5122,"date":"2026-04-21T04:11:21","date_gmt":"2026-04-21T10:11:21","guid":{"rendered":"http:\/\/34.83.78.142\/index.php\/product\/cerradura-puerta-corr-der-cs-65d-hermex-truper\/"},"modified":"2026-04-21T04:11:23","modified_gmt":"2026-04-21T10:11:23","slug":"cerradura-puerta-corrediza-der-cs-65d-hermex-truper","status":"publish","type":"product","link":"https:\/\/www.veneciacr.com\/index.php\/producto\/cerradura-puerta-corrediza-der-cs-65d-hermex-truper\/","title":{"rendered":"CERRADURA PUERTA CORREDIZA DER CS-65D HERMEX-TRUPER"},"content":{"rendered":"<p>Cilindro de lat\u00f3n s\u00f3lido con 5 pernos<\/p>\n<p>Cilindro exterior ajustable<\/p>\n<p>Con placa met\u00e1lica soldable<\/p>\n<p>Para colocaci\u00f3n en puertas met\u00e1licas o de madera con espesor hasta de 2-3\/8&#8243; (60 mm)<\/p>\n","protected":false},"excerpt":{"rendered":"<p>Cilindro de lat\u00f3n s\u00f3lido con 5 pernos Cilindro exterior ajustable Con placa met\u00e1lica soldable Para colocaci\u00f3n en puertas met\u00e1licas o<\/p>\n","protected":false},"featured_media":77110,"comment_status":"closed","ping_status":"open","template":"","meta":[],"product_brand":[],"product_cat":[19,95],"product_tag":[],"class_list":{"0":"post-5122","1":"product","2":"type-product","3":"status-publish","4":"has-post-thumbnail","6":"product_cat-ferreteria","7":"product_cat-llavines-y-cerraduras","9":"first","10":"instock","11":"purchasable","12":"product-type-simple"},"jetpack_sharing_enabled":true,"_links":{"self":[{"href":"https:\/\/www.veneciacr.com\/index.php\/wp-json\/wp\/v2\/product\/5122","targetHints":{"allow":["GET"]}}],"collection":[{"href":"https:\/\/www.veneciacr.com\/index.php\/wp-json\/wp\/v2\/product"}],"about":[{"href":"https:\/\/www.veneciacr.com\/index.php\/wp-json\/wp\/v2\/types\/product"}],"replies":[{"embeddable":true,"href":"https:\/\/www.veneciacr.com\/index.php\/wp-json\/wp\/v2\/comments?post=5122"}],"wp:featuredmedia":[{"embeddable":true,"href":"https:\/\/www.veneciacr.com\/index.php\/wp-json\/wp\/v2\/media\/77110"}],"wp:attachment":[{"href":"https:\/\/www.veneciacr.com\/index.php\/wp-json\/wp\/v2\/media?parent=5122"}],"wp:term":[{"taxonomy":"product_brand","embeddable":true,"href":"https:\/\/www.veneciacr.com\/index.php\/wp-json\/wp\/v2\/product_brand?post=5122"},{"taxonomy":"product_cat","embeddable":true,"href":"https:\/\/www.veneciacr.com\/index.php\/wp-json\/wp\/v2\/product_cat?post=5122"},{"taxonomy":"product_tag","embeddable":true,"href":"https:\/\/www.veneciacr.com\/index.php\/wp-json\/wp\/v2\/product_tag?post=5122"}],"curies":[{"name":"wp","href":"https:\/\/api.w.org\/{rel}","templated":true}]}}