{"id":4690,"date":"2026-04-21T04:23:50","date_gmt":"2026-04-21T10:23:50","guid":{"rendered":"http:\/\/34.83.78.142\/index.php\/product\/cuchara-albanil-9-ct-9pm-10238-pretul\/"},"modified":"2026-04-21T04:23:52","modified_gmt":"2026-04-21T10:23:52","slug":"cuchara-albanil-9-ct-9pm-pretul","status":"publish","type":"product","link":"https:\/\/www.veneciacr.com\/index.php\/producto\/cuchara-albanil-9-ct-9pm-pretul\/","title":{"rendered":"CUCHARA ALBANIL 9&#8243; CT-9PM PRETUL"},"content":{"rendered":"<p>Longitud de hoja 9&#8243; (228mm)<br \/>\nAncho de hoja 127.5 mm<br \/>\nDureza 50 HRc<br \/>\nPeso 320 g<br \/>\nEmpaque Granel<\/p>\n<p>CARACTER\u00cdSTICAS<br \/>\nFabricada en acero al carbono SAE 1055<br \/>\nMango fabricado en madera de hickory<br \/>\nCasquillo met\u00e1lico y resina ep\u00f3xica que refuerza el encabado<\/p>\n<p>USOS<br \/>\nAlba\u00f1iler\u00eda y construcci\u00f3n<\/p>\n","protected":false},"excerpt":{"rendered":"<p>Longitud de hoja 9&#8243; (228mm) Ancho de hoja 127.5 mm Dureza 50 HRc Peso 320 g Empaque Granel CARACTER\u00cdSTICAS Fabricada<\/p>\n","protected":false},"featured_media":76720,"comment_status":"closed","ping_status":"open","template":"","meta":[],"product_brand":[],"product_cat":[152,23],"product_tag":[],"class_list":{"0":"post-4690","1":"product","2":"type-product","3":"status-publish","4":"has-post-thumbnail","6":"product_cat-herramienta-manuales","7":"product_cat-herramientas","9":"first","10":"instock","11":"purchasable","12":"product-type-simple"},"jetpack_sharing_enabled":true,"_links":{"self":[{"href":"https:\/\/www.veneciacr.com\/index.php\/wp-json\/wp\/v2\/product\/4690","targetHints":{"allow":["GET"]}}],"collection":[{"href":"https:\/\/www.veneciacr.com\/index.php\/wp-json\/wp\/v2\/product"}],"about":[{"href":"https:\/\/www.veneciacr.com\/index.php\/wp-json\/wp\/v2\/types\/product"}],"replies":[{"embeddable":true,"href":"https:\/\/www.veneciacr.com\/index.php\/wp-json\/wp\/v2\/comments?post=4690"}],"wp:featuredmedia":[{"embeddable":true,"href":"https:\/\/www.veneciacr.com\/index.php\/wp-json\/wp\/v2\/media\/76720"}],"wp:attachment":[{"href":"https:\/\/www.veneciacr.com\/index.php\/wp-json\/wp\/v2\/media?parent=4690"}],"wp:term":[{"taxonomy":"product_brand","embeddable":true,"href":"https:\/\/www.veneciacr.com\/index.php\/wp-json\/wp\/v2\/product_brand?post=4690"},{"taxonomy":"product_cat","embeddable":true,"href":"https:\/\/www.veneciacr.com\/index.php\/wp-json\/wp\/v2\/product_cat?post=4690"},{"taxonomy":"product_tag","embeddable":true,"href":"https:\/\/www.veneciacr.com\/index.php\/wp-json\/wp\/v2\/product_tag?post=4690"}],"curies":[{"name":"wp","href":"https:\/\/api.w.org\/{rel}","templated":true}]}}