{"id":4432,"date":"2026-04-30T02:07:46","date_gmt":"2026-04-30T08:07:46","guid":{"rendered":"http:\/\/34.83.78.142\/index.php\/product\/lente-monogafa-prof-got-x-truper\/"},"modified":"2026-04-30T02:07:46","modified_gmt":"2026-04-30T08:07:46","slug":"lente-monogafa-prof-got-x-truper","status":"publish","type":"product","link":"https:\/\/www.veneciacr.com\/index.php\/producto\/lente-monogafa-prof-got-x-truper\/","title":{"rendered":"LENTE MONOGAFA PROF GOT-X TRUPER"},"content":{"rendered":"<p>Mica 100% de policarbonato, armaz\u00f3n de PVC y correa de poliester con elast\u00f3mero<br \/>\nArmaz\u00f3n y puente fabricados en material suave<br \/>\nExcelente visi\u00f3n panor\u00e1mica<br \/>\nCon protecci\u00f3n UV, antirayadura y recubrimiento antiempa\u00f1ante<br \/>\nDise\u00f1o flexible para un mejor ajuste sobre el \u00e1rea de ojos y nariz<br \/>\nPerforaciones indirectas que favorecen la ventilaci\u00f3n<br \/>\nSe ajusta sobre la mayor\u00eda de los anteojos<\/p>\n<p>NORMA<br \/>\nCumple con la norma: ANSI Z87.1. (Certificado no disponible)<\/p>\n<p>ESPECIFICACIONES<br \/>\nPeso: 80 g<br \/>\nEspesor del lente: 2 mm<br \/>\nEmpaque individual: Bl\u00edster<\/p>\n<p>Usos<br \/>\nPuede utilizarse con anteojos puestos<br \/>\nPara aplicaciones en interiores o exteriores donde se tenga buena iluminaci\u00f3n<br \/>\nProtege los ojos de impactos, salpicaduras y part\u00edculas de polvo<\/p>\n<p>CUIDADOS<br \/>\nNo utilizar para soldadura, metales fundidos, corte o quemadura con acetileno, rayos l\u00e1ser o como protecci\u00f3n contra niveles da\u00f1inos de radiaci\u00f3n infrarroja<br \/>\nLimpiar con agua y jab\u00f3n, no limpiar con solventes<\/p>\n","protected":false},"excerpt":{"rendered":"<p>Mica 100% de policarbonato, armaz\u00f3n de PVC y correa de poliester con elast\u00f3mero Armaz\u00f3n y puente fabricados en material suave<\/p>\n","protected":false},"featured_media":76496,"comment_status":"closed","ping_status":"open","template":"","meta":[],"product_brand":[],"product_cat":[23,88],"product_tag":[],"class_list":{"0":"post-4432","1":"product","2":"type-product","3":"status-publish","4":"has-post-thumbnail","6":"product_cat-herramientas","7":"product_cat-proteccion-y-seguridad","9":"first","10":"instock","11":"purchasable","12":"product-type-simple"},"jetpack_sharing_enabled":true,"_links":{"self":[{"href":"https:\/\/www.veneciacr.com\/index.php\/wp-json\/wp\/v2\/product\/4432","targetHints":{"allow":["GET"]}}],"collection":[{"href":"https:\/\/www.veneciacr.com\/index.php\/wp-json\/wp\/v2\/product"}],"about":[{"href":"https:\/\/www.veneciacr.com\/index.php\/wp-json\/wp\/v2\/types\/product"}],"replies":[{"embeddable":true,"href":"https:\/\/www.veneciacr.com\/index.php\/wp-json\/wp\/v2\/comments?post=4432"}],"wp:featuredmedia":[{"embeddable":true,"href":"https:\/\/www.veneciacr.com\/index.php\/wp-json\/wp\/v2\/media\/76496"}],"wp:attachment":[{"href":"https:\/\/www.veneciacr.com\/index.php\/wp-json\/wp\/v2\/media?parent=4432"}],"wp:term":[{"taxonomy":"product_brand","embeddable":true,"href":"https:\/\/www.veneciacr.com\/index.php\/wp-json\/wp\/v2\/product_brand?post=4432"},{"taxonomy":"product_cat","embeddable":true,"href":"https:\/\/www.veneciacr.com\/index.php\/wp-json\/wp\/v2\/product_cat?post=4432"},{"taxonomy":"product_tag","embeddable":true,"href":"https:\/\/www.veneciacr.com\/index.php\/wp-json\/wp\/v2\/product_tag?post=4432"}],"curies":[{"name":"wp","href":"https:\/\/api.w.org\/{rel}","templated":true}]}}