{"id":4380,"date":"2026-04-21T04:38:13","date_gmt":"2026-04-21T10:38:13","guid":{"rendered":"http:\/\/34.83.78.142\/index.php\/product\/destornillador-golpe-plano-1-4-x-6-go-1-4x6p-truper\/"},"modified":"2026-04-21T04:38:15","modified_gmt":"2026-04-21T10:38:15","slug":"destornillador-golpe-plano-1-4-x-6-go-1-4x6p-truper","status":"publish","type":"product","link":"https:\/\/www.veneciacr.com\/index.php\/producto\/destornillador-golpe-plano-1-4-x-6-go-1-4x6p-truper\/","title":{"rendered":"DESTORNILLADOR GOLPE PLANO 1\/4 X 6&#8243; GO-1\/4X6P TRUPER"},"content":{"rendered":"<p>Barra fabricada en acero al cromo vanadio<br \/>\nCabeza de acero forjado<br \/>\nMango ergon\u00f3mico de acetato<br \/>\nPunta magnetizada<br \/>\n14161-01<br \/>\n14161-02<br \/>\nCasquillo de acero que transmite el impacto directamente a la barra<br \/>\n14161-03<br \/>\nPuntas magnetizadas<\/p>\n<p>NORMA<br \/>\nExcede en promedio un 45% la norma en torque ASME-B107.600<\/p>\n<p>ESPECIFICACIONES<br \/>\nPunta 1\/4&#8243; (6.3mm)<br \/>\nLongitud de la barra 6&#8243; (152mm)<br \/>\nLongitud del mango 99 mm<\/p>\n<p>APLICACIONES<br \/>\nMec\u00e1nica, carpinter\u00eda, industria, hogar, etc\u00e9tera<\/p>\n","protected":false},"excerpt":{"rendered":"<p>Barra fabricada en acero al cromo vanadio Cabeza de acero forjado Mango ergon\u00f3mico de acetato Punta magnetizada 14161-01 14161-02 Casquillo<\/p>\n","protected":false},"featured_media":76462,"comment_status":"closed","ping_status":"open","template":"","meta":[],"product_brand":[],"product_cat":[23,24],"product_tag":[],"class_list":{"0":"post-4380","1":"product","2":"type-product","3":"status-publish","4":"has-post-thumbnail","6":"product_cat-herramientas","7":"product_cat-herramientas-manuales","9":"first","10":"instock","11":"purchasable","12":"product-type-simple"},"jetpack_sharing_enabled":true,"_links":{"self":[{"href":"https:\/\/www.veneciacr.com\/index.php\/wp-json\/wp\/v2\/product\/4380","targetHints":{"allow":["GET"]}}],"collection":[{"href":"https:\/\/www.veneciacr.com\/index.php\/wp-json\/wp\/v2\/product"}],"about":[{"href":"https:\/\/www.veneciacr.com\/index.php\/wp-json\/wp\/v2\/types\/product"}],"replies":[{"embeddable":true,"href":"https:\/\/www.veneciacr.com\/index.php\/wp-json\/wp\/v2\/comments?post=4380"}],"wp:featuredmedia":[{"embeddable":true,"href":"https:\/\/www.veneciacr.com\/index.php\/wp-json\/wp\/v2\/media\/76462"}],"wp:attachment":[{"href":"https:\/\/www.veneciacr.com\/index.php\/wp-json\/wp\/v2\/media?parent=4380"}],"wp:term":[{"taxonomy":"product_brand","embeddable":true,"href":"https:\/\/www.veneciacr.com\/index.php\/wp-json\/wp\/v2\/product_brand?post=4380"},{"taxonomy":"product_cat","embeddable":true,"href":"https:\/\/www.veneciacr.com\/index.php\/wp-json\/wp\/v2\/product_cat?post=4380"},{"taxonomy":"product_tag","embeddable":true,"href":"https:\/\/www.veneciacr.com\/index.php\/wp-json\/wp\/v2\/product_tag?post=4380"}],"curies":[{"name":"wp","href":"https:\/\/api.w.org\/{rel}","templated":true}]}}