{"id":4355,"date":"2026-04-21T04:38:26","date_gmt":"2026-04-21T10:38:26","guid":{"rendered":"http:\/\/34.83.78.142\/index.php\/product\/guante-latex-talla-m-domest-gu-lim-m-truper\/"},"modified":"2026-04-21T04:38:26","modified_gmt":"2026-04-21T10:38:26","slug":"guante-latex-talla-m-domest-gu-312-truper","status":"publish","type":"product","link":"https:\/\/www.veneciacr.com\/index.php\/producto\/guante-latex-talla-m-domest-gu-312-truper\/","title":{"rendered":"GUANTE LATEX TALLA M DOMEST GU-312 TRUPER"},"content":{"rendered":"<p>Fabricados de l\u00e1tex 100% natural con interior afelpado<br \/>\nBrindan efectiva protecci\u00f3n al contacto con diversos productos qu\u00edmicos<br \/>\nPu\u00f1o enrollado que brinda mayor resistencia al desgarre<br \/>\nPalma con dise\u00f1o antiderrapante<\/p>\n<p>ESPECIFICACIONES<br \/>\nTalla: M<br \/>\nColor: Naranja<br \/>\nEspesor: 0.35 mm<br \/>\nLargo: 295 mm<br \/>\nEmpaque individual: Bolsa<\/p>\n<p>Aplicaciones<br \/>\nPara limpieza general con detergentes, jabones y productos qu\u00edmicos ligeros<\/p>\n<p>CUIDADOS<br \/>\nTodo equipo de seguridad deber\u00e1 ser inspeccionado antes de utilizarse, para as\u00ed descartar alg\u00fan defecto de fabricaci\u00f3n<br \/>\nLave los guantes antes de quit\u00e1rselos, d\u00e9jelos secar evitando que reciban la luz solar y mant\u00e9ngalos alejados del calor. Evite el contacto con gasolina y grasas<\/p>\n<p>&nbsp;<\/p>\n","protected":false},"excerpt":{"rendered":"<p>Fabricados de l\u00e1tex 100% natural con interior afelpado Brindan efectiva protecci\u00f3n al contacto con diversos productos qu\u00edmicos Pu\u00f1o enrollado que<\/p>\n","protected":false},"featured_media":94889,"comment_status":"closed","ping_status":"open","template":"","meta":[],"product_brand":[],"product_cat":[23,88],"product_tag":[],"class_list":{"0":"post-4355","1":"product","2":"type-product","3":"status-publish","4":"has-post-thumbnail","6":"product_cat-herramientas","7":"product_cat-proteccion-y-seguridad","9":"first","10":"instock","11":"purchasable","12":"product-type-simple"},"jetpack_sharing_enabled":true,"_links":{"self":[{"href":"https:\/\/www.veneciacr.com\/index.php\/wp-json\/wp\/v2\/product\/4355","targetHints":{"allow":["GET"]}}],"collection":[{"href":"https:\/\/www.veneciacr.com\/index.php\/wp-json\/wp\/v2\/product"}],"about":[{"href":"https:\/\/www.veneciacr.com\/index.php\/wp-json\/wp\/v2\/types\/product"}],"replies":[{"embeddable":true,"href":"https:\/\/www.veneciacr.com\/index.php\/wp-json\/wp\/v2\/comments?post=4355"}],"wp:featuredmedia":[{"embeddable":true,"href":"https:\/\/www.veneciacr.com\/index.php\/wp-json\/wp\/v2\/media\/94889"}],"wp:attachment":[{"href":"https:\/\/www.veneciacr.com\/index.php\/wp-json\/wp\/v2\/media?parent=4355"}],"wp:term":[{"taxonomy":"product_brand","embeddable":true,"href":"https:\/\/www.veneciacr.com\/index.php\/wp-json\/wp\/v2\/product_brand?post=4355"},{"taxonomy":"product_cat","embeddable":true,"href":"https:\/\/www.veneciacr.com\/index.php\/wp-json\/wp\/v2\/product_cat?post=4355"},{"taxonomy":"product_tag","embeddable":true,"href":"https:\/\/www.veneciacr.com\/index.php\/wp-json\/wp\/v2\/product_tag?post=4355"}],"curies":[{"name":"wp","href":"https:\/\/api.w.org\/{rel}","templated":true}]}}