{"id":4337,"date":"2026-04-21T04:38:35","date_gmt":"2026-04-21T10:38:35","guid":{"rendered":"http:\/\/34.83.78.142\/index.php\/product\/tapon-oidos-triple-barrera-ta-3b-truper\/"},"modified":"2026-04-21T04:38:37","modified_gmt":"2026-04-21T10:38:37","slug":"tapon-oidos-triple-barrera-ta-3b-truper","status":"publish","type":"product","link":"https:\/\/www.veneciacr.com\/index.php\/producto\/tapon-oidos-triple-barrera-ta-3b-truper\/","title":{"rendered":"TAPON OIDOS TRIPLE BARRERA TA-3B TRUPER"},"content":{"rendered":"<p>Fabricado con TPR<br \/>\nDise\u00f1o ergon\u00f3mico confortable<br \/>\nTermopl\u00e1stico suave<br \/>\nReusables<br \/>\nTriple barrera<br \/>\nLavable<br \/>\nCon cord\u00f3n<\/p>\n<p>NORMA<br \/>\nCumple la norma: EN 352-2<\/p>\n<p>ESPECIFICACIONES<br \/>\nReducci\u00f3n de ruido: 25 dB<br \/>\nPeso: 3.2 g<br \/>\nEmpaque individual: Tarjeta con bolsa<\/p>\n<p>Aplicaciones<br \/>\nIdeal para industria, construcci\u00f3n, carpinter\u00eda, herrer\u00eda, y mec\u00e1nica<br \/>\nIdeal para jornadas largas de trabajo<\/p>\n<p>CUIDADOS<br \/>\nLavar con agua y jab\u00f3n neutro<br \/>\nSecar a la sombra, sin contacto con fuentes de calor<br \/>\nNo utilice alcohol u otros solventes qu\u00edmicos<\/p>\n","protected":false},"excerpt":{"rendered":"<p>Fabricado con TPR Dise\u00f1o ergon\u00f3mico confortable Termopl\u00e1stico suave Reusables Triple barrera Lavable Con cord\u00f3n NORMA Cumple la norma: EN 352-2<\/p>\n","protected":false},"featured_media":76433,"comment_status":"closed","ping_status":"open","template":"","meta":[],"product_brand":[],"product_cat":[15],"product_tag":[],"class_list":{"0":"post-4337","1":"product","2":"type-product","3":"status-publish","4":"has-post-thumbnail","6":"product_cat-uncategorized","8":"first","9":"instock","10":"purchasable","11":"product-type-simple"},"jetpack_sharing_enabled":true,"_links":{"self":[{"href":"https:\/\/www.veneciacr.com\/index.php\/wp-json\/wp\/v2\/product\/4337","targetHints":{"allow":["GET"]}}],"collection":[{"href":"https:\/\/www.veneciacr.com\/index.php\/wp-json\/wp\/v2\/product"}],"about":[{"href":"https:\/\/www.veneciacr.com\/index.php\/wp-json\/wp\/v2\/types\/product"}],"replies":[{"embeddable":true,"href":"https:\/\/www.veneciacr.com\/index.php\/wp-json\/wp\/v2\/comments?post=4337"}],"wp:featuredmedia":[{"embeddable":true,"href":"https:\/\/www.veneciacr.com\/index.php\/wp-json\/wp\/v2\/media\/76433"}],"wp:attachment":[{"href":"https:\/\/www.veneciacr.com\/index.php\/wp-json\/wp\/v2\/media?parent=4337"}],"wp:term":[{"taxonomy":"product_brand","embeddable":true,"href":"https:\/\/www.veneciacr.com\/index.php\/wp-json\/wp\/v2\/product_brand?post=4337"},{"taxonomy":"product_cat","embeddable":true,"href":"https:\/\/www.veneciacr.com\/index.php\/wp-json\/wp\/v2\/product_cat?post=4337"},{"taxonomy":"product_tag","embeddable":true,"href":"https:\/\/www.veneciacr.com\/index.php\/wp-json\/wp\/v2\/product_tag?post=4337"}],"curies":[{"name":"wp","href":"https:\/\/api.w.org\/{rel}","templated":true}]}}