{"id":4182,"date":"2026-04-21T04:42:08","date_gmt":"2026-04-21T10:42:08","guid":{"rendered":"http:\/\/34.83.78.142\/index.php\/product\/pistola-gravedad-alta-7-5-cfm-302-goni\/"},"modified":"2026-04-21T04:42:09","modified_gmt":"2026-04-21T10:42:09","slug":"pistola-pintar-gravedad-1-5mm-alta-7-5-cfm-302-goni","status":"publish","type":"product","link":"https:\/\/www.veneciacr.com\/index.php\/producto\/pistola-pintar-gravedad-1-5mm-alta-7-5-cfm-302-goni\/","title":{"rendered":"PISTOLA PINTAR GRAVEDAD 1.5MM ALTA 7.5 CFM 302 GONI"},"content":{"rendered":"<p style=\"font-weight: 400;\">Pistola de gravedad convencional, que tiene la particularidad de poder aplicar el material en cualquier posici\u00f3n que se requiere debido a que se puede girar el vaso, \u00fanicamente se debe procurar siempre tener el vaso en posici\u00f3n vertical, para aprovechar al m\u00e1ximo la fuerza de gravedad. Se recomienda su uso para ebanistas, repintado automotriz.<\/p>\n<p style=\"font-weight: 400;\">\n<p style=\"font-weight: 400;\"><b><strong>Familia:\u00a0<\/strong><\/b>Productos para pintar<\/p>\n<p style=\"font-weight: 400;\"><b><strong>L\u00ednea:\u00a0<\/strong><\/b>Pistolas de gravedad convencionales<\/p>\n<p style=\"font-weight: 400;\"><b><strong>Consumo de aire:\u00a0<\/strong><\/b>7.5 C.F.M. (212.38 l\/min.)<\/p>\n<p style=\"font-weight: 400;\"><b><strong>Rango de presi\u00f3n de trabajo:\u00a0<\/strong><\/b>35 a\u00a045 PSI (2.4 a 3.1 kPa)<\/p>\n<p style=\"font-weight: 400;\"><b><strong>Presi\u00f3n \u00f3ptima de trabajo:\u00a0<\/strong><\/b>40 PSI (276 kPa)<\/p>\n<p style=\"font-weight: 400;\"><b><strong>Capacidad del vaso:\u00a0<\/strong><\/b>400 c.c.<\/p>\n<p style=\"font-weight: 400;\"><b><strong>Alimentaci\u00f3n de material:\u00a0<\/strong><\/b>Gravedad<\/p>\n<p style=\"font-weight: 400;\"><b><strong>Peso:\u00a0<\/strong><\/b>0.675 kg<\/p>\n<p style=\"font-weight: 400;\"><b><strong>Dimensiones:\u00a0<\/strong><\/b>190 x 130 x 60 mm.\u00a0(7.48 x 5.12 x 2.36 in)<\/p>\n<p style=\"font-weight: 400;\"><b><strong>Abanico:\u00a0<\/strong><\/b>25 cm<\/p>\n","protected":false},"excerpt":{"rendered":"<p>Pistola de gravedad convencional, que tiene la particularidad de poder aplicar el material en cualquier posici\u00f3n que se requiere debido<\/p>\n","protected":false},"featured_media":76324,"comment_status":"closed","ping_status":"open","template":"","meta":[],"product_brand":[],"product_cat":[15],"product_tag":[],"class_list":{"0":"post-4182","1":"product","2":"type-product","3":"status-publish","4":"has-post-thumbnail","6":"product_cat-uncategorized","8":"first","9":"instock","10":"purchasable","11":"product-type-simple"},"jetpack_sharing_enabled":true,"_links":{"self":[{"href":"https:\/\/www.veneciacr.com\/index.php\/wp-json\/wp\/v2\/product\/4182","targetHints":{"allow":["GET"]}}],"collection":[{"href":"https:\/\/www.veneciacr.com\/index.php\/wp-json\/wp\/v2\/product"}],"about":[{"href":"https:\/\/www.veneciacr.com\/index.php\/wp-json\/wp\/v2\/types\/product"}],"replies":[{"embeddable":true,"href":"https:\/\/www.veneciacr.com\/index.php\/wp-json\/wp\/v2\/comments?post=4182"}],"wp:featuredmedia":[{"embeddable":true,"href":"https:\/\/www.veneciacr.com\/index.php\/wp-json\/wp\/v2\/media\/76324"}],"wp:attachment":[{"href":"https:\/\/www.veneciacr.com\/index.php\/wp-json\/wp\/v2\/media?parent=4182"}],"wp:term":[{"taxonomy":"product_brand","embeddable":true,"href":"https:\/\/www.veneciacr.com\/index.php\/wp-json\/wp\/v2\/product_brand?post=4182"},{"taxonomy":"product_cat","embeddable":true,"href":"https:\/\/www.veneciacr.com\/index.php\/wp-json\/wp\/v2\/product_cat?post=4182"},{"taxonomy":"product_tag","embeddable":true,"href":"https:\/\/www.veneciacr.com\/index.php\/wp-json\/wp\/v2\/product_tag?post=4182"}],"curies":[{"name":"wp","href":"https:\/\/api.w.org\/{rel}","templated":true}]}}