{"id":4137,"date":"2026-04-21T04:42:45","date_gmt":"2026-04-21T10:42:45","guid":{"rendered":"http:\/\/34.83.78.142\/index.php\/product\/regulador-de-aire-c-manometro-1-4-npt-regu-1-4-truper\/"},"modified":"2026-04-21T04:42:46","modified_gmt":"2026-04-21T10:42:46","slug":"regulador-aire-con-manometro-1-4-npt-regu-1-4-truper","status":"publish","type":"product","link":"https:\/\/www.veneciacr.com\/index.php\/producto\/regulador-aire-con-manometro-1-4-npt-regu-1-4-truper\/","title":{"rendered":"REGULADOR AIRE CON MANOMETRO 1\/4&#8243; NPT REGU-1\/4 TRUPER"},"content":{"rendered":"<p>Cuerda 1\/4 NPT<br \/>\nPresi\u00f3n m\u00e1xima 160 PSI<br \/>\nPeso 125 g<br \/>\nEmpaque Caja<\/p>\n<p>CARACTER\u00cdSTICAS<br \/>\nCuerpo fabricado en zamac<br \/>\n3 Escalas de medici\u00f3n: kg\/cm\u00b2, kPa y PSI<\/p>\n<p>USOS<br \/>\nProporciona un fino control de aire para pistolas y herramientas de aire<\/p>\n","protected":false},"excerpt":{"rendered":"<p>Cuerda 1\/4 NPT Presi\u00f3n m\u00e1xima 160 PSI Peso 125 g Empaque Caja CARACTER\u00cdSTICAS Cuerpo fabricado en zamac 3 Escalas de<\/p>\n","protected":false},"featured_media":76295,"comment_status":"closed","ping_status":"open","template":"","meta":[],"product_brand":[],"product_cat":[15],"product_tag":[],"class_list":{"0":"post-4137","1":"product","2":"type-product","3":"status-publish","4":"has-post-thumbnail","6":"product_cat-uncategorized","8":"first","9":"instock","10":"purchasable","11":"product-type-simple"},"jetpack_sharing_enabled":true,"_links":{"self":[{"href":"https:\/\/www.veneciacr.com\/index.php\/wp-json\/wp\/v2\/product\/4137","targetHints":{"allow":["GET"]}}],"collection":[{"href":"https:\/\/www.veneciacr.com\/index.php\/wp-json\/wp\/v2\/product"}],"about":[{"href":"https:\/\/www.veneciacr.com\/index.php\/wp-json\/wp\/v2\/types\/product"}],"replies":[{"embeddable":true,"href":"https:\/\/www.veneciacr.com\/index.php\/wp-json\/wp\/v2\/comments?post=4137"}],"wp:featuredmedia":[{"embeddable":true,"href":"https:\/\/www.veneciacr.com\/index.php\/wp-json\/wp\/v2\/media\/76295"}],"wp:attachment":[{"href":"https:\/\/www.veneciacr.com\/index.php\/wp-json\/wp\/v2\/media?parent=4137"}],"wp:term":[{"taxonomy":"product_brand","embeddable":true,"href":"https:\/\/www.veneciacr.com\/index.php\/wp-json\/wp\/v2\/product_brand?post=4137"},{"taxonomy":"product_cat","embeddable":true,"href":"https:\/\/www.veneciacr.com\/index.php\/wp-json\/wp\/v2\/product_cat?post=4137"},{"taxonomy":"product_tag","embeddable":true,"href":"https:\/\/www.veneciacr.com\/index.php\/wp-json\/wp\/v2\/product_tag?post=4137"}],"curies":[{"name":"wp","href":"https:\/\/api.w.org\/{rel}","templated":true}]}}