{"id":3574,"date":"2026-04-21T04:59:21","date_gmt":"2026-04-21T10:59:21","guid":{"rendered":"http:\/\/34.83.78.142\/index.php\/product\/grapas-9-16-1000pzs-et-50-9-16-truper\/"},"modified":"2026-04-21T04:59:23","modified_gmt":"2026-04-21T10:59:23","slug":"grapas-9-16-1000pzs-et-50-9-16-truper","status":"publish","type":"product","link":"https:\/\/www.veneciacr.com\/index.php\/producto\/grapas-9-16-1000pzs-et-50-9-16-truper\/","title":{"rendered":"GRAPAS 9\/16&#8243; 1000PZS ET-50-9\/16&#8243; TRUPER"},"content":{"rendered":"<p>Altura 9\/16&#8243; (14.2mm)<br \/>\nEspesor 0.6 mm<br \/>\nPara modelo ET-50<br \/>\nDureza 27 HRc<br \/>\nEmpaque Caja con 1000 pzas<\/p>\n<p>CARACTER\u00cdSTICAS<br \/>\nFabricadas en acero<\/p>\n<p>USOS<br \/>\nEn aplicaciones industriales tales como tapicer\u00eda, coj\u00edn de alfombras, cerrar cajas, forros, techos y trabajos livianos de exhibici\u00f3n<\/p>\n","protected":false},"excerpt":{"rendered":"<p>Altura 9\/16&#8243; (14.2mm) Espesor 0.6 mm Para modelo ET-50 Dureza 27 HRc Empaque Caja con 1000 pzas CARACTER\u00cdSTICAS Fabricadas en<\/p>\n","protected":false},"featured_media":96295,"comment_status":"closed","ping_status":"open","template":"","meta":[],"product_brand":[],"product_cat":[98,19],"product_tag":[],"class_list":{"0":"post-3574","1":"product","2":"type-product","3":"status-publish","4":"has-post-thumbnail","6":"product_cat-clavos-y-grapas","7":"product_cat-ferreteria","9":"first","10":"instock","11":"purchasable","12":"product-type-simple"},"jetpack_sharing_enabled":true,"_links":{"self":[{"href":"https:\/\/www.veneciacr.com\/index.php\/wp-json\/wp\/v2\/product\/3574","targetHints":{"allow":["GET"]}}],"collection":[{"href":"https:\/\/www.veneciacr.com\/index.php\/wp-json\/wp\/v2\/product"}],"about":[{"href":"https:\/\/www.veneciacr.com\/index.php\/wp-json\/wp\/v2\/types\/product"}],"replies":[{"embeddable":true,"href":"https:\/\/www.veneciacr.com\/index.php\/wp-json\/wp\/v2\/comments?post=3574"}],"wp:featuredmedia":[{"embeddable":true,"href":"https:\/\/www.veneciacr.com\/index.php\/wp-json\/wp\/v2\/media\/96295"}],"wp:attachment":[{"href":"https:\/\/www.veneciacr.com\/index.php\/wp-json\/wp\/v2\/media?parent=3574"}],"wp:term":[{"taxonomy":"product_brand","embeddable":true,"href":"https:\/\/www.veneciacr.com\/index.php\/wp-json\/wp\/v2\/product_brand?post=3574"},{"taxonomy":"product_cat","embeddable":true,"href":"https:\/\/www.veneciacr.com\/index.php\/wp-json\/wp\/v2\/product_cat?post=3574"},{"taxonomy":"product_tag","embeddable":true,"href":"https:\/\/www.veneciacr.com\/index.php\/wp-json\/wp\/v2\/product_tag?post=3574"}],"curies":[{"name":"wp","href":"https:\/\/api.w.org\/{rel}","templated":true}]}}