{"id":2057,"date":"2026-05-17T02:12:00","date_gmt":"2026-05-17T08:12:00","guid":{"rendered":"http:\/\/34.83.78.142\/index.php\/product\/super-bonder-20grs-495-270821-loctite\/"},"modified":"2026-05-17T02:12:00","modified_gmt":"2026-05-17T08:12:00","slug":"super-bonder-20grs-495-loctite","status":"publish","type":"product","link":"https:\/\/www.veneciacr.com\/index.php\/producto\/super-bonder-20grs-495-loctite\/","title":{"rendered":"SUPER BONDER 20GRS 495 LOCTITE"},"content":{"rendered":"<div class=\"product__features\">Adhesivo instant\u00e1neo de uso general, baja viscosidad. Ofrece adhesi\u00f3n r\u00e1pida en una amplia variedad de materiales.<\/div>\n<div class=\"product__descriptionText\" data-original-html=\"LOCTITE\u00ae 495 es un adhesivo instant\u00e1neo transparente, incoloro, de baja viscosidad, en base etilo de curado r\u00e1pido (tiempo de fijaci\u00f3n de 5 a 20 segundos). Es capaz de unir una amplia gama de materiales, incluyendo pl\u00e1sticos, hules y metales. Tambi\u00e9n adhiere poliolefinas en combinaci\u00f3n con la imprimaci\u00f3n LOCTITE\u00ae SF 770 .\">LOCTITE\u00ae 495 es un adhesivo instant\u00e1neo transparente, incoloro, de baja viscosidad, en base etilo de curado r\u00e1pido (tiempo de fijaci\u00f3n de 5 a 20 segundos). Es capaz de unir una amplia gama de materiales, incluyendo pl\u00e1sticos, hules y metales. Tambi\u00e9n adhiere poliolefinas en combinaci\u00f3n con la imprimaci\u00f3n LOCTITE\u00ae SF 770 .<\/div>\n<div class=\"product__benefitsList\">\n<ul>\n<li>Uso general<\/li>\n<li>Baja viscosidad<\/li>\n<li>10 a 20 segundos tiempo de fijaci\u00f3n<\/li>\n<li>Incoloro y transparente<\/li>\n<\/ul>\n<\/div>\n","protected":false},"excerpt":{"rendered":"<p>Adhesivo instant\u00e1neo de uso general, baja viscosidad. Ofrece adhesi\u00f3n r\u00e1pida en una amplia variedad de materiales. LOCTITE\u00ae 495 es un<\/p>\n","protected":false},"featured_media":75149,"comment_status":"closed","ping_status":"open","template":"","meta":[],"product_brand":[],"product_cat":[15],"product_tag":[],"class_list":{"0":"post-2057","1":"product","2":"type-product","3":"status-publish","4":"has-post-thumbnail","6":"product_cat-uncategorized","8":"first","9":"instock","10":"purchasable","11":"product-type-simple"},"jetpack_sharing_enabled":true,"_links":{"self":[{"href":"https:\/\/www.veneciacr.com\/index.php\/wp-json\/wp\/v2\/product\/2057","targetHints":{"allow":["GET"]}}],"collection":[{"href":"https:\/\/www.veneciacr.com\/index.php\/wp-json\/wp\/v2\/product"}],"about":[{"href":"https:\/\/www.veneciacr.com\/index.php\/wp-json\/wp\/v2\/types\/product"}],"replies":[{"embeddable":true,"href":"https:\/\/www.veneciacr.com\/index.php\/wp-json\/wp\/v2\/comments?post=2057"}],"wp:featuredmedia":[{"embeddable":true,"href":"https:\/\/www.veneciacr.com\/index.php\/wp-json\/wp\/v2\/media\/75149"}],"wp:attachment":[{"href":"https:\/\/www.veneciacr.com\/index.php\/wp-json\/wp\/v2\/media?parent=2057"}],"wp:term":[{"taxonomy":"product_brand","embeddable":true,"href":"https:\/\/www.veneciacr.com\/index.php\/wp-json\/wp\/v2\/product_brand?post=2057"},{"taxonomy":"product_cat","embeddable":true,"href":"https:\/\/www.veneciacr.com\/index.php\/wp-json\/wp\/v2\/product_cat?post=2057"},{"taxonomy":"product_tag","embeddable":true,"href":"https:\/\/www.veneciacr.com\/index.php\/wp-json\/wp\/v2\/product_tag?post=2057"}],"curies":[{"name":"wp","href":"https:\/\/api.w.org\/{rel}","templated":true}]}}