{"id":177,"date":"2026-05-10T02:11:30","date_gmt":"2026-05-10T08:11:30","guid":{"rendered":"http:\/\/34.83.78.142\/index.php\/product\/teflon-3-4-x-7m-ctf-3-4-truper\/"},"modified":"2026-05-10T02:11:31","modified_gmt":"2026-05-10T08:11:31","slug":"teflon-3-4-x-7m-ctf-3-4-truper","status":"publish","type":"product","link":"https:\/\/www.veneciacr.com\/index.php\/producto\/teflon-3-4-x-7m-ctf-3-4-truper\/","title":{"rendered":"TEFLON 3\/4&#8243; X 7M CTF-3\/4 TRUPER"},"content":{"rendered":"<p>De tefl\u00f3n<br \/>\nNo permite la generaci\u00f3n de hongos y bacterias<br \/>\nGran elasticidad<br \/>\nDe f\u00e1cil colocaci\u00f3n<br \/>\nIdeal para sellar roscas de cobre, lat\u00f3n, acero galvanizado, acero inoxidable, aluminio, PPR, CPVC, PVC, ABS y pl\u00e1sticos en general<\/p>\n<p>ESPECIFICACIONES<br \/>\nColor: Blanco<br \/>\nLargo x Ancho: 7 m x 3\/4&#8243;<br \/>\nEspesor: 0.075 mm<br \/>\nElongaci\u00f3n: 12 %<br \/>\nDensidad: 0.30 g\/cm\u00b3<br \/>\nResistencia a la tensi\u00f3n: 0.90 kg\/mm\u00b2<\/p>\n","protected":false},"excerpt":{"rendered":"<p>De tefl\u00f3n No permite la generaci\u00f3n de hongos y bacterias Gran elasticidad De f\u00e1cil colocaci\u00f3n Ideal para sellar roscas de<\/p>\n","protected":false},"featured_media":96927,"comment_status":"closed","ping_status":"open","template":"","meta":[],"product_brand":[],"product_cat":[15],"product_tag":[],"class_list":{"0":"post-177","1":"product","2":"type-product","3":"status-publish","4":"has-post-thumbnail","6":"product_cat-uncategorized","8":"first","9":"instock","10":"purchasable","11":"product-type-simple"},"jetpack_sharing_enabled":true,"_links":{"self":[{"href":"https:\/\/www.veneciacr.com\/index.php\/wp-json\/wp\/v2\/product\/177","targetHints":{"allow":["GET"]}}],"collection":[{"href":"https:\/\/www.veneciacr.com\/index.php\/wp-json\/wp\/v2\/product"}],"about":[{"href":"https:\/\/www.veneciacr.com\/index.php\/wp-json\/wp\/v2\/types\/product"}],"replies":[{"embeddable":true,"href":"https:\/\/www.veneciacr.com\/index.php\/wp-json\/wp\/v2\/comments?post=177"}],"wp:featuredmedia":[{"embeddable":true,"href":"https:\/\/www.veneciacr.com\/index.php\/wp-json\/wp\/v2\/media\/96927"}],"wp:attachment":[{"href":"https:\/\/www.veneciacr.com\/index.php\/wp-json\/wp\/v2\/media?parent=177"}],"wp:term":[{"taxonomy":"product_brand","embeddable":true,"href":"https:\/\/www.veneciacr.com\/index.php\/wp-json\/wp\/v2\/product_brand?post=177"},{"taxonomy":"product_cat","embeddable":true,"href":"https:\/\/www.veneciacr.com\/index.php\/wp-json\/wp\/v2\/product_cat?post=177"},{"taxonomy":"product_tag","embeddable":true,"href":"https:\/\/www.veneciacr.com\/index.php\/wp-json\/wp\/v2\/product_tag?post=177"}],"curies":[{"name":"wp","href":"https:\/\/api.w.org\/{rel}","templated":true}]}}