{"id":1410,"date":"2026-04-30T02:18:57","date_gmt":"2026-04-30T08:18:57","guid":{"rendered":"http:\/\/34.83.78.142\/index.php\/product\/gaza-sin-fin-inox-3-4-10-19mm-8206-3-4\/"},"modified":"2026-04-30T02:18:57","modified_gmt":"2026-04-30T08:18:57","slug":"gaza-sin-fin-inox-3-4-10-19mm-ab-06-truper","status":"publish","type":"product","link":"https:\/\/www.veneciacr.com\/index.php\/producto\/gaza-sin-fin-inox-3-4-10-19mm-ab-06-truper\/","title":{"rendered":"GAZA SIN FIN INOX 3\/4&#8243; 10-19MM AB-06 TRUPER"},"content":{"rendered":"<p>Fabricadas en acero inoxidable<br \/>\nTornillos hexagonales de acero con ranura para desarmador plano<br \/>\nCalidad automotriz<\/p>\n<p>ESPECIFICACIONES<br \/>\nN\u00famero: 6<br \/>\nDi\u00e1metro m\u00ednimo: 1\/2&#8243; (13 mm)<br \/>\nDi\u00e1metro m\u00e1ximo: 3\/4&#8243; (19 mm)<\/p>\n","protected":false},"excerpt":{"rendered":"<p>Fabricadas en acero inoxidable Tornillos hexagonales de acero con ranura para desarmador plano Calidad automotriz ESPECIFICACIONES N\u00famero: 6 Di\u00e1metro m\u00ednimo:<\/p>\n","protected":false},"featured_media":97053,"comment_status":"closed","ping_status":"open","template":"","meta":[],"product_brand":[],"product_cat":[15],"product_tag":[],"class_list":{"0":"post-1410","1":"product","2":"type-product","3":"status-publish","4":"has-post-thumbnail","6":"product_cat-uncategorized","8":"first","9":"instock","10":"purchasable","11":"product-type-simple"},"jetpack_sharing_enabled":true,"_links":{"self":[{"href":"https:\/\/www.veneciacr.com\/index.php\/wp-json\/wp\/v2\/product\/1410","targetHints":{"allow":["GET"]}}],"collection":[{"href":"https:\/\/www.veneciacr.com\/index.php\/wp-json\/wp\/v2\/product"}],"about":[{"href":"https:\/\/www.veneciacr.com\/index.php\/wp-json\/wp\/v2\/types\/product"}],"replies":[{"embeddable":true,"href":"https:\/\/www.veneciacr.com\/index.php\/wp-json\/wp\/v2\/comments?post=1410"}],"wp:featuredmedia":[{"embeddable":true,"href":"https:\/\/www.veneciacr.com\/index.php\/wp-json\/wp\/v2\/media\/97053"}],"wp:attachment":[{"href":"https:\/\/www.veneciacr.com\/index.php\/wp-json\/wp\/v2\/media?parent=1410"}],"wp:term":[{"taxonomy":"product_brand","embeddable":true,"href":"https:\/\/www.veneciacr.com\/index.php\/wp-json\/wp\/v2\/product_brand?post=1410"},{"taxonomy":"product_cat","embeddable":true,"href":"https:\/\/www.veneciacr.com\/index.php\/wp-json\/wp\/v2\/product_cat?post=1410"},{"taxonomy":"product_tag","embeddable":true,"href":"https:\/\/www.veneciacr.com\/index.php\/wp-json\/wp\/v2\/product_tag?post=1410"}],"curies":[{"name":"wp","href":"https:\/\/api.w.org\/{rel}","templated":true}]}}