{"id":101656,"date":"2026-05-06T01:02:03","date_gmt":"2026-05-06T07:02:03","guid":{"rendered":"https:\/\/www.veneciacr.com\/index.php\/producto\/lampara-solar-3w-con-sensor-mov-arb-821l-volteck\/"},"modified":"2026-05-06T01:02:03","modified_gmt":"2026-05-06T07:02:03","slug":"lampara-solar-3w-con-sensor-mov-arb-821l-volteck","status":"publish","type":"product","link":"https:\/\/www.veneciacr.com\/index.php\/producto\/lampara-solar-3w-con-sensor-mov-arb-821l-volteck\/","title":{"rendered":"LAMPARA SOLAR 3W CON SENSOR MOV ARB-821L VOLTECK"},"content":{"rendered":"<p>Cuerpo de ABS y cubierta de poliestireno<\/p>\n<p>Bot\u00f3n con 2 intensidades de luz<\/p>\n<p>Bater\u00eda ION LITIO, 2X m\u00e1s tiempo de vida y mayor velocidad de carga, cuenta con circuito de protecci\u00f3n contra sobrecargas<\/p>\n<p>Ideal para fachadas, cocheras, patios<\/p>\n<div class=\"col-6\">\n<div class=\"table-responsive tabla_border\">\n<table class=\"table table-bordered table_info_prod align-middle m-0\">\n<tbody>\n<tr id=\"tabla_especs\">\n<th class=\"tamanio_th_especs\" scope=\"row\">\n<p class=\"margen_tabla_especs\">Potencia (Panel solar)<\/p>\n<\/th>\n<td>\n<p class=\"margen_tabla_especs\">0.65 W<\/p>\n<\/td>\n<\/tr>\n<tr id=\"tabla_especs\">\n<th class=\"tamanio_th_especs\" scope=\"row\">\n<p class=\"margen_tabla_especs\">Corriente (Panel solar)<\/p>\n<\/th>\n<td>\n<p class=\"margen_tabla_especs\">120 mAh<\/p>\n<\/td>\n<\/tr>\n<tr id=\"tabla_especs\">\n<th class=\"tamanio_th_especs\" scope=\"row\">\n<p class=\"margen_tabla_especs\">Flujo luminoso<\/p>\n<\/th>\n<td>\n<p class=\"margen_tabla_especs\">290 lm<\/p>\n<\/td>\n<\/tr>\n<tr id=\"tabla_especs\">\n<th class=\"tamanio_th_especs\" scope=\"row\">\n<p class=\"margen_tabla_especs\">\u00c1ngulo de detecci\u00f3n<\/p>\n<\/th>\n<td>\n<p class=\"margen_tabla_especs\">130\u00ba<\/p>\n<\/td>\n<\/tr>\n<tr id=\"tabla_especs\">\n<th class=\"tamanio_th_especs\" scope=\"row\">\n<p class=\"margen_tabla_especs\">Bater\u00eda<\/p>\n<\/th>\n<td>\n<p class=\"margen_tabla_especs\">Ion litio de 3.7 V C.C. \/ 1,200 mAh (incluida)<\/p>\n<\/td>\n<\/tr>\n<tr id=\"tabla_especs\">\n<th class=\"tamanio_th_especs\" scope=\"row\">\n<p class=\"margen_tabla_especs\">Duraci\u00f3n de carga de la bater\u00eda (constante)<\/p>\n<\/th>\n<td>\n<p class=\"margen_tabla_especs\">8 h (modo bajo) \/ 2.5 h (modo alto)<\/p>\n<\/td>\n<\/tr>\n<tr id=\"tabla_especs\">\n<th class=\"tamanio_th_especs\" scope=\"row\">\n<p class=\"margen_tabla_especs\">Temperatura de color<\/p>\n<\/th>\n<td>\n<p class=\"margen_tabla_especs\">6,500 K \/ Luz de d\u00eda<\/p>\n<\/td>\n<\/tr>\n<tr id=\"tabla_especs\">\n<th class=\"tamanio_th_especs\" scope=\"row\">\n<p class=\"margen_tabla_especs\">Grado IP<\/p>\n<\/th>\n<td>\n<p class=\"margen_tabla_especs\">65<\/p>\n<\/td>\n<\/tr>\n<\/tbody>\n<\/table>\n<\/div>\n<\/div>\n<div class=\"col-6\">\n<div class=\"table-responsive tabla_border\">\n<table class=\"table table-bordered table_info_prod align-middle m-0\">\n<tbody>\n<tr id=\"tabla_especs\">\n<th class=\"tamanio_th_especs\" scope=\"row\">\n<p class=\"margen_tabla_especs\">Tensi\u00f3n (Panel solar)<\/p>\n<\/th>\n<td>\n<p class=\"margen_tabla_especs\">5.5 V C.C.<\/p>\n<\/td>\n<\/tr>\n<tr id=\"tabla_especs\">\n<th class=\"tamanio_th_especs\" scope=\"row\">\n<p class=\"margen_tabla_especs\">Potencia<\/p>\n<\/th>\n<td>\n<p class=\"margen_tabla_especs\">3 W<\/p>\n<\/td>\n<\/tr>\n<tr id=\"tabla_especs\">\n<th class=\"tamanio_th_especs\" scope=\"row\">\n<p class=\"margen_tabla_especs\">Alcance del sensor<\/p>\n<\/th>\n<td>\n<p class=\"margen_tabla_especs\">5 m<\/p>\n<\/td>\n<\/tr>\n<tr id=\"tabla_especs\">\n<th class=\"tamanio_th_especs\" scope=\"row\">\n<p class=\"margen_tabla_especs\">Tiempo activado<\/p>\n<\/th>\n<td>\n<p class=\"margen_tabla_especs\">14 segundos<\/p>\n<\/td>\n<\/tr>\n<tr id=\"tabla_especs\">\n<th class=\"tamanio_th_especs\" scope=\"row\">\n<p class=\"margen_tabla_especs\">Tiempo de carga<\/p>\n<\/th>\n<td>\n<p class=\"margen_tabla_especs\">12 h<\/p>\n<\/td>\n<\/tr>\n<tr id=\"tabla_especs\">\n<th class=\"tamanio_th_especs\" scope=\"row\">\n<p class=\"margen_tabla_especs\">\u00cdndice de reproducci\u00f3n cr\u00f3matica (IRC)<\/p>\n<\/th>\n<td>\n<p class=\"margen_tabla_especs\">80<\/p>\n<\/td>\n<\/tr>\n<tr id=\"tabla_especs\">\n<th class=\"tamanio_th_especs\" scope=\"row\">\n<p class=\"margen_tabla_especs\">Tiempo de vida<\/p>\n<\/th>\n<td>\n<p class=\"margen_tabla_especs\">20,000 horas \/ 20 a\u00f1os<\/p>\n<\/td>\n<\/tr>\n<tr id=\"tabla_especs\">\n<th class=\"tamanio_th_especs\" scope=\"row\">\n<p class=\"margen_tabla_especs\">Dimensiones (Largo x Alto x Fondo)<\/p>\n<\/th>\n<td>\n<p class=\"margen_tabla_especs\">14\u00a0cm x 10\u00a0cm x 5\u00a0cm<\/p>\n<\/td>\n<\/tr>\n<\/tbody>\n<\/table>\n<\/div>\n<\/div>\n","protected":false},"excerpt":{"rendered":"<p>Cuerpo de ABS y cubierta de poliestireno Bot\u00f3n con 2 intensidades de luz Bater\u00eda ION LITIO, 2X m\u00e1s tiempo de<\/p>\n","protected":false},"featured_media":101668,"comment_status":"closed","ping_status":"open","template":"","meta":[],"product_brand":[],"product_cat":[15],"product_tag":[],"class_list":{"0":"post-101656","1":"product","2":"type-product","3":"status-publish","4":"has-post-thumbnail","6":"product_cat-uncategorized","8":"first","9":"instock","10":"purchasable","11":"product-type-simple"},"jetpack_sharing_enabled":true,"_links":{"self":[{"href":"https:\/\/www.veneciacr.com\/index.php\/wp-json\/wp\/v2\/product\/101656","targetHints":{"allow":["GET"]}}],"collection":[{"href":"https:\/\/www.veneciacr.com\/index.php\/wp-json\/wp\/v2\/product"}],"about":[{"href":"https:\/\/www.veneciacr.com\/index.php\/wp-json\/wp\/v2\/types\/product"}],"replies":[{"embeddable":true,"href":"https:\/\/www.veneciacr.com\/index.php\/wp-json\/wp\/v2\/comments?post=101656"}],"wp:featuredmedia":[{"embeddable":true,"href":"https:\/\/www.veneciacr.com\/index.php\/wp-json\/wp\/v2\/media\/101668"}],"wp:attachment":[{"href":"https:\/\/www.veneciacr.com\/index.php\/wp-json\/wp\/v2\/media?parent=101656"}],"wp:term":[{"taxonomy":"product_brand","embeddable":true,"href":"https:\/\/www.veneciacr.com\/index.php\/wp-json\/wp\/v2\/product_brand?post=101656"},{"taxonomy":"product_cat","embeddable":true,"href":"https:\/\/www.veneciacr.com\/index.php\/wp-json\/wp\/v2\/product_cat?post=101656"},{"taxonomy":"product_tag","embeddable":true,"href":"https:\/\/www.veneciacr.com\/index.php\/wp-json\/wp\/v2\/product_tag?post=101656"}],"curies":[{"name":"wp","href":"https:\/\/api.w.org\/{rel}","templated":true}]}}