{"id":101019,"date":"2026-04-29T01:54:37","date_gmt":"2026-04-29T07:54:37","guid":{"rendered":"https:\/\/www.veneciacr.com\/index.php\/producto\/burra-6-ton-thjs0601-total\/"},"modified":"2026-04-29T01:54:38","modified_gmt":"2026-04-29T07:54:38","slug":"burra-6-ton-thjs0605-total","status":"publish","type":"product","link":"https:\/\/www.veneciacr.com\/index.php\/producto\/burra-6-ton-thjs0605-total\/","title":{"rendered":"BURRA 6 TON THJS0605 TOTAL"},"content":{"rendered":"<ul>\n<li>Altura m\u00ednima: 382 mm.<\/li>\n<li>Altura m\u00e1xima: 600 mm.<\/li>\n<li>Capacidad de carga m\u00e1xima de 6 toneladas.<\/li>\n<li>Cuenta con una palanca de bloqueo que ayuda a asegurar las columnas de soporte.<\/li>\n<\/ul>\n","protected":false},"excerpt":{"rendered":"<p>Altura m\u00ednima: 382 mm. Altura m\u00e1xima: 600 mm. Capacidad de carga m\u00e1xima de 6 toneladas. Cuenta con una palanca de<\/p>\n","protected":false},"featured_media":101020,"comment_status":"closed","ping_status":"open","template":"","meta":[],"product_brand":[],"product_cat":[15],"product_tag":[],"class_list":{"0":"post-101019","1":"product","2":"type-product","3":"status-publish","4":"has-post-thumbnail","6":"product_cat-uncategorized","8":"first","9":"instock","10":"purchasable","11":"product-type-simple"},"jetpack_sharing_enabled":true,"_links":{"self":[{"href":"https:\/\/www.veneciacr.com\/index.php\/wp-json\/wp\/v2\/product\/101019","targetHints":{"allow":["GET"]}}],"collection":[{"href":"https:\/\/www.veneciacr.com\/index.php\/wp-json\/wp\/v2\/product"}],"about":[{"href":"https:\/\/www.veneciacr.com\/index.php\/wp-json\/wp\/v2\/types\/product"}],"replies":[{"embeddable":true,"href":"https:\/\/www.veneciacr.com\/index.php\/wp-json\/wp\/v2\/comments?post=101019"}],"wp:featuredmedia":[{"embeddable":true,"href":"https:\/\/www.veneciacr.com\/index.php\/wp-json\/wp\/v2\/media\/101020"}],"wp:attachment":[{"href":"https:\/\/www.veneciacr.com\/index.php\/wp-json\/wp\/v2\/media?parent=101019"}],"wp:term":[{"taxonomy":"product_brand","embeddable":true,"href":"https:\/\/www.veneciacr.com\/index.php\/wp-json\/wp\/v2\/product_brand?post=101019"},{"taxonomy":"product_cat","embeddable":true,"href":"https:\/\/www.veneciacr.com\/index.php\/wp-json\/wp\/v2\/product_cat?post=101019"},{"taxonomy":"product_tag","embeddable":true,"href":"https:\/\/www.veneciacr.com\/index.php\/wp-json\/wp\/v2\/product_tag?post=101019"}],"curies":[{"name":"wp","href":"https:\/\/api.w.org\/{rel}","templated":true}]}}