{"id":100909,"date":"2026-04-21T01:55:19","date_gmt":"2026-04-21T07:55:19","guid":{"rendered":"https:\/\/www.veneciacr.com\/index.php\/producto\/cinturon-faja-sacrolumbar-negro-xl-faja-xl-truper\/"},"modified":"2026-04-21T01:55:21","modified_gmt":"2026-04-21T07:55:21","slug":"cinturon-faja-sacrolumbar-negro-xl-faja-xl-truper","status":"publish","type":"product","link":"https:\/\/www.veneciacr.com\/index.php\/producto\/cinturon-faja-sacrolumbar-negro-xl-faja-xl-truper\/","title":{"rendered":"CINTURON FAJA SACROLUMBAR NEGRO XL FAJA-XL TRUPER"},"content":{"rendered":"<p>Fabricada de poli\u00e9ster, elastano, nylon y polietileno<br \/>\nBandas el\u00e1sticas y 4 varillas para soporte lumbar que brinda un mejor ajuste<br \/>\nCintur\u00f3n de soporte abdominal y cierre, con fijaci\u00f3n hook and loop<br \/>\nTirantes el\u00e1sticos ajustables<br \/>\nLaterales el\u00e1sticos exteriores<br \/>\nClips ajustables de suave deslizamiento<br \/>\nBandas el\u00e1sticas para mayor ajuste<\/p>\n<p>ESPECIFICACIONES<br \/>\nTalla: EG<br \/>\nPeso: 305 g<br \/>\nEmpaque individual: Bl\u00edster<\/p>\n<p>Aplicaciones<br \/>\nAyuda a disminuir y prevenir lesiones o molestias durante el proceso de cualquier trabajo f\u00edsico<br \/>\nReduce esfuerzo y tensi\u00f3n en la espalda<\/p>\n<p>CUIDADOS<br \/>\nLavar por separado a mano con agua fr\u00eda, y detergente, no utilizar blanqueador ni utilizar m\u00e1quina secadora, tender horizontalmente en la sombra, no llevar a la tintorer\u00eda y no planchar<\/p>\n","protected":false},"excerpt":{"rendered":"<p>Fabricada de poli\u00e9ster, elastano, nylon y polietileno Bandas el\u00e1sticas y 4 varillas para soporte lumbar que brinda un mejor ajuste<\/p>\n","protected":false},"featured_media":100910,"comment_status":"closed","ping_status":"open","template":"","meta":[],"product_brand":[],"product_cat":[15],"product_tag":[],"class_list":{"0":"post-100909","1":"product","2":"type-product","3":"status-publish","4":"has-post-thumbnail","6":"product_cat-uncategorized","8":"first","9":"instock","10":"purchasable","11":"product-type-simple"},"jetpack_sharing_enabled":true,"_links":{"self":[{"href":"https:\/\/www.veneciacr.com\/index.php\/wp-json\/wp\/v2\/product\/100909","targetHints":{"allow":["GET"]}}],"collection":[{"href":"https:\/\/www.veneciacr.com\/index.php\/wp-json\/wp\/v2\/product"}],"about":[{"href":"https:\/\/www.veneciacr.com\/index.php\/wp-json\/wp\/v2\/types\/product"}],"replies":[{"embeddable":true,"href":"https:\/\/www.veneciacr.com\/index.php\/wp-json\/wp\/v2\/comments?post=100909"}],"wp:featuredmedia":[{"embeddable":true,"href":"https:\/\/www.veneciacr.com\/index.php\/wp-json\/wp\/v2\/media\/100910"}],"wp:attachment":[{"href":"https:\/\/www.veneciacr.com\/index.php\/wp-json\/wp\/v2\/media?parent=100909"}],"wp:term":[{"taxonomy":"product_brand","embeddable":true,"href":"https:\/\/www.veneciacr.com\/index.php\/wp-json\/wp\/v2\/product_brand?post=100909"},{"taxonomy":"product_cat","embeddable":true,"href":"https:\/\/www.veneciacr.com\/index.php\/wp-json\/wp\/v2\/product_cat?post=100909"},{"taxonomy":"product_tag","embeddable":true,"href":"https:\/\/www.veneciacr.com\/index.php\/wp-json\/wp\/v2\/product_tag?post=100909"}],"curies":[{"name":"wp","href":"https:\/\/api.w.org\/{rel}","templated":true}]}}